-- Table structure for table `slPSxposts`
--

CREATE TABLE `slPSxposts` (
  `ID` bigint(20) UNSIGNED NOT NULL,
  `post_author` bigint(20) UNSIGNED NOT NULL DEFAULT '0',
  `post_date` datetime NOT NULL DEFAULT '0000-00-00 00:00:00',
  `post_date_gmt` datetime NOT NULL DEFAULT '0000-00-00 00:00:00',
  `post_content` longtext COLLATE utf8mb4_unicode_520_ci NOT NULL,
  `post_title` text COLLATE utf8mb4_unicode_520_ci NOT NULL,
  `post_excerpt` text COLLATE utf8mb4_unicode_520_ci NOT NULL,
  `post_status` varchar(20) COLLATE utf8mb4_unicode_520_ci NOT NULL DEFAULT 'publish',
  `comment_status` varchar(20) COLLATE utf8mb4_unicode_520_ci NOT NULL DEFAULT 'open',
  `ping_status` varchar(20) COLLATE utf8mb4_unicode_520_ci NOT NULL DEFAULT 'open',
  `post_password` varchar(255) COLLATE utf8mb4_unicode_520_ci NOT NULL DEFAULT '',
  `post_name` varchar(200) COLLATE utf8mb4_unicode_520_ci NOT NULL DEFAULT '',
  `to_ping` text COLLATE utf8mb4_unicode_520_ci NOT NULL,
  `pinged` text COLLATE utf8mb4_unicode_520_ci NOT NULL,
  `post_modified` datetime NOT NULL DEFAULT '0000-00-00 00:00:00',
  `post_modified_gmt` datetime NOT NULL DEFAULT '0000-00-00 00:00:00',
  `post_content_filtered` longtext COLLATE utf8mb4_unicode_520_ci NOT NULL,
  `post_parent` bigint(20) UNSIGNED NOT NULL DEFAULT '0',
  `guid` varchar(255) COLLATE utf8mb4_unicode_520_ci NOT NULL DEFAULT '',
  `menu_order` int(11) NOT NULL DEFAULT '0',
  `post_type` varchar(20) COLLATE utf8mb4_unicode_520_ci NOT NULL DEFAULT 'post',
  `post_mime_type` varchar(100) COLLATE utf8mb4_unicode_520_ci NOT NULL DEFAULT '',
  `comment_count` bigint(20) NOT NULL DEFAULT '0'
) ENGINE=InnoDB DEFAULT CHARSET=utf8mb4 COLLATE=utf8mb4_unicode_520_ci;

--
-- Dumping data for table `slPSxposts`
--

INSERT INTO `slPSxposts` (`ID`, `post_author`, `post_date`, `post_date_gmt`, `post_content`, `post_title`, `post_excerpt`, `post_status`, `comment_status`, `ping_status`, `post_password`, `post_name`, `to_ping`, `pinged`, `post_modified`, `post_modified_gmt`, `post_content_filtered`, `post_parent`, `guid`, `menu_order`, `post_type`, `post_mime_type`, `comment_count`) VALUES
(1, 1, '2021-02-07 16:05:52', '2021-02-07 21:05:52', '<!-- wp:paragraph -->\n<p>Welcome to WordPress. This is your first post. Edit or delete it, then start writing!</p>\n<!-- /wp:paragraph -->', 'Hello world!', '', 'draft', 'open', 'open', '', 'hello-world', '', '', '2021-04-05 22:01:46', '2021-04-06 02:01:46', '', 0, 'http://dupontderby.com/?p=1', 0, 'post', '', 1),
(2, 1, '2021-02-07 16:05:52', '2021-02-07 16:05:52', '<p>Dupont Derby offers riding instruction in a no-pressure, structured environment on our wonderful and seasoned school horses or your own horse. We teach students of all levels, from age 5 to adult. Our knowledgeable and experienced staff starts beginners, trains from the beginner to the competition-minded, and will work with everyone in between.</p>\n<p>Our mission at Dupont Derby is to set goals and achieve them, whether you are at the very beginner level or if you have moved into more advanced levels of horsemanship.  We want to help you achieve that you are trying to, so talk to us about it!  </p>\n<p>Dupont Derby’s approach focuses on encouraging the spirit of positive attitude, good sportsmanship, confidence and individuality.  We combine riding lessons with fun and educational activities that will keep you engaged while teaching safe horsemanship, respect and appreciation of horses and what they represent.</p>\n<h2>Basic Horsemanship - No riding </h2>\n<p>Our Basic Horsemanship class is the very first thing any aspiring horseman should learn. Before you slide up into the saddle, take the time to get to know horse basics. Soak in knowledge like reading a horse\'s body language, catching and haltering, hand-walking a horse, getting to know brushes and tools, and learning how to tack up and untack a horse.</p>\n<p>This is typically a one hour class is a requirement for any beginner who wants to move into riding lessons. This class is groundwork only, no riding.</p>\n<h2>Beginning Lessons</h2>\n<p>Our Beginner students do not need any prior riding experience, and our goal is for all riders to begin to learn to ride independently through practice, strengthening muscles, and proper technique. Along with riding, Dupont Derby Students will learn grooming and horse care skills alongside their trainers.</p>\n<p>Dupont Derby’s trainers want to make learning fun by creating mounted and unmounted games in their classes that make learning to ride fun! Students, once they are comfortable, will also have the opportunity to attend local horse shows, in the Leadline divisions once shows start happening again.</p>\n<h2>Intermediate Lessons</h2>\n<p>Intermediate Riders should be able to be independent at the walk and trot. They should also be able to groom and tack up their horses properly without adjustment from their instructors. Riders with strong enough skills at walk and trot can learn to canter. Intermediate riders continue to hone their skills and proper technique, and they’ll learn more about horse care and management.</p>\n<p>Dupont Derby lessons for intermediate riders are filled with mounted and unmounted lessons, activities. Intermediate riders may also have the opportunities to work toward attending local horse shows in Leadline and Walk-Trot divisions, once shows start happening again.</p>\n<h2>Advanced Intermediate Lessons</h2>\n<p>Our Advanced Intermediate lessons are designed for riders with more experience. Advanced Intermediate riders work toward mastering the canter and are introduced to different types of horse events like barrels for Western riders or jumping for English riders, along with more detailed horse care and management.</p>\n<p>Dupont Derby lessons will focus on fine-tuning riding techniques, strengthening the body with skill-building lessons, both mounted and unmounted lessons and activities that add fun to all the hard work! Advanced Intermediate riders who are interested in showing can work toward attending local horse shows in the Walk-Trot-Canter divisions, once shows start happening again.</p>\n<h2>Personal Coaching</h2>\n<p>Dupont Derby’s Coaching sessions are for those interested in becoming part of the show circuit. Whether it is learning how to effectively navigate barrels to start going to more than just play day shows or if you are skilled at jumping and wish to move to doing more than just a schooling show.</p>\n<p>These riders have reached a point where they need to gain in-depth knowledge about riding techniques, detailed horse care, mounted and unmounted training exercises for their horse or pony, and more.</p>\n<p>This group of riders will learn more advanced flatwork, maneuvering techniques around barrels and/or poles and jumping skills.  Their focus will be on working on pattern work as well as course patterns.  These riders will be able to attend local and away shows during the show season.</p>\n<p>Riders at this level must half lease, full lease, or own a horse or pony.</p>\n							<a href=\"http://dupontderby.com/wp-content/uploads/2021/02/Lily-6yrs-on-Lucy-Goosey2.jpg\" data-elementor-open-lightbox=\"yes\" data-elementor-lightbox-slideshow=\"all-c7d443e\" data-elementor-lightbox-title=\"Lily 6yrs on Lucy Goosey2\">\n														</a>\n							<a href=\"http://dupontderby.com/wp-content/uploads/2021/02/dreamer5.jpg\" data-elementor-open-lightbox=\"yes\" data-elementor-lightbox-slideshow=\"all-c7d443e\" data-elementor-lightbox-title=\"dreamer5\">\n														</a>\n							<a href=\"http://dupontderby.com/wp-content/uploads/2021/02/Lily-on-Rocky-scaled.jpg\" data-elementor-open-lightbox=\"yes\" data-elementor-lightbox-slideshow=\"all-c7d443e\" data-elementor-lightbox-title=\"Lily on Rocky\">\n														</a>\n							<a href=\"http://dupontderby.com/wp-content/uploads/2021/02/KatAnn-on-Rocky-Lily-on-Bellagio.jpg\" data-elementor-open-lightbox=\"yes\" data-elementor-lightbox-slideshow=\"all-c7d443e\" data-elementor-lightbox-title=\"KatAnn on Rocky - Lily on Bellagio\">\n														</a>\n							<a href=\"http://dupontderby.com/wp-content/uploads/2021/02/Lily-and-Julianne-on-Bellagio2-scaled.jpg\" data-elementor-open-lightbox=\"yes\" data-elementor-lightbox-slideshow=\"all-c7d443e\" data-elementor-lightbox-title=\"Lily and Julianne on Bellagio2\">\n														</a>\n							<a href=\"http://dupontderby.com/wp-content/uploads/2021/02/Jasmine2.jpg\" data-elementor-open-lightbox=\"yes\" data-elementor-lightbox-slideshow=\"all-c7d443e\" data-elementor-lightbox-title=\"Jasmine2\">\n														</a>\n							<a href=\"http://dupontderby.com/wp-content/uploads/2021/02/bellagio5.jpg\" data-elementor-open-lightbox=\"yes\" data-elementor-lightbox-slideshow=\"all-c7d443e\" data-elementor-lightbox-title=\"bellagio5\">\n														</a>\n							<a href=\"http://dupontderby.com/wp-content/uploads/2021/02/Bellagio-and-Lily-scaled.jpg\" data-elementor-open-lightbox=\"yes\" data-elementor-lightbox-slideshow=\"all-c7d443e\" data-elementor-lightbox-title=\"Bellagio and Lily\">\n														</a>', 'Lessons', '', 'publish', 'closed', 'open', '', 'riding-lessons', '', '', '2021-02-19 16:34:06', '2021-02-19 16:34:06', '', 0, 'http://dupontderby.com/?page_id=2', 0, 'page', '', 0),
(3, 1, '2021-02-07 16:05:52', '2021-02-07 16:05:52', '<p>Protecting your private information is our priority. This Statement of Privacy applies to www.dupontderby.com and Dupont Derby and governs data collection and usage. For the purposes of this Privacy Policy, unless otherwise noted, all references to Dupont Derby include www.dupontderby.com and Dupont Derby. The Dupont Derby website is a equine-related services site. By using the Dupont Derby website, you consent to the data practices described in this statement.</p>\n<h2>Collection of your Personal Information</h2>\n<p>In order to better provide you with products and services offered on our Site, Dupont Derby may collect personally identifiable information, such as your:</p>\n<p>First and Last Name<br />E-mail Address<br />Phone Number</p>\n<p>We do not collect any personal information about you unless you voluntarily provide it to us. However, you may be required to provide certain personal information to us when you elect to use certain products or services available on the Site. These may include: (a) registering for an account on our Site; (b) entering a sweepstakes or contest sponsored by us or one of our partners; (c) signing up for special offers from selected third parties; (d) sending us an email message; (e) submitting your credit card or other payment information when ordering and purchasing products and services on our Site. To wit, we will use your information for, but not limited to, communicating with you in relation to services and/or products you have requested from us. We also may gather additional personal or non-personal information in the future.</p>\n<h2>Use of your Personal Information</h2>\n<p>Dupont Derby collects and uses your personal information to operate its website(s) and deliver the services you have requested.</p>\n<p>Dupont Derby may also use your personally identifiable information to inform you of other products or services available from Dupont Derby and its affiliates.</p>\n<h2>Sharing Information with Third Parties</h2>\n<p>Dupont Derby does not sell, rent or lease its customer lists to third parties.</p>\n<p>Dupont Derby may share data with trusted partners to help perform statistical analysis, send you email or postal mail, provide customer support, or arrange for deliveries. All such third parties are prohibited from using your personal information except to provide these services to Dupont Derby, and they are required to maintain the confidentiality of your information.</p>\n<p>Dupont Derby may disclose your personal information, without notice, if required to do so by law or in the good faith belief that such action is necessary to: (a) conform to the edicts of the law or comply with legal process served on Dupont Derby or the site; (b) protect and defend the rights or property of Dupont Derby; and/or (c) act under exigent circumstances to protect the personal safety of users of Dupont Derby, or the public.</p>\n<h2>Automatically Collected Information</h2>\n<p>Information about your computer hardware and software may be automatically collected by Dupont Derby. This information can include: your IP address, browser type, domain names, access times and referring website addresses. This information is used for the operation of the service, to maintain quality of the service, and to provide general statistics regarding use of the Dupont Derby website.</p>\n<h2>Links</h2>\n<p>This website contains links to other sites. Please be aware that we are not responsible for the content or privacy practices of such other sites. We encourage our users to be aware when they leave our site and to read the privacy statements of any other site that collects personally identifiable information.</p>\n<h2>Security of your Personal Information</h2>\n<p>Dupont Derby secures your personal information from unauthorized access, use, or disclosure. Dupont Derby uses the following methods for this purpose:</p>\n<p>– SSL Protocol</p>\n<p>When personal information (such as a credit card number) is transmitted to other websites, it is protected through the use of encryption, such as the Secure Sockets Layer (SSL) protocol.</p>\n<p>We strive to take appropriate security measures to protect against unauthorized access to or alteration of your personal information. Unfortunately, no data transmission over the Internet or any wireless network can be guaranteed to be 100% secure. As a result, while we strive to protect your personal information, you acknowledge that: (a) there are security and privacy limitations inherent to the Internet which are beyond our control; and (b) security, integrity, and privacy of any and all information and data exchanged between you and us through this Site cannot be guaranteed.</p>\n<h2>Right to Deletion</h2>\n<p>Subject to certain exceptions set out below, on receipt of a verifiable request from you, we will:</p>\n<ul>\n<li>Delete your personal information from our records; and</li>\n<li>Direct any service providers to delete your personal information from their records.</li>\n</ul>\n<p>Please note that we may not be able to comply with requests to delete your personal information if it is necessary to:</p>\n<ul>\n<li>Complete the transaction for which the personal information was collected, fulfill the terms of a written warranty or product recall conducted in accordance with federal law, provide a good or service requested by you, or reasonably anticipated within the context of our ongoing business relationship with you, or otherwise perform a contract between you and us;</li>\n<li>Detect security incidents, protect against malicious, deceptive, fraudulent, or illegal activity; or prosecute those responsible for that activity;</li>\n<li>Debug to identify and repair errors that impair existing intended functionality;</li>\n<li>Exercise free speech, ensure the right of another consumer to exercise his or her right of free speech, or exercise another right provided for by law;</li>\n<li>Comply with the California Electronic Communications Privacy Act;</li>\n<li>Engage in public or peer-reviewed scientific, historical, or statistical research in the public interest that adheres to all other applicable ethics and privacy laws, when our deletion of the information is likely to render impossible or seriously impair the achievement of such research, provided we have obtained your informed consent;</li>\n<li>Enable solely internal uses that are reasonably aligned with your expectations based on your relationship with us;</li>\n<li>Comply with an existing legal obligation; or</li>\n<li>Otherwise use your personal information, internally, in a lawful manner that is compatible with the context in which you provided the information.</li>\n</ul>\n<h2>Children Under Thirteen</h2>\n<p>Dupont Derby does not knowingly collect personally identifiable information from children under the age of thirteen. If you are under the age of thirteen, you must ask your parent or guardian for permission to use this website.</p>\n<h2>E-mail Communications</h2>\n<p>From time to time, Dupont Derby may contact you via email for the purpose of providing announcements, promotional offers, alerts, confirmations, surveys, and/or other general communication.</p>\n<p>If you would like to stop receiving marketing or promotional communications via email from Dupont Derby, you may opt out of such communications by clicking on the UNSUBSCRIBE button..</p>\n<h2>External Data Storage Sites</h2>\n<p>We may store your data on servers provided by third party hosting vendors with whom we have contracted.</p>\n<h2>Changes to this Statement</h2>\n<p>Dupont Derby reserves the right to change this Privacy Policy from time to time. We will notify you about significant changes in the way we treat personal information by sending a notice to the primary email address specified in your account, by placing a prominent notice on our site, and/or by updating any privacy information on this page. Your continued use of the Site and/or Services available through this Site after such modifications will constitute your: (a) acknowledgment of the modified Privacy Policy; and (b) agreement to abide and be bound by that Policy.</p>\n<h2>Contact Information</h2>\n<p>Dupont Derby welcomes your questions or comments regarding this Statement of Privacy. If you believe that Dupont Derby has not adhered to this Statement, please contact Dupont Derby at:</p>\n<p>Dupont Derby<br />2727 CR 2134 <br />Caddo Mills, TX 75135</p>\n<p>Email Address:<br />Cheri@dupontderby.com</p>\n<p>Telephone number:<br />707-623-6959</p>\n<p><em>Effective as of February 01, 2021</em></p>\n<p> </p>', 'Privacy Policy', '', 'publish', 'closed', 'open', '', 'privacy-policy', '', '', '2021-02-22 19:23:05', '2021-02-22 19:23:05', '', 0, 'http://dupontderby.com/?page_id=3', 0, 'page', '', 0),
(6, 1, '2021-02-07 16:23:01', '2021-02-07 16:23:01', '<div id=\"sp-page\" class=\"spBgfullbottom sp-content-4\" style=\"background-color: rgb(255, 255, 255); background-image: linear-gradient(0deg, rgba(0, 0, 0, 0.4), rgba(0, 0, 0, 0.4)), url(\'http://dupontderby.com/wp-content/uploads/2021/02/sebastian-abbruzzese-328239-unsplash.jpg\'); font-family: Lato, sans-serif; font-weight: 400;\"><section id=\"sp-ks8a8s\" class=\"sp-el-section \" style=\"background-color: rgba(86, 68, 100, 0.75); width: 490px; max-width: 100%; padding: 10px; border-radius: 20px;\"><div id=\"sp-vw3kvy\" class=\"sp-el-row sm:sp-flex sp-justify-between sp-w-full  sp-m-auto\" style=\"padding: 0px; width: auto; max-width: 1000px;\"><div id=\"sp-ovbx1s\" class=\"sp-el-col sp-p-4  sp-w-full\" style=\"width: calc(100% - 0px); padding: 10px;\"><div id=\"sp-niijfv\" class=\"sp-spacer\" style=\"height: 12px;\"></div><h1 id=\"sp-ro5rjh\" class=\"sp-css-target\" style=\"font-size: 68px; font-family: Sacramento; color: rgb(255, 255, 255); text-align: center; padding: 10px; margin-top: 0px;\">Dupont Derby</h1><div id=\"sp-qkrns1\" class=\"sp-spacer\" style=\"height: 12px;\"></div><h2 id=\"sp-ev3a49\" class=\"sp-css-target\" style=\"font-size: 47px; font-family: Allura; color: rgb(204, 204, 204); text-align: center; padding: 10px; margin-top: 0px;\">coming soon...</h2></div></div></section></div>', 'Coming Soon', '', 'draft', 'closed', 'closed', '', 'coming-soon', '', '', '2021-02-26 00:08:44', '2021-02-26 00:08:44', '{\"no_conflict_mode\":true,\"no_index\":false,\"seo_title\":\"\",\"seo_description\":\"\",\"favicon\":\"\",\"social_thumbnail\":\"\",\"enable_recaptcha\":false,\"template_id\":1824,\"post_title\":\"Coming Soon\",\"post_name\":\"coming-soon\",\"post_status\":\"publish\",\"show_powered_by_link\":false,\"affiliate_url\":\"\",\"header_scripts\":\"\",\"body_scripts\":\"\",\"footer_scripts\":\"\",\"conversion_scripts\":\"\",\"disable_default_excluded_urls\":false,\"include_exclude_type\":\"0\",\"include_list\":\"\",\"exclude_list\":\"\",\"bypass_phrase\":\"iloverocky\",\"bypass_expires\":\"2\",\"bypass_cookie\":false,\"access_by_ip\":\"\",\"access_by_role\":[],\"redirect_login_page\":false,\"redirect_mode\":false,\"redirect_url\":\"\",\"domain_mapping_status\":false,\"domain_mapping\":\"\",\"domain_mapping_force_https\":false,\"exclude_list_404\":\"\",\"email_integration_id\":\"\",\"is_new\":false,\"page_type\":\"cs\",\"document\":{\"sections\":[{\"id\":\"ks8a8s\",\"type\":\"section\",\"rows\":[{\"id\":\"vw3kvy\",\"type\":\"row\",\"colType\":\"1-col\",\"cols\":[{\"id\":\"ovbx1s\",\"type\":\"col\",\"blocks\":[{\"id\":\"niijfv\",\"elType\":\"block\",\"type\":\"spacer\",\"settings\":{\"height\":12}},{\"id\":\"ro5rjh\",\"elType\":\"block\",\"type\":\"header\",\"settings\":{\"headerTxt\":\"Dupont Derby\",\"tag\":\"h1\",\"textColor\":\"#ffffff\",\"bgColor\":\"\",\"beforeIcon\":\"\",\"afterIcon\":\"\",\"marginTop\":\"0\",\"paddingTop\":\"\",\"paddingBottom\":\"\",\"paddingLeft\":\"\",\"paddingRight\":\"\",\"paddingSync\":true,\"borderRadius\":\"\",\"border\":\"\",\"borderStyle\":\"\",\"borderSize\":\"\",\"borderColor\":\"\",\"shadow\":\"\",\"textShadow\":\"\",\"font\":\"Sacramento\",\"fontVariant\":\"\",\"fontSize\":\"68\",\"fontSize_mobile\":\"\",\"lineHeight\":\"\",\"lineHeight_mobile\":\"\",\"letterSpacing\":\"\",\"letterSpacing_mobile\":\"\",\"typographyBold\":false,\"typographyItalic\":\"\",\"typographyUnderline\":\"\",\"align\":\"center\",\"typographyLetterCase\":\"\"}},{\"id\":\"qkrns1\",\"elType\":\"block\",\"type\":\"spacer\",\"settings\":{\"height\":12}},{\"id\":\"ev3a49\",\"elType\":\"block\",\"type\":\"header\",\"settings\":{\"headerTxt\":\"coming soon...\",\"tag\":\"h2\",\"textColor\":\"#cccccc\",\"bgColor\":\"\",\"beforeIcon\":\"\",\"afterIcon\":\"\",\"marginTop\":\"0\",\"paddingTop\":\"\",\"paddingBottom\":\"\",\"paddingLeft\":\"\",\"paddingRight\":\"\",\"paddingSync\":true,\"borderRadius\":\"\",\"border\":\"\",\"borderStyle\":\"\",\"borderSize\":\"\",\"borderColor\":\"\",\"shadow\":\"\",\"textShadow\":\"\",\"font\":\"Allura\",\"fontVariant\":\"\",\"fontSize\":47,\"fontSize_mobile\":\"\",\"lineHeight\":\"\",\"lineHeight_mobile\":\"\",\"letterSpacing\":\"\",\"letterSpacing_mobile\":\"\",\"typographyBold\":\"\",\"typographyItalic\":\"\",\"typographyUnderline\":\"\",\"align\":\"center\",\"typographyLetterCase\":\"\"}}],\"settings\":{\"bgStyle\":\"s\",\"bgGradient\":{\"type\":\"linear\",\"position\":\"center\",\"angle\":0,\"color1\":\"\",\"color1location\":0,\"color2\":\"\",\"color2location\":100},\"colWidth\":\"\",\"bgColor\":\"\",\"bgImage\":\"\",\"bgPosition\":\"\",\"marginTop\":\"\",\"shadow\":\"\",\"paddingTop\":\"\",\"paddingBottom\":\"\",\"paddingLeft\":\"\",\"paddingRight\":\"\",\"paddingSync\":true,\"borderRadiusTL\":\"\",\"borderRadiusTR\":\"\",\"borderRadiusBL\":\"\",\"borderRadiusBR\":\"\",\"borderRadiusSync\":true,\"borderTop\":\"0\",\"borderBottom\":\"0\",\"borderLeft\":\"0\",\"borderRight\":\"0\",\"borderSync\":true,\"borderStyle\":\"solid\"}}],\"settings\":{\"bgStyle\":\"s\",\"bgGradient\":{\"type\":\"linear\",\"position\":\"center\",\"angle\":0,\"color1\":\"\",\"color1location\":0,\"color2\":\"\",\"color2location\":100},\"colGutter\":0,\"width\":\"1000\",\"bgColor\":\"\",\"bgImage\":\"\",\"bgPosition\":\"\",\"marginTop\":\"\",\"shadow\":\"\",\"paddingTop\":\"0\",\"paddingBottom\":\"0\",\"paddingLeft\":\"0\",\"paddingRight\":\"0\",\"paddingSync\":true,\"borderRadiusTL\":\"\",\"borderRadiusTR\":\"\",\"borderRadiusBL\":\"\",\"borderRadiusBR\":\"\",\"borderRadiusSync\":true,\"borderTop\":\"0\",\"borderBottom\":\"0\",\"borderLeft\":\"0\",\"borderRight\":\"0\",\"borderSync\":true,\"borderStyle\":\"solid\"}}],\"settings\":{\"bgStyle\":\"s\",\"bgGradient\":{\"type\":\"linear\",\"position\":\"center\",\"angle\":0,\"color1\":\"\",\"color1location\":0,\"color2\":\"\",\"color2location\":100},\"contentWidth\":\"2\",\"width\":490,\"bgColor\":\"rgba(86, 68, 100, 0.75)\",\"bgImage\":\"\",\"bgPosition\":\"\",\"marginTop\":\"\",\"shadow\":\"\",\"paddingTop\":\"10\",\"paddingBottom\":\"10\",\"paddingLeft\":\"10\",\"paddingRight\":\"10\",\"paddingSync\":true,\"borderRadius\":\"\",\"borderTop\":\"0\",\"borderBottom\":\"0\",\"borderLeft\":\"0\",\"borderRight\":\"0\",\"borderSync\":true,\"borderStyle\":\"solid\",\"borderRadiusTL\":\"20\",\"borderRadiusTR\":\"\",\"borderRadiusBL\":\"\",\"borderRadiusBR\":\"\",\"borderRadiusSync\":true,\"borderColor\":\"\"}}],\"settings\":{\"bgStyle\":\"s\",\"bgGradient\":{\"type\":\"linear\",\"position\":\"center\",\"angle\":0,\"color1\":\"\",\"color1location\":0,\"color2\":\"\",\"color2location\":100},\"bgColor\":\"#FFFFFF\",\"bgImage\":\"http://dupontderby.com/wp-content/uploads/2021/02/sebastian-abbruzzese-328239-unsplash.jpg\",\"bgDimming\":40,\"bgOverlayColor\":\"\",\"bgPosition\":\"fullbottom\",\"buttonColor\":\"#442211\",\"headerColor\":\"#442211\",\"linkColor\":\"#442211\",\"linkDarkerColor\":\"#1b0e07\",\"textColor\":\"#442211\",\"textFont\":\"Lato\",\"textFontVariant\":\"400\",\"headerFont\":\"Kaushan Script\",\"headerFontVariant\":\"400\",\"contentPosition\":\"4\",\"customCss\":\"\",\"headCss\":\"#sp-page{color:#442211} #sp-page .sp-header-tag-h1,#sp-page .sp-header-tag-h2,#sp-page .sp-header-tag-h3,#sp-page .sp-header-tag-h4,#sp-page .sp-header-tag-h5,#sp-page .sp-header-tag-h6{color:#442211}#sp-page h1,#sp-page h2,#sp-page h3,#sp-page h4,#sp-page h5,#sp-page h6{color:#442211; font-family:\'Kaushan Script\';font-weight:400;font-style:normal} #sp-page a{color:#442211} #sp-page a:hover{color:#1b0e07}#sp-page .btn{background-color:#442211}body{background-color:#FFFFFF; background-image:linear-gradient(0deg, rgba(0,0,0,0.40), rgba(0,0,0,0.40)),url(\'http://dupontderby.com/wp-content/uploads/2021/02/sebastian-abbruzzese-328239-unsplash.jpg\');}\",\"mobileCss\":\"\",\"placeholderCss\":\"\",\"useVideoBg\":false,\"useVideoBgUrl\":\"\",\"useSlideshowBg\":false,\"useSlideshowImgs\":[\"\"]}}}', 0, 'http://dupontderby.com/?post_type=seedprod&#038;p=6', 0, 'seedprod', '', 0),
(8, 1, '2021-02-07 16:19:26', '2021-02-07 16:19:26', '', 'Default Kit', '', 'publish', 'closed', 'closed', '', 'default-kit', '', '', '2021-02-25 21:21:01', '2021-02-25 21:21:01', '', 0, 'http://dupontderby.com/?elementor_library=default-kit', 0, 'elementor_library', '', 0),
(18, 1, '2021-02-08 18:10:22', '2021-02-08 18:10:22', '<p>Dupont Derby is a small farm located in Caddo Mills Texas.  Located on 3 acres of lovely farmland surrounded by cows grassland.  We are thorough, passionate and knowledgeable trainers and maintain a down to earth atmosphere.  Our staff has more than 30 years of experience and expertise.  </p><p>We understand that being truly knowledgeable about  appropriate care and training is essential to producing top quality performance horses  regardless of discipline.  We make sure that knowledge is shared with riders and owners in a supportive and easy  manner so that they can take it with them wherever they go.   </p><p>Dupont Derby offers riding instruction in a no-pressure, structured environment on our wonderful and seasoned school horses or your own horse. We teach students of all levels, from age 5 to adult. Our knowledgeable and experienced staff starts beginners, trains the competition-minded, and will work with everyone in between. </p><p>Our goal is horsemanship education, good sportsmanship, knowledge of horse care of all types and social connections with others in competition and clinics. We create a program for our students that will help them realize their equestrian dreams, whether it\'s the Nationals or the trail.</p>		\n							<a href=\"https://dupontderby.com/wp-content/uploads/2021/02/Lily-on-Lucy-Goosey-1-scaled.jpg\" data-elementor-open-lightbox=\"yes\" data-elementor-lightbox-slideshow=\"all-ca645c2\" data-elementor-lightbox-title=\"Lily on Lucy Goosey\">\n														</a>\n							<a href=\"https://dupontderby.com/wp-content/uploads/2021/02/Lily-on-Rocky2-scaled.jpg\" data-elementor-open-lightbox=\"yes\" data-elementor-lightbox-slideshow=\"all-ca645c2\" data-elementor-lightbox-title=\"Lily on Rocky2\">\n														</a>\n							<a href=\"https://dupontderby.com/wp-content/uploads/2021/02/Lily-6yrs-on-Lucy-Goosey1.jpg\" data-elementor-open-lightbox=\"yes\" data-elementor-lightbox-slideshow=\"all-ca645c2\" data-elementor-lightbox-title=\"Lily 6yrs on Lucy Goosey1\">\n														</a>\n							<a href=\"https://dupontderby.com/wp-content/uploads/2021/02/Lily-and-Julianne-on-Bellagio2-scaled.jpg\" data-elementor-open-lightbox=\"yes\" data-elementor-lightbox-slideshow=\"all-ca645c2\" data-elementor-lightbox-title=\"Lily and Julianne on Bellagio2\">\n														</a>\n							<a href=\"https://dupontderby.com/wp-content/uploads/2021/02/Rocky-2019-2.jpg\" data-elementor-open-lightbox=\"yes\" data-elementor-lightbox-slideshow=\"all-ca645c2\" data-elementor-lightbox-title=\"Rocky 2019 2\">\n														</a>\n							<a href=\"https://dupontderby.com/wp-content/uploads/2021/02/Cheri-on-POA4.jpg\" data-elementor-open-lightbox=\"yes\" data-elementor-lightbox-slideshow=\"all-ca645c2\" data-elementor-lightbox-title=\"Cheri on POA4\">\n														</a>\n							<a href=\"https://dupontderby.com/wp-content/uploads/2021/02/Bellagio-and-Lily-scaled.jpg\" data-elementor-open-lightbox=\"yes\" data-elementor-lightbox-slideshow=\"all-ca645c2\" data-elementor-lightbox-title=\"Bellagio and Lily\">\n														</a>', 'About Dupont Derby', '', 'publish', 'closed', 'closed', '', 'dupont-derby-home', '', '', '2021-03-02 13:03:27', '2021-03-02 13:03:27', '', 0, 'http://dupontderby.com/?page_id=18', 0, 'page', '', 0),
(20, 1, '2021-02-08 18:15:39', '2021-02-08 18:15:39', '<p>Lorem ipsum dolor sit amet, consectetur adipiscing elit. Ut elit tellus, luctus nec ullamcorper mattis, pulvinar dapibus leo.</p>		\n					<a href=\"https://facebook.com/DupontDerby/\" target=\"_blank\" rel=\"noopener\">\n						Facebook\n											</a>', 'Global Header', '', 'publish', 'closed', 'closed', '', 'elementor-header-20', '', '', '2021-02-26 03:07:51', '2021-02-26 03:07:51', '', 0, 'http://dupontderby.com/?post_type=elementor_library&#038;p=20', 0, 'elementor_library', '', 0),
(24, 1, '2021-02-08 18:17:58', '2021-02-08 18:17:58', '', 'About Us', '', 'publish', 'closed', 'closed', '', '24', '', '', '2021-03-02 13:09:50', '2021-03-02 13:09:50', '', 0, 'http://dupontderby.com/?p=24', 1, 'nav_menu_item', '', 0),
(25, 1, '2021-02-08 18:17:58', '2021-02-08 18:17:58', ' ', '', '', 'publish', 'closed', 'closed', '', '25', '', '', '2021-03-02 13:09:50', '2021-03-02 13:09:50', '', 0, 'http://dupontderby.com/?p=25', 2, 'nav_menu_item', '', 0),
(27, 1, '2021-02-08 18:36:52', '2021-02-08 18:36:52', '<p>What the heck is a <strong>Heavenly Hellhat</strong>? It’s only the best thing for Western Riders who want safety and style on horseback!</p><p>It takes the English riding helmet and combines it with that of a Western Cowboy hat and makes it BETTER! English riders for years have used their helmets as a way to keep their heads safe in case of being thrown or tumbling from their horses\' backs. Their helmets go great with their riding gear and they look very polished and put together. Western riders on the other hand, have been told for YEARS that safety is secondary to style, and only recently have riding helmets been seen in the Western arena. </p><p>So the <strong>Heavenly Hellhat</strong> was created and we are excited to be officially launching our line shortly. While we cannot take credit for the original creation of a \"hellhat\", we are the creators of the most unique, beautiful and affordable Hellhats out there.</p><p>Each <strong>Heavenly Hellhat</strong> is hand crafted and unique; none will look exactly like another. Stay tuned for updates and ordering!</p>		\n									<a data-gallery-index=\"all\">All</a>\n									<a data-gallery-index=\"0\">Purple and Black</a>\n										<a data-gallery-index=\"1\">Sassy Pink</a>\n										<a data-gallery-index=\"2\">Blue Fringe Black</a>\n										<a data-gallery-index=\"3\">Baby Blue Hearts</a>\n										<a data-gallery-index=\"4\">Funny Chickens</a>\n							<a data-e-gallery-tags=\"1\" href=\"http://dupontderby.com/wp-content/uploads/2021/02/PinkSassy1-scaled.jpeg\" data-elementor-open-lightbox=\"yes\" data-elementor-lightbox-slideshow=\"all-4857ad1\" data-elementor-lightbox-title=\"PinkSassy1\">\n														</a>\n							<a data-e-gallery-tags=\"3\" href=\"http://dupontderby.com/wp-content/uploads/2021/02/BabyBlueHearts4-scaled.jpeg\" data-elementor-open-lightbox=\"yes\" data-elementor-lightbox-slideshow=\"all-4857ad1\" data-elementor-lightbox-title=\"BabyBlueHearts4\">\n														</a>\n							<a data-e-gallery-tags=\"4\" href=\"http://dupontderby.com/wp-content/uploads/2021/02/FunnyChickens2.jpeg\" data-elementor-open-lightbox=\"yes\" data-elementor-lightbox-slideshow=\"all-4857ad1\" data-elementor-lightbox-title=\"FunnyChickens2\">\n														</a>\n							<a data-e-gallery-tags=\"1\" href=\"http://dupontderby.com/wp-content/uploads/2021/02/PinkSassy5-scaled.jpeg\" data-elementor-open-lightbox=\"yes\" data-elementor-lightbox-slideshow=\"all-4857ad1\" data-elementor-lightbox-title=\"PinkSassy5\">\n														</a>\n							<a data-e-gallery-tags=\"2\" href=\"http://dupontderby.com/wp-content/uploads/2021/02/BlueFringenBlack5-scaled.jpeg\" data-elementor-open-lightbox=\"yes\" data-elementor-lightbox-slideshow=\"all-4857ad1\" data-elementor-lightbox-title=\"BlueFringenBlack5\">\n														</a>\n							<a data-e-gallery-tags=\"4\" href=\"http://dupontderby.com/wp-content/uploads/2021/02/FunnyChickens3-scaled.jpeg\" data-elementor-open-lightbox=\"yes\" data-elementor-lightbox-slideshow=\"all-4857ad1\" data-elementor-lightbox-title=\"FunnyChickens3\">\n														</a>\n							<a data-e-gallery-tags=\"0\" href=\"http://dupontderby.com/wp-content/uploads/2021/02/PurpleBlack3-scaled.jpeg\" data-elementor-open-lightbox=\"yes\" data-elementor-lightbox-slideshow=\"all-4857ad1\" data-elementor-lightbox-title=\"PurpleBlack3\">\n														</a>\n							<a data-e-gallery-tags=\"1\" href=\"http://dupontderby.com/wp-content/uploads/2021/02/PinkSassy3-scaled.jpeg\" data-elementor-open-lightbox=\"yes\" data-elementor-lightbox-slideshow=\"all-4857ad1\" data-elementor-lightbox-title=\"PinkSassy3\">\n														</a>\n							<a data-e-gallery-tags=\"1\" href=\"http://dupontderby.com/wp-content/uploads/2021/02/PinkSassy2-scaled.jpeg\" data-elementor-open-lightbox=\"yes\" data-elementor-lightbox-slideshow=\"all-4857ad1\" data-elementor-lightbox-title=\"PinkSassy2\">\n														</a>\n							<a data-e-gallery-tags=\"2\" href=\"http://dupontderby.com/wp-content/uploads/2021/02/BlueFringenBlack2-scaled.jpeg\" data-elementor-open-lightbox=\"yes\" data-elementor-lightbox-slideshow=\"all-4857ad1\" data-elementor-lightbox-title=\"BlueFringenBlack2\">\n														</a>\n							<a data-e-gallery-tags=\"3\" href=\"http://dupontderby.com/wp-content/uploads/2021/02/BabyBlueHearts3-scaled.jpeg\" data-elementor-open-lightbox=\"yes\" data-elementor-lightbox-slideshow=\"all-4857ad1\" data-elementor-lightbox-title=\"BabyBlueHearts3\">\n														</a>\n							<a data-e-gallery-tags=\"2\" href=\"http://dupontderby.com/wp-content/uploads/2021/02/BlueFringenBlack3-scaled.jpeg\" data-elementor-open-lightbox=\"yes\" data-elementor-lightbox-slideshow=\"all-4857ad1\" data-elementor-lightbox-title=\"BlueFringenBlack3\">\n														</a>\n							<a data-e-gallery-tags=\"4\" href=\"http://dupontderby.com/wp-content/uploads/2021/02/FunnyChickens1.jpeg\" data-elementor-open-lightbox=\"yes\" data-elementor-lightbox-slideshow=\"all-4857ad1\" data-elementor-lightbox-title=\"FunnyChickens1\">\n														</a>\n							<a data-e-gallery-tags=\"0\" href=\"http://dupontderby.com/wp-content/uploads/2021/02/PurpleBlack2-scaled.jpeg\" data-elementor-open-lightbox=\"yes\" data-elementor-lightbox-slideshow=\"all-4857ad1\" data-elementor-lightbox-title=\"PurpleBlack2\">\n														</a>\n							<a data-e-gallery-tags=\"3\" href=\"http://dupontderby.com/wp-content/uploads/2021/02/BabyBlueHearts2-scaled.jpeg\" data-elementor-open-lightbox=\"yes\" data-elementor-lightbox-slideshow=\"all-4857ad1\" data-elementor-lightbox-title=\"BabyBlueHearts2\">\n														</a>\n							<a data-e-gallery-tags=\"0\" href=\"http://dupontderby.com/wp-content/uploads/2021/02/PurpleBlack4-scaled.jpeg\" data-elementor-open-lightbox=\"yes\" data-elementor-lightbox-slideshow=\"all-4857ad1\" data-elementor-lightbox-title=\"PurpleBlack4\">\n														</a>\n							<a data-e-gallery-tags=\"0\" href=\"http://dupontderby.com/wp-content/uploads/2021/02/PurpleBlack-scaled.jpeg\" data-elementor-open-lightbox=\"yes\" data-elementor-lightbox-slideshow=\"all-4857ad1\" data-elementor-lightbox-title=\"PurpleBlack\">\n														</a>\n							<a data-e-gallery-tags=\"0\" href=\"http://dupontderby.com/wp-content/uploads/2021/02/PurpleBlack1-scaled.jpeg\" data-elementor-open-lightbox=\"yes\" data-elementor-lightbox-slideshow=\"all-4857ad1\" data-elementor-lightbox-title=\"PurpleBlack1\">\n														</a>\n							<a data-e-gallery-tags=\"2\" href=\"http://dupontderby.com/wp-content/uploads/2021/02/BlueFringenBlack4-scaled.jpeg\" data-elementor-open-lightbox=\"yes\" data-elementor-lightbox-slideshow=\"all-4857ad1\" data-elementor-lightbox-title=\"BlueFringenBlack4\">\n														</a>\n							<a data-e-gallery-tags=\"3\" href=\"http://dupontderby.com/wp-content/uploads/2021/02/BabyBlueHearts1-scaled.jpeg\" data-elementor-open-lightbox=\"yes\" data-elementor-lightbox-slideshow=\"all-4857ad1\" data-elementor-lightbox-title=\"BabyBlueHearts1\">\n														</a>\n							<a data-e-gallery-tags=\"2\" href=\"http://dupontderby.com/wp-content/uploads/2021/02/BlueFringenBlack1-scaled.jpeg\" data-elementor-open-lightbox=\"yes\" data-elementor-lightbox-slideshow=\"all-4857ad1\" data-elementor-lightbox-title=\"BlueFringenBlack1\">\n														</a>\n							<a data-e-gallery-tags=\"3\" href=\"http://dupontderby.com/wp-content/uploads/2021/02/BabyBlueHearts5-scaled.jpeg\" data-elementor-open-lightbox=\"yes\" data-elementor-lightbox-slideshow=\"all-4857ad1\" data-elementor-lightbox-title=\"BabyBlueHearts5\">\n														</a>\n							<a data-e-gallery-tags=\"1\" href=\"http://dupontderby.com/wp-content/uploads/2021/02/PinkSassy4-scaled.jpeg\" data-elementor-open-lightbox=\"yes\" data-elementor-lightbox-slideshow=\"all-4857ad1\" data-elementor-lightbox-title=\"PinkSassy4\">\n														</a>\n							<a data-e-gallery-tags=\"2\" href=\"http://dupontderby.com/wp-content/uploads/2021/02/BlueFringenBlack51-scaled.jpeg\" data-elementor-open-lightbox=\"yes\" data-elementor-lightbox-slideshow=\"all-4857ad1\" data-elementor-lightbox-title=\"BlueFringenBlack5(1)\">\n														</a>', 'Heavenly Hellhats', '', 'publish', 'closed', 'closed', '', 'heavenly-hellhats', '', '', '2021-02-25 19:47:48', '2021-02-25 19:47:48', '', 0, 'http://dupontderby.com/?page_id=27', 0, 'page', '', 0),
(29, 1, '2021-02-08 18:37:42', '2021-02-08 18:37:42', '', 'Contact', '', 'publish', 'closed', 'closed', '', 'contact', '', '', '2021-02-25 19:53:50', '2021-02-25 19:53:50', '', 0, 'http://dupontderby.com/?page_id=29', 0, 'page', '', 0),
(31, 1, '2021-02-08 18:54:12', '2021-02-08 18:54:12', '[ameliabooking]', 'Book a Lesson', '', 'publish', 'closed', 'closed', '', 'book-a-lesson', '', '', '2021-03-15 18:48:16', '2021-03-15 22:48:16', '', 0, 'http://dupontderby.com/?page_id=31', 0, 'page', '', 0),
(38, 1, '2021-02-08 19:05:28', '2021-02-08 19:05:28', ' ', '', '', 'publish', 'closed', 'closed', '', '38', '', '', '2021-03-02 13:09:50', '2021-03-02 13:09:50', '', 0, 'http://dupontderby.com/?p=38', 8, 'nav_menu_item', '', 0),
(39, 1, '2021-02-08 19:05:28', '2021-02-08 19:05:28', ' ', '', '', 'publish', 'closed', 'closed', '', '39', '', '', '2021-03-02 13:09:50', '2021-03-02 13:09:50', '', 0, 'http://dupontderby.com/?p=39', 7, 'nav_menu_item', '', 0),
(60, 1, '2021-02-12 03:01:04', '2021-02-12 03:01:04', '<p>Lorem ipsum dolor sit amet, consectetur adipiscing elit. Ut elit tellus, luctus nec ullamcorper mattis, pulvinar dapibus leo.</p><p>Site developed by <a href=\"http://www.digitalepona.com\">Digital Epona</a>.</p>', 'Global Footer', '', 'publish', 'closed', 'closed', '', 'elementor-footer-60', '', '', '2021-02-25 20:18:54', '2021-02-25 20:18:54', '', 0, 'http://dupontderby.com/?post_type=elementor_library&#038;p=60', 0, 'elementor_library', '', 0),
(67, 1, '2021-02-12 03:05:59', '2021-02-12 03:05:59', '', 'Global Page', '', 'publish', 'closed', 'closed', '', 'elementor-single-page-67', '', '', '2021-02-25 20:17:31', '2021-02-25 20:17:31', '', 0, 'http://dupontderby.com/?post_type=elementor_library&#038;p=67', 0, 'elementor_library', '', 0),
(175, 1, '2021-02-14 23:03:43', '2021-02-14 23:03:43', '<h2>Facility Owner / Trainer</h2>		\n		<p>I have been around horses my whole life, my mother tells me that I could sit a horse before I could walk. I have been professionally riding now for more than 30 years and have been involved in training both riders and horses for over 25 years. My focus is the progression of horse and rider with safety being the main emphasis.</p><p>I specialize in beginner, intermediate and nervous riders and will take as long as needed to reach a goal that we set at the start of our sessions. I want to create safe, confident and effective riders. Whether you want to develop your skills toward competition, learning a new style or skill, or simply improving your riding and your horse, we can work out the most effective program for you. There is no one \"right\" way to learn, and there is no one \"right\" speed of progression. I believe in teaching in the most appropriate way for each rider - not a \"cookie cutter\" approach. The basics cannot be over-learned, and I will take as long as necessary until a rider is comfortable before we move onto something new and/or more demanding.</p><p>My own horsey background is quite varied. I have lived my whole life around horses, my mother used to own and breed arabian horses and my first real horse was my Arabian mare Kalimara who was born 2 months after I was. While my Arabian Kali was my first horse, my first riding experience was actually with a sassy Shetland pony Suzie who sure knew how to get me off of her. I learned how to stick on her back like a flea and not be scared of falling to the ground. From there, I went to riding lessons and learned how to ride English flatwork, dressage and show jumping. It was a huge eye opener. I loved English riding and really loved how free I felt in the saddle. I learned a lot there at that barn, and take that knowledge with me everywhere.</p><p>When I was in my teens, my family moved to the middle of nowhere near Fresno California named Wonder Valley, it was 1500 acres of open cattle range. I was blessed to have this happen because I was able to meet Jack S, who was an 82 year old cowboy and the owner of Indian Rock Ranch. From there, I learned how to ride line, rope cattle and herd cows. It was then that I got into Barrels and Rodeo. I loved it. Going fast, moving around a pattern was a thrill. There was not anything more fun than I could have done as a teenager. I was able to make it to Nationals Rodeo and saw a whole new world of horses through those lenses. Working for Jack S., I also learned how to train horses and he gave me my first start on starting a young horse.</p><p>I learned that I was a fairly decent trainer, who was not only able to start young horses, but also how to break down different skills to riders to enable them learn easier. Jack taught me that there\'s always another way to explain something, and that if the student isn\'t picking it up, perhaps the trainer needs to try a different approach to make it more easily understood. This has stood me in very good stead over the years.</p><p>I have been able to ride several different riding disciplines, both in English and Western riding. I have ridden dressage, show jumping, cross-country jumping and various other flat work styles of English riding. I have also been able to run barrels, pole bending, calf roping, goat tying and various other Western disciplines. I have also done 10 mile and 30 mile endurance courses and just basic fun trails all over the United States. I have ridden a wide variety of horses, literally from Shetlands to Warmbloods, and horses at all levels of training, from \"green-broke\" youngsters to my own second level dressage horse Rocky.</p><p>Although competing was never my main goal, I have ridden a number of horses in competitions over the years and also in breed/type specific showing classes. With my own horse growing up I have gone to National level shows as well as two International level shows both with English riding and Western riding. What I love to see now are my own students competing on their horses or mine. I currently have the pleasure of having a young teenager currently training on my second level dressage horse Rocky and we hope to see them soon making brilliant strides to first place ribbons in their future.</p>', 'Cheri Dupont', '', 'publish', 'closed', 'closed', '', 'cheri-dupont', '', '', '2021-02-25 22:43:12', '2021-02-25 22:43:12', '', 0, 'http://dupontderby.com/?page_id=175', 0, 'page', '', 0),
(177, 1, '2021-02-14 23:05:00', '2021-02-14 23:05:00', ' ', '', '', 'publish', 'closed', 'closed', '', '177', '', '', '2021-03-02 13:09:50', '2021-03-02 13:09:50', '', 0, 'http://dupontderby.com/177', 4, 'nav_menu_item', '', 0),
(268, 1, '2021-02-19 01:03:18', '2021-02-19 01:03:18', '', 'circle-logo', '', 'inherit', 'open', 'closed', '', 'circle-logo-2', '', '', '2021-02-19 01:03:18', '2021-02-19 01:03:18', '', 8, 'http://dupontderby.com/wp-content/uploads/2021/02/circle-logo-1.png', 0, 'attachment', 'image/png', 0),
(286, 1, '2021-02-19 14:15:00', '2021-02-19 14:15:00', '', 'KatAnn on Rocky - Lily on Bellagio', '', 'inherit', 'open', 'closed', '', 'katann-on-rocky-lily-on-bellagio', '', '', '2021-02-19 14:15:40', '2021-02-19 14:15:40', '', 0, 'http://dupontderby.com/wp-content/uploads/2021/02/KatAnn-on-Rocky-Lily-on-Bellagio.jpg', 0, 'attachment', 'image/jpeg', 0),
(287, 1, '2021-02-19 15:45:38', '2021-02-19 15:45:38', '', 'Bellagio and Lily', '', 'inherit', 'open', 'closed', '', 'bellagio-and-lily', '', '', '2021-02-19 15:45:38', '2021-02-19 15:45:38', '', 0, 'http://dupontderby.com/wp-content/uploads/2021/02/Bellagio-and-Lily.jpg', 0, 'attachment', 'image/jpeg', 0),
(288, 1, '2021-02-19 15:45:44', '2021-02-19 15:45:44', '', 'Bellagio and Lily2', '', 'inherit', 'open', 'closed', '', 'bellagio-and-lily2', '', '', '2021-02-19 15:45:44', '2021-02-19 15:45:44', '', 0, 'http://dupontderby.com/wp-content/uploads/2021/02/Bellagio-and-Lily2.jpg', 0, 'attachment', 'image/jpeg', 0),
(289, 1, '2021-02-19 15:45:51', '2021-02-19 15:45:51', '', 'Bellagio', '', 'inherit', 'open', 'closed', '', 'bellagio', '', '', '2021-02-19 15:45:51', '2021-02-19 15:45:51', '', 0, 'http://dupontderby.com/wp-content/uploads/2021/02/Bellagio.jpg', 0, 'attachment', 'image/jpeg', 0),
(290, 1, '2021-02-19 15:45:58', '2021-02-19 15:45:58', '', 'Lily and Julianne on Bellagio', '', 'inherit', 'open', 'closed', '', 'lily-and-julianne-on-bellagio', '', '', '2021-02-19 15:45:58', '2021-02-19 15:45:58', '', 0, 'http://dupontderby.com/wp-content/uploads/2021/02/Lily-and-Julianne-on-Bellagio.jpg', 0, 'attachment', 'image/jpeg', 0),
(291, 1, '2021-02-19 15:46:05', '2021-02-19 15:46:05', '', 'Lily and Julianne on Bellagio2', '', 'inherit', 'open', 'closed', '', 'lily-and-julianne-on-bellagio2', '', '', '2021-02-19 15:46:05', '2021-02-19 15:46:05', '', 0, 'http://dupontderby.com/wp-content/uploads/2021/02/Lily-and-Julianne-on-Bellagio2.jpg', 0, 'attachment', 'image/jpeg', 0),
(292, 1, '2021-02-19 15:48:08', '2021-02-19 15:48:08', '', 'Cheri on Haflinger1', '', 'inherit', 'open', 'closed', '', 'cheri-on-haflinger1', '', '', '2021-02-19 15:48:08', '2021-02-19 15:48:08', '', 0, 'http://dupontderby.com/wp-content/uploads/2021/02/Cheri-on-Haflinger1.png', 0, 'attachment', 'image/png', 0),
(293, 1, '2021-02-19 15:48:08', '2021-02-19 15:48:08', '', 'Cheri on Haflinger2', '', 'inherit', 'open', 'closed', '', 'cheri-on-haflinger2', '', '', '2021-02-19 15:48:08', '2021-02-19 15:48:08', '', 0, 'http://dupontderby.com/wp-content/uploads/2021/02/Cheri-on-Haflinger2.jpg', 0, 'attachment', 'image/jpeg', 0),
(294, 1, '2021-02-19 15:48:09', '2021-02-19 15:48:09', '', 'Cheri on Jack1', '', 'inherit', 'open', 'closed', '', 'cheri-on-jack1', '', '', '2021-02-19 15:48:09', '2021-02-19 15:48:09', '', 0, 'http://dupontderby.com/wp-content/uploads/2021/02/Cheri-on-Jack1.jpg', 0, 'attachment', 'image/jpeg', 0),
(295, 1, '2021-02-19 15:48:10', '2021-02-19 15:48:10', '', 'Cheri on Jack2', '', 'inherit', 'open', 'closed', '', 'cheri-on-jack2', '', '', '2021-02-19 15:48:10', '2021-02-19 15:48:10', '', 0, 'http://dupontderby.com/wp-content/uploads/2021/02/Cheri-on-Jack2.jpg', 0, 'attachment', 'image/jpeg', 0),
(296, 1, '2021-02-19 15:48:11', '2021-02-19 15:48:11', '', 'Cheri on POA', '', 'inherit', 'open', 'closed', '', 'cheri-on-poa', '', '', '2021-02-19 15:48:11', '2021-02-19 15:48:11', '', 0, 'http://dupontderby.com/wp-content/uploads/2021/02/Cheri-on-POA.jpg', 0, 'attachment', 'image/jpeg', 0),
(297, 1, '2021-02-19 15:48:13', '2021-02-19 15:48:13', '', 'Cheri on POA2', '', 'inherit', 'open', 'closed', '', 'cheri-on-poa2', '', '', '2021-02-19 15:48:13', '2021-02-19 15:48:13', '', 0, 'http://dupontderby.com/wp-content/uploads/2021/02/Cheri-on-POA2.jpg', 0, 'attachment', 'image/jpeg', 0),
(298, 1, '2021-02-19 15:48:16', '2021-02-19 15:48:16', '', 'Cheri on POA3', '', 'inherit', 'open', 'closed', '', 'cheri-on-poa3', '', '', '2021-02-19 15:48:16', '2021-02-19 15:48:16', '', 0, 'http://dupontderby.com/wp-content/uploads/2021/02/Cheri-on-POA3.jpg', 0, 'attachment', 'image/jpeg', 0),
(299, 1, '2021-02-19 15:48:18', '2021-02-19 15:48:18', '', 'Cheri on POA4', '', 'inherit', 'open', 'closed', '', 'cheri-on-poa4', '', '', '2021-02-19 15:48:18', '2021-02-19 15:48:18', '', 0, 'http://dupontderby.com/wp-content/uploads/2021/02/Cheri-on-POA4.jpg', 0, 'attachment', 'image/jpeg', 0),
(300, 1, '2021-02-19 15:48:20', '2021-02-19 15:48:20', '', 'Cheri on POA5', '', 'inherit', 'open', 'closed', '', 'cheri-on-poa5', '', '', '2021-02-19 15:48:20', '2021-02-19 15:48:20', '', 0, 'http://dupontderby.com/wp-content/uploads/2021/02/Cheri-on-POA5.jpg', 0, 'attachment', 'image/jpeg', 0),
(301, 1, '2021-02-19 15:48:23', '2021-02-19 15:48:23', '', 'Cheri on POA6', '', 'inherit', 'open', 'closed', '', 'cheri-on-poa6', '', '', '2021-02-19 15:48:23', '2021-02-19 15:48:23', '', 0, 'http://dupontderby.com/wp-content/uploads/2021/02/Cheri-on-POA6.jpg', 0, 'attachment', 'image/jpeg', 0),
(302, 1, '2021-02-19 15:49:55', '2021-02-19 15:49:55', '', 'Jasmine', '', 'inherit', 'open', 'closed', '', 'jasmine', '', '', '2021-02-19 15:49:55', '2021-02-19 15:49:55', '', 0, 'http://dupontderby.com/wp-content/uploads/2021/02/Jasmine.jpg', 0, 'attachment', 'image/jpeg', 0),
(303, 1, '2021-02-19 15:49:57', '2021-02-19 15:49:57', '', 'Jasmine2', '', 'inherit', 'open', 'closed', '', 'jasmine2', '', '', '2021-02-19 15:49:57', '2021-02-19 15:49:57', '', 0, 'http://dupontderby.com/wp-content/uploads/2021/02/Jasmine2.jpg', 0, 'attachment', 'image/jpeg', 0),
(304, 1, '2021-02-19 15:49:59', '2021-02-19 15:49:59', '', 'Jasmine3', '', 'inherit', 'open', 'closed', '', 'jasmine3', '', '', '2021-02-19 15:49:59', '2021-02-19 15:49:59', '', 0, 'http://dupontderby.com/wp-content/uploads/2021/02/Jasmine3.jpg', 0, 'attachment', 'image/jpeg', 0);
INSERT INTO `slPSxposts` (`ID`, `post_author`, `post_date`, `post_date_gmt`, `post_content`, `post_title`, `post_excerpt`, `post_status`, `comment_status`, `ping_status`, `post_password`, `post_name`, `to_ping`, `pinged`, `post_modified`, `post_modified_gmt`, `post_content_filtered`, `post_parent`, `guid`, `menu_order`, `post_type`, `post_mime_type`, `comment_count`) VALUES
(305, 1, '2021-02-19 15:50:01', '2021-02-19 15:50:01', '', 'Jasmine4', '', 'inherit', 'open', 'closed', '', 'jasmine4', '', '', '2021-02-19 15:50:01', '2021-02-19 15:50:01', '', 0, 'http://dupontderby.com/wp-content/uploads/2021/02/Jasmine4.jpg', 0, 'attachment', 'image/jpeg', 0),
(306, 1, '2021-02-19 15:50:07', '2021-02-19 15:50:07', '', 'Lily on Rocky', '', 'inherit', 'open', 'closed', '', 'lily-on-rocky', '', '', '2021-02-19 15:50:07', '2021-02-19 15:50:07', '', 0, 'http://dupontderby.com/wp-content/uploads/2021/02/Lily-on-Rocky.jpg', 0, 'attachment', 'image/jpeg', 0),
(307, 1, '2021-02-19 15:50:14', '2021-02-19 15:50:14', '', 'Lily on Rocky2', '', 'inherit', 'open', 'closed', '', 'lily-on-rocky2', '', '', '2021-02-19 15:50:14', '2021-02-19 15:50:14', '', 0, 'http://dupontderby.com/wp-content/uploads/2021/02/Lily-on-Rocky2.jpg', 0, 'attachment', 'image/jpeg', 0),
(308, 1, '2021-02-19 15:50:20', '2021-02-19 15:50:20', '', 'Lily on Rocky3', '', 'inherit', 'open', 'closed', '', 'lily-on-rocky3', '', '', '2021-02-19 15:50:20', '2021-02-19 15:50:20', '', 0, 'http://dupontderby.com/wp-content/uploads/2021/02/Lily-on-Rocky3.jpg', 0, 'attachment', 'image/jpeg', 0),
(309, 1, '2021-02-19 15:50:26', '2021-02-19 15:50:26', '', 'Lily on Rocky4', '', 'inherit', 'open', 'closed', '', 'lily-on-rocky4', '', '', '2021-02-19 15:50:26', '2021-02-19 15:50:26', '', 0, 'http://dupontderby.com/wp-content/uploads/2021/02/Lily-on-Rocky4.jpg', 0, 'attachment', 'image/jpeg', 0),
(310, 1, '2021-02-19 15:50:29', '2021-02-19 15:50:29', '', 'Wesley on Jack1', '', 'inherit', 'open', 'closed', '', 'wesley-on-jack1', '', '', '2021-02-19 15:50:29', '2021-02-19 15:50:29', '', 0, 'http://dupontderby.com/wp-content/uploads/2021/02/Wesley-on-Jack1.jpg', 0, 'attachment', 'image/jpeg', 0),
(311, 1, '2021-02-19 15:50:30', '2021-02-19 15:50:30', '', 'Wesley8', '', 'inherit', 'open', 'closed', '', 'wesley8', '', '', '2021-02-19 15:50:30', '2021-02-19 15:50:30', '', 0, 'http://dupontderby.com/wp-content/uploads/2021/02/Wesley8.jpg', 0, 'attachment', 'image/jpeg', 0),
(312, 1, '2021-02-19 15:50:32', '2021-02-19 15:50:32', '', 'Lily 3yrs old 1', '', 'inherit', 'open', 'closed', '', 'lily-3yrs-old-1', '', '', '2021-02-19 15:50:32', '2021-02-19 15:50:32', '', 0, 'http://dupontderby.com/wp-content/uploads/2021/02/Lily-3yrs-old-1.jpg', 0, 'attachment', 'image/jpeg', 0),
(313, 1, '2021-02-19 15:50:35', '2021-02-19 15:50:35', '', 'Lily 3yrs old 3(1)', '', 'inherit', 'open', 'closed', '', 'lily-3yrs-old-31', '', '', '2021-02-19 15:50:35', '2021-02-19 15:50:35', '', 0, 'http://dupontderby.com/wp-content/uploads/2021/02/Lily-3yrs-old-31.jpg', 0, 'attachment', 'image/jpeg', 0),
(314, 1, '2021-02-19 15:50:38', '2021-02-19 15:50:38', '', 'Lily 3yrs old 3', '', 'inherit', 'open', 'closed', '', 'lily-3yrs-old-3', '', '', '2021-02-19 15:50:38', '2021-02-19 15:50:38', '', 0, 'http://dupontderby.com/wp-content/uploads/2021/02/Lily-3yrs-old-3.jpg', 0, 'attachment', 'image/jpeg', 0),
(315, 1, '2021-02-19 15:50:42', '2021-02-19 15:50:42', '', 'Lily 3yrs old 4', '', 'inherit', 'open', 'closed', '', 'lily-3yrs-old-4', '', '', '2021-02-19 15:50:42', '2021-02-19 15:50:42', '', 0, 'http://dupontderby.com/wp-content/uploads/2021/02/Lily-3yrs-old-4.jpg', 0, 'attachment', 'image/jpeg', 0),
(316, 1, '2021-02-19 15:50:43', '2021-02-19 15:50:43', '', 'Lily 3yrs old 5', '', 'inherit', 'open', 'closed', '', 'lily-3yrs-old-5', '', '', '2021-02-19 15:50:43', '2021-02-19 15:50:43', '', 0, 'http://dupontderby.com/wp-content/uploads/2021/02/Lily-3yrs-old-5.jpg', 0, 'attachment', 'image/jpeg', 0),
(317, 1, '2021-02-19 15:50:46', '2021-02-19 15:50:46', '', 'Lily 3yrs old 6', '', 'inherit', 'open', 'closed', '', 'lily-3yrs-old-6', '', '', '2021-02-19 15:50:46', '2021-02-19 15:50:46', '', 0, 'http://dupontderby.com/wp-content/uploads/2021/02/Lily-3yrs-old-6.jpg', 0, 'attachment', 'image/jpeg', 0),
(318, 1, '2021-02-19 15:50:50', '2021-02-19 15:50:50', '', 'BabyBlueHearts1', '', 'inherit', 'open', 'closed', '', 'babybluehearts1', '', '', '2021-02-19 15:50:50', '2021-02-19 15:50:50', '', 0, 'http://dupontderby.com/wp-content/uploads/2021/02/BabyBlueHearts1.jpeg', 0, 'attachment', 'image/jpeg', 0),
(319, 1, '2021-02-19 15:50:58', '2021-02-19 15:50:58', '', 'BabyBlueHearts2', '', 'inherit', 'open', 'closed', '', 'babybluehearts2', '', '', '2021-02-19 15:50:58', '2021-02-19 15:50:58', '', 0, 'http://dupontderby.com/wp-content/uploads/2021/02/BabyBlueHearts2.jpeg', 0, 'attachment', 'image/jpeg', 0),
(320, 1, '2021-02-19 15:51:05', '2021-02-19 15:51:05', '', 'BabyBlueHearts3', '', 'inherit', 'open', 'closed', '', 'babybluehearts3', '', '', '2021-02-19 15:51:05', '2021-02-19 15:51:05', '', 0, 'http://dupontderby.com/wp-content/uploads/2021/02/BabyBlueHearts3.jpeg', 0, 'attachment', 'image/jpeg', 0),
(321, 1, '2021-02-19 15:51:11', '2021-02-19 15:51:11', '', 'BabyBlueHearts4', '', 'inherit', 'open', 'closed', '', 'babybluehearts4', '', '', '2021-02-19 15:51:11', '2021-02-19 15:51:11', '', 0, 'http://dupontderby.com/wp-content/uploads/2021/02/BabyBlueHearts4.jpeg', 0, 'attachment', 'image/jpeg', 0),
(322, 1, '2021-02-19 15:51:17', '2021-02-19 15:51:17', '', 'BabyBlueHearts5', '', 'inherit', 'open', 'closed', '', 'babybluehearts5', '', '', '2021-02-19 15:51:17', '2021-02-19 15:51:17', '', 0, 'http://dupontderby.com/wp-content/uploads/2021/02/BabyBlueHearts5.jpeg', 0, 'attachment', 'image/jpeg', 0),
(323, 1, '2021-02-19 15:51:27', '2021-02-19 15:51:27', '', 'Black-Brown-Skulls1', '', 'inherit', 'open', 'closed', '', 'black-brown-skulls1', '', '', '2021-02-19 15:51:27', '2021-02-19 15:51:27', '', 0, 'http://dupontderby.com/wp-content/uploads/2021/02/Black-Brown-Skulls1.jpeg', 0, 'attachment', 'image/jpeg', 0),
(324, 1, '2021-02-19 15:51:33', '2021-02-19 15:51:33', '', 'Black-Brown-Skulls2', '', 'inherit', 'open', 'closed', '', 'black-brown-skulls2', '', '', '2021-02-19 15:51:33', '2021-02-19 15:51:33', '', 0, 'http://dupontderby.com/wp-content/uploads/2021/02/Black-Brown-Skulls2.jpeg', 0, 'attachment', 'image/jpeg', 0),
(325, 1, '2021-02-19 15:51:42', '2021-02-19 15:51:42', '', 'Black-Brown-Skulls3', '', 'inherit', 'open', 'closed', '', 'black-brown-skulls3', '', '', '2021-02-19 15:51:42', '2021-02-19 15:51:42', '', 0, 'http://dupontderby.com/wp-content/uploads/2021/02/Black-Brown-Skulls3.jpeg', 0, 'attachment', 'image/jpeg', 0),
(326, 1, '2021-02-19 15:51:48', '2021-02-19 15:51:48', '', 'BlackFringeSkulls1', '', 'inherit', 'open', 'closed', '', 'blackfringeskulls1', '', '', '2021-02-19 15:51:48', '2021-02-19 15:51:48', '', 0, 'http://dupontderby.com/wp-content/uploads/2021/02/BlackFringeSkulls1.jpeg', 0, 'attachment', 'image/jpeg', 0),
(327, 1, '2021-02-19 15:51:54', '2021-02-19 15:51:54', '', 'BlackFringeSkulls2', '', 'inherit', 'open', 'closed', '', 'blackfringeskulls2', '', '', '2021-02-19 15:51:54', '2021-02-19 15:51:54', '', 0, 'http://dupontderby.com/wp-content/uploads/2021/02/BlackFringeSkulls2.jpeg', 0, 'attachment', 'image/jpeg', 0),
(328, 1, '2021-02-19 15:52:00', '2021-02-19 15:52:00', '', 'BlueFringenBlack1', '', 'inherit', 'open', 'closed', '', 'bluefringenblack1', '', '', '2021-02-19 15:52:00', '2021-02-19 15:52:00', '', 0, 'http://dupontderby.com/wp-content/uploads/2021/02/BlueFringenBlack1.jpeg', 0, 'attachment', 'image/jpeg', 0),
(329, 1, '2021-02-19 15:52:07', '2021-02-19 15:52:07', '', 'BlueFringenBlack2', '', 'inherit', 'open', 'closed', '', 'bluefringenblack2', '', '', '2021-02-19 15:52:07', '2021-02-19 15:52:07', '', 0, 'http://dupontderby.com/wp-content/uploads/2021/02/BlueFringenBlack2.jpeg', 0, 'attachment', 'image/jpeg', 0),
(330, 1, '2021-02-19 15:52:14', '2021-02-19 15:52:14', '', 'BlueFringenBlack3', '', 'inherit', 'open', 'closed', '', 'bluefringenblack3', '', '', '2021-02-19 15:52:14', '2021-02-19 15:52:14', '', 0, 'http://dupontderby.com/wp-content/uploads/2021/02/BlueFringenBlack3.jpeg', 0, 'attachment', 'image/jpeg', 0),
(331, 1, '2021-02-19 15:52:21', '2021-02-19 15:52:21', '', 'BlueFringenBlack4', '', 'inherit', 'open', 'closed', '', 'bluefringenblack4', '', '', '2021-02-19 15:52:21', '2021-02-19 15:52:21', '', 0, 'http://dupontderby.com/wp-content/uploads/2021/02/BlueFringenBlack4.jpeg', 0, 'attachment', 'image/jpeg', 0),
(332, 1, '2021-02-19 15:52:26', '2021-02-19 15:52:26', '', 'BlueFringenBlack5(1)', '', 'inherit', 'open', 'closed', '', 'bluefringenblack51', '', '', '2021-02-19 15:52:26', '2021-02-19 15:52:26', '', 0, 'http://dupontderby.com/wp-content/uploads/2021/02/BlueFringenBlack51.jpeg', 0, 'attachment', 'image/jpeg', 0),
(333, 1, '2021-02-19 15:52:34', '2021-02-19 15:52:34', '', 'BlueFringenBlack5', '', 'inherit', 'open', 'closed', '', 'bluefringenblack5', '', '', '2021-02-19 15:52:34', '2021-02-19 15:52:34', '', 0, 'http://dupontderby.com/wp-content/uploads/2021/02/BlueFringenBlack5.jpeg', 0, 'attachment', 'image/jpeg', 0),
(334, 1, '2021-02-19 15:52:39', '2021-02-19 15:52:39', '', 'Collection1', '', 'inherit', 'open', 'closed', '', 'collection1', '', '', '2021-02-19 15:52:39', '2021-02-19 15:52:39', '', 0, 'http://dupontderby.com/wp-content/uploads/2021/02/Collection1.jpeg', 0, 'attachment', 'image/jpeg', 0),
(335, 1, '2021-02-19 15:52:46', '2021-02-19 15:52:46', '', 'Collection2', '', 'inherit', 'open', 'closed', '', 'collection2', '', '', '2021-02-19 15:52:46', '2021-02-19 15:52:46', '', 0, 'http://dupontderby.com/wp-content/uploads/2021/02/Collection2.jpeg', 0, 'attachment', 'image/jpeg', 0),
(336, 1, '2021-02-19 15:52:53', '2021-02-19 15:52:53', '', 'Collection3', '', 'inherit', 'open', 'closed', '', 'collection3', '', '', '2021-02-19 15:52:53', '2021-02-19 15:52:53', '', 0, 'http://dupontderby.com/wp-content/uploads/2021/02/Collection3.jpeg', 0, 'attachment', 'image/jpeg', 0),
(337, 1, '2021-02-19 15:52:58', '2021-02-19 15:52:58', '', 'FunnyChickens1', '', 'inherit', 'open', 'closed', '', 'funnychickens1', '', '', '2021-02-19 15:52:58', '2021-02-19 15:52:58', '', 0, 'http://dupontderby.com/wp-content/uploads/2021/02/FunnyChickens1.jpeg', 0, 'attachment', 'image/jpeg', 0),
(338, 1, '2021-02-19 15:53:00', '2021-02-19 15:53:00', '', 'FunnyChickens2', '', 'inherit', 'open', 'closed', '', 'funnychickens2', '', '', '2021-02-19 15:53:00', '2021-02-19 15:53:00', '', 0, 'http://dupontderby.com/wp-content/uploads/2021/02/FunnyChickens2.jpeg', 0, 'attachment', 'image/jpeg', 0),
(339, 1, '2021-02-19 15:53:04', '2021-02-19 15:53:04', '', 'FunnyChickens3', '', 'inherit', 'open', 'closed', '', 'funnychickens3', '', '', '2021-02-19 15:53:04', '2021-02-19 15:53:04', '', 0, 'http://dupontderby.com/wp-content/uploads/2021/02/FunnyChickens3.jpeg', 0, 'attachment', 'image/jpeg', 0),
(340, 1, '2021-02-19 15:53:10', '2021-02-19 15:53:10', '', 'MeremaidPink1', '', 'inherit', 'open', 'closed', '', 'meremaidpink1', '', '', '2021-02-19 15:53:10', '2021-02-19 15:53:10', '', 0, 'http://dupontderby.com/wp-content/uploads/2021/02/MeremaidPink1.jpeg', 0, 'attachment', 'image/jpeg', 0),
(341, 1, '2021-02-19 15:53:16', '2021-02-19 15:53:16', '', 'MeremaidPink2', '', 'inherit', 'open', 'closed', '', 'meremaidpink2', '', '', '2021-02-19 15:53:16', '2021-02-19 15:53:16', '', 0, 'http://dupontderby.com/wp-content/uploads/2021/02/MeremaidPink2.jpeg', 0, 'attachment', 'image/jpeg', 0),
(342, 1, '2021-02-19 15:53:24', '2021-02-19 15:53:24', '', 'PinkSassy1', '', 'inherit', 'open', 'closed', '', 'pinksassy1', '', '', '2021-02-19 15:53:24', '2021-02-19 15:53:24', '', 0, 'http://dupontderby.com/wp-content/uploads/2021/02/PinkSassy1.jpeg', 0, 'attachment', 'image/jpeg', 0),
(343, 1, '2021-02-19 15:53:29', '2021-02-19 15:53:29', '', 'PinkSassy2', '', 'inherit', 'open', 'closed', '', 'pinksassy2', '', '', '2021-02-19 15:53:29', '2021-02-19 15:53:29', '', 0, 'http://dupontderby.com/wp-content/uploads/2021/02/PinkSassy2.jpeg', 0, 'attachment', 'image/jpeg', 0),
(344, 1, '2021-02-19 15:53:37', '2021-02-19 15:53:37', '', 'PinkSassy3', '', 'inherit', 'open', 'closed', '', 'pinksassy3', '', '', '2021-02-19 15:53:37', '2021-02-19 15:53:37', '', 0, 'http://dupontderby.com/wp-content/uploads/2021/02/PinkSassy3.jpeg', 0, 'attachment', 'image/jpeg', 0),
(345, 1, '2021-02-19 15:53:42', '2021-02-19 15:53:42', '', 'PinkSassy4', '', 'inherit', 'open', 'closed', '', 'pinksassy4', '', '', '2021-02-19 15:53:42', '2021-02-19 15:53:42', '', 0, 'http://dupontderby.com/wp-content/uploads/2021/02/PinkSassy4.jpeg', 0, 'attachment', 'image/jpeg', 0),
(346, 1, '2021-02-19 15:53:48', '2021-02-19 15:53:48', '', 'PinkSassy5', '', 'inherit', 'open', 'closed', '', 'pinksassy5', '', '', '2021-02-19 15:53:48', '2021-02-19 15:53:48', '', 0, 'http://dupontderby.com/wp-content/uploads/2021/02/PinkSassy5.jpeg', 0, 'attachment', 'image/jpeg', 0),
(347, 1, '2021-02-19 15:53:54', '2021-02-19 15:53:54', '', 'PurpleBlack', '', 'inherit', 'open', 'closed', '', 'purpleblack', '', '', '2021-02-19 15:53:54', '2021-02-19 15:53:54', '', 0, 'http://dupontderby.com/wp-content/uploads/2021/02/PurpleBlack.jpeg', 0, 'attachment', 'image/jpeg', 0),
(348, 1, '2021-02-19 15:54:01', '2021-02-19 15:54:01', '', 'PurpleBlack1', '', 'inherit', 'open', 'closed', '', 'purpleblack1', '', '', '2021-02-19 15:54:01', '2021-02-19 15:54:01', '', 0, 'http://dupontderby.com/wp-content/uploads/2021/02/PurpleBlack1.jpeg', 0, 'attachment', 'image/jpeg', 0),
(349, 1, '2021-02-19 15:54:08', '2021-02-19 15:54:08', '', 'PurpleBlack2', '', 'inherit', 'open', 'closed', '', 'purpleblack2', '', '', '2021-02-19 15:54:08', '2021-02-19 15:54:08', '', 0, 'http://dupontderby.com/wp-content/uploads/2021/02/PurpleBlack2.jpeg', 0, 'attachment', 'image/jpeg', 0),
(350, 1, '2021-02-19 15:54:14', '2021-02-19 15:54:14', '', 'PurpleBlack3', '', 'inherit', 'open', 'closed', '', 'purpleblack3', '', '', '2021-02-19 15:54:14', '2021-02-19 15:54:14', '', 0, 'http://dupontderby.com/wp-content/uploads/2021/02/PurpleBlack3.jpeg', 0, 'attachment', 'image/jpeg', 0),
(351, 1, '2021-02-19 15:54:22', '2021-02-19 15:54:22', '', 'PurpleBlack4', '', 'inherit', 'open', 'closed', '', 'purpleblack4', '', '', '2021-02-19 15:54:22', '2021-02-19 15:54:22', '', 0, 'http://dupontderby.com/wp-content/uploads/2021/02/PurpleBlack4.jpeg', 0, 'attachment', 'image/jpeg', 0),
(352, 1, '2021-02-19 15:54:27', '2021-02-19 15:54:27', '', 'PurpleBlack5', '', 'inherit', 'open', 'closed', '', 'purpleblack5', '', '', '2021-02-19 15:54:27', '2021-02-19 15:54:27', '', 0, 'http://dupontderby.com/wp-content/uploads/2021/02/PurpleBlack5.jpeg', 0, 'attachment', 'image/jpeg', 0),
(353, 1, '2021-02-19 16:11:39', '2021-02-19 16:11:39', '', 'Lily (age 6) on Lucy Goosey', '', 'inherit', 'open', 'closed', '', 'lily-6yrs-on-lucy-goosey1', '', '', '2021-03-02 18:46:59', '2021-03-02 18:46:59', '', 0, 'http://dupontderby.com/wp-content/uploads/2021/02/Lily-6yrs-on-Lucy-Goosey1.jpg', 0, 'attachment', 'image/jpeg', 0),
(354, 1, '2021-02-19 16:11:40', '2021-02-19 16:11:40', '', 'Lily (age 6) on Lucy Goosey', '', 'inherit', 'open', 'closed', '', 'lily-6yrs-on-lucy-goosey2', '', '', '2021-03-02 18:46:44', '2021-03-02 18:46:44', '', 0, 'http://dupontderby.com/wp-content/uploads/2021/02/Lily-6yrs-on-Lucy-Goosey2.jpg', 0, 'attachment', 'image/jpeg', 0),
(355, 1, '2021-02-19 16:11:41', '2021-02-19 16:11:41', '', 'Lily (age 6) on Lucy Goosey', '', 'inherit', 'open', 'closed', '', 'lily-6yrs-on-lucy-goosey3', '', '', '2021-03-02 18:46:20', '2021-03-02 18:46:20', '', 0, 'http://dupontderby.com/wp-content/uploads/2021/02/Lily-6yrs-on-Lucy-Goosey3.jpg', 0, 'attachment', 'image/jpeg', 0),
(356, 1, '2021-02-19 16:12:13', '2021-02-19 16:12:13', '', 'Cheri on Rocky 2019', '', 'inherit', 'open', 'closed', '', 'cheri-on-rocky-2019', '', '', '2021-03-02 18:45:49', '2021-03-02 18:45:49', '', 0, 'http://dupontderby.com/wp-content/uploads/2021/02/Cheri-on-Rocky-2019.jpg', 0, 'attachment', 'image/jpeg', 0),
(357, 1, '2021-02-19 16:12:17', '2021-02-19 16:12:17', '', 'Lily on Stewie and Cheri on Rocky 2019', '', 'inherit', 'open', 'closed', '', 'lily-5-on-stewie-cheri-on-rocky-2019', '', '', '2021-03-02 18:45:38', '2021-03-02 18:45:38', '', 0, 'http://dupontderby.com/wp-content/uploads/2021/02/Lily-5-on-Stewie-Cheri-on-Rocky-2019.jpg', 0, 'attachment', 'image/jpeg', 0),
(358, 1, '2021-02-19 16:12:25', '2021-02-19 16:12:25', '', 'Rocky 2015', '', 'inherit', 'open', 'closed', '', 'rocky-2015-1', '', '', '2021-03-02 18:45:15', '2021-03-02 18:45:15', '', 0, 'http://dupontderby.com/wp-content/uploads/2021/02/Rocky-2015-1.jpg', 0, 'attachment', 'image/jpeg', 0),
(359, 1, '2021-02-19 16:12:26', '2021-02-19 16:12:26', '', 'Rocky 2015', '', 'inherit', 'open', 'closed', '', 'rocky-2015-2', '', '', '2021-03-02 18:44:56', '2021-03-02 18:44:56', '', 0, 'http://dupontderby.com/wp-content/uploads/2021/02/Rocky-2015-2.jpg', 0, 'attachment', 'image/jpeg', 0),
(360, 1, '2021-02-19 16:12:28', '2021-02-19 16:12:28', '', 'Rocky 2015', '', 'inherit', 'open', 'closed', '', 'rocky-2015-3', '', '', '2021-03-02 18:44:46', '2021-03-02 18:44:46', '', 0, 'http://dupontderby.com/wp-content/uploads/2021/02/Rocky-2015-3.jpg', 0, 'attachment', 'image/jpeg', 0),
(361, 1, '2021-02-19 16:12:29', '2021-02-19 16:12:29', '', 'Rocky 2015', '', 'inherit', 'open', 'closed', '', 'rocky-2015-4', '', '', '2021-03-02 18:44:37', '2021-03-02 18:44:37', '', 0, 'http://dupontderby.com/wp-content/uploads/2021/02/Rocky-2015-4.jpg', 0, 'attachment', 'image/jpeg', 0),
(362, 1, '2021-02-19 16:12:31', '2021-02-19 16:12:31', '', 'Rocky 2015', '', 'inherit', 'open', 'closed', '', 'rocky-2015-5', '', '', '2021-03-02 18:44:25', '2021-03-02 18:44:25', '', 0, 'http://dupontderby.com/wp-content/uploads/2021/02/Rocky-2015-5.jpg', 0, 'attachment', 'image/jpeg', 0),
(363, 1, '2021-02-19 16:12:32', '2021-02-19 16:12:32', '', 'Rocky 2016', '', 'inherit', 'open', 'closed', '', 'rocky-2016-1', '', '', '2021-03-02 18:36:36', '2021-03-02 18:36:36', '', 0, 'http://dupontderby.com/wp-content/uploads/2021/02/Rocky-2016-1.jpg', 0, 'attachment', 'image/jpeg', 0),
(364, 1, '2021-02-19 16:12:32', '2021-02-19 16:12:32', '', 'Rocky 2016', '', 'inherit', 'open', 'closed', '', 'rocky-2016-3', '', '', '2021-03-02 18:36:26', '2021-03-02 18:36:26', '', 0, 'http://dupontderby.com/wp-content/uploads/2021/02/Rocky-2016-3.jpg', 0, 'attachment', 'image/jpeg', 0),
(365, 1, '2021-02-19 16:12:33', '2021-02-19 16:12:33', '', 'Rocky 2016', '', 'inherit', 'open', 'closed', '', 'rocky-2016-5', '', '', '2021-03-02 18:36:13', '2021-03-02 18:36:13', '', 0, 'http://dupontderby.com/wp-content/uploads/2021/02/Rocky-2016-5.jpg', 0, 'attachment', 'image/jpeg', 0),
(366, 1, '2021-02-19 16:12:33', '2021-02-19 16:12:33', '', 'Rocky 2016', '', 'inherit', 'open', 'closed', '', 'rocky-2016-6', '', '', '2021-03-02 18:35:59', '2021-03-02 18:35:59', '', 0, 'http://dupontderby.com/wp-content/uploads/2021/02/Rocky-2016-6.jpg', 0, 'attachment', 'image/jpeg', 0),
(367, 1, '2021-02-19 16:12:34', '2021-02-19 16:12:34', '', 'Rocky 2019', '', 'inherit', 'open', 'closed', '', 'rocky-2019-1', '', '', '2021-03-02 18:35:46', '2021-03-02 18:35:46', '', 0, 'http://dupontderby.com/wp-content/uploads/2021/02/Rocky-2019-1-.jpg', 0, 'attachment', 'image/jpeg', 0),
(368, 1, '2021-02-19 16:12:34', '2021-02-19 16:12:34', '', 'Rocky 2019', '', 'inherit', 'open', 'closed', '', 'rocky-2019-2', '', '', '2021-03-02 18:35:35', '2021-03-02 18:35:35', '', 0, 'http://dupontderby.com/wp-content/uploads/2021/02/Rocky-2019-2.jpg', 0, 'attachment', 'image/jpeg', 0),
(369, 1, '2021-02-19 16:12:57', '2021-02-19 16:12:57', '', 'Cheri and KatAnne 2020', '', 'inherit', 'open', 'closed', '', 'cheri-and-katanne-2020-1', '', '', '2021-03-02 18:35:26', '2021-03-02 18:35:26', '', 0, 'http://dupontderby.com/wp-content/uploads/2021/02/Cheri-and-KatAnne-2020-1.jpg', 0, 'attachment', 'image/jpeg', 0),
(370, 1, '2021-02-19 16:13:03', '2021-02-19 16:13:03', '', 'Cheri and KatAnne 2020', '', 'inherit', 'open', 'closed', '', 'cheri-and-katanne-2020-2', '', '', '2021-03-02 18:35:11', '2021-03-02 18:35:11', '', 0, 'http://dupontderby.com/wp-content/uploads/2021/02/Cheri-and-KatAnne-2020-2.jpg', 0, 'attachment', 'image/jpeg', 0),
(371, 1, '2021-02-19 16:13:12', '2021-02-19 16:13:12', '', 'Cheri, Lily, Patty, Susan 2020', '', 'inherit', 'open', 'closed', '', 'cheri-lily-patty-susan-2020-1', '', '', '2021-03-02 18:34:58', '2021-03-02 18:34:58', '', 0, 'http://dupontderby.com/wp-content/uploads/2021/02/Cheri-Lily-Patty-Susan-2020-1.jpg', 0, 'attachment', 'image/jpeg', 0),
(372, 1, '2021-02-19 16:13:20', '2021-02-19 16:13:20', '', 'Cindy on Rocky 2020', '', 'inherit', 'open', 'closed', '', 'cindy-on-rocky-2020-1', '', '', '2021-03-02 18:34:31', '2021-03-02 18:34:31', '', 0, 'http://dupontderby.com/wp-content/uploads/2021/02/Cindy-on-Rocky-2020-1.jpg', 0, 'attachment', 'image/jpeg', 0),
(373, 1, '2021-02-19 16:13:29', '2021-02-19 16:13:29', '', 'Cindy on Rocky 2020', '', 'inherit', 'open', 'closed', '', 'cindy-on-rocky-2020-2', '', '', '2021-03-02 18:33:32', '2021-03-02 18:33:32', '', 0, 'http://dupontderby.com/wp-content/uploads/2021/02/Cindy-on-Rocky-2020-2-.jpg', 0, 'attachment', 'image/jpeg', 0),
(374, 1, '2021-02-19 16:13:37', '2021-02-19 16:13:37', '', 'Cindy on Rocky 2020', '', 'inherit', 'open', 'closed', '', 'cindy-on-rocky-2020-3', '', '', '2021-03-02 18:33:19', '2021-03-02 18:33:19', '', 0, 'http://dupontderby.com/wp-content/uploads/2021/02/Cindy-on-Rocky-2020-3.jpg', 0, 'attachment', 'image/jpeg', 0),
(375, 1, '2021-02-19 16:13:42', '2021-02-19 16:13:42', '', 'Lily on Lucy Goosey', '', 'inherit', 'open', 'closed', '', 'lily-on-lucy-goosey-1', '', '', '2021-03-02 13:03:23', '2021-03-02 13:03:23', '', 0, 'http://dupontderby.com/wp-content/uploads/2021/02/Lily-on-Lucy-Goosey-1.jpg', 0, 'attachment', 'image/jpeg', 0),
(376, 1, '2021-02-19 16:13:47', '2021-02-19 16:13:47', '', 'Lilly riding Lucy Goosey', '', 'inherit', 'open', 'closed', '', 'lily-on-lucy-goosey-2', '', '', '2021-03-02 18:33:00', '2021-03-02 18:33:00', '', 0, 'http://dupontderby.com/wp-content/uploads/2021/02/Lily-on-Lucy-Goosey-2.jpg', 0, 'attachment', 'image/jpeg', 0),
(390, 1, '2021-02-19 16:31:40', '2021-02-19 16:31:40', '', 'Agmal', '', 'inherit', 'open', 'closed', '', 'agmal1', '', '', '2021-03-02 18:32:44', '2021-03-02 18:32:44', '', 0, 'http://dupontderby.com/wp-content/uploads/2021/02/agmal1.jpg', 0, 'attachment', 'image/jpeg', 0),
(391, 1, '2021-02-19 16:31:41', '2021-02-19 16:31:41', '', 'Cheri and Agmal', '', 'inherit', 'open', 'closed', '', 'agmal3', '', '', '2021-03-02 18:32:34', '2021-03-02 18:32:34', '', 0, 'http://dupontderby.com/wp-content/uploads/2021/02/agmal3.jpg', 0, 'attachment', 'image/jpeg', 0),
(392, 1, '2021-02-19 16:31:41', '2021-02-19 16:31:41', '', 'Cheri Dupont', '', 'inherit', 'open', 'closed', '', 'agmal4', '', '', '2021-03-02 18:32:19', '2021-03-02 18:32:19', '', 0, 'http://dupontderby.com/wp-content/uploads/2021/02/agmal4.jpg', 0, 'attachment', 'image/jpeg', 0),
(393, 1, '2021-02-19 16:31:42', '2021-02-19 16:31:42', '', 'Bellagio', '', 'inherit', 'open', 'closed', '', 'bellagio2', '', '', '2021-03-02 18:32:02', '2021-03-02 18:32:02', '', 0, 'http://dupontderby.com/wp-content/uploads/2021/02/bellagio2.jpg', 0, 'attachment', 'image/jpeg', 0),
(394, 1, '2021-02-19 16:31:42', '2021-02-19 16:31:42', '', 'Bellagio', '', 'inherit', 'open', 'closed', '', 'bellagio5', '', '', '2021-03-02 18:31:45', '2021-03-02 18:31:45', '', 0, 'http://dupontderby.com/wp-content/uploads/2021/02/bellagio5.jpg', 0, 'attachment', 'image/jpeg', 0),
(395, 1, '2021-02-19 16:31:42', '2021-02-19 16:31:42', '', 'Cheri Dupont', '', 'inherit', 'open', 'closed', '', 'cheri1', '', '', '2021-03-02 18:31:35', '2021-03-02 18:31:35', '', 0, 'http://dupontderby.com/wp-content/uploads/2021/02/cheri1.jpg', 0, 'attachment', 'image/jpeg', 0),
(396, 1, '2021-02-19 16:31:43', '2021-02-19 16:31:43', '', 'Dreamer', '', 'inherit', 'open', 'closed', '', 'dreamer1', '', '', '2021-03-02 18:31:22', '2021-03-02 18:31:22', '', 0, 'http://dupontderby.com/wp-content/uploads/2021/02/dreamer1.jpg', 0, 'attachment', 'image/jpeg', 0),
(397, 1, '2021-02-19 16:31:43', '2021-02-19 16:31:43', '', 'Dreamer', '', 'inherit', 'open', 'closed', '', 'dreamer2', '', '', '2021-03-02 18:31:11', '2021-03-02 18:31:11', '', 0, 'http://dupontderby.com/wp-content/uploads/2021/02/dreamer2.jpg', 0, 'attachment', 'image/jpeg', 0),
(398, 1, '2021-02-19 16:31:44', '2021-02-19 16:31:44', '', 'Dreamer', '', 'inherit', 'open', 'closed', '', 'dreamer3', '', '', '2021-03-02 18:30:36', '2021-03-02 18:30:36', '', 0, 'http://dupontderby.com/wp-content/uploads/2021/02/dreamer3.jpg', 0, 'attachment', 'image/jpeg', 0),
(399, 1, '2021-02-19 16:31:44', '2021-02-19 16:31:44', '', 'Dreamer', '', 'inherit', 'open', 'closed', '', 'dreamer4', '', '', '2021-03-02 18:30:20', '2021-03-02 18:30:20', '', 0, 'http://dupontderby.com/wp-content/uploads/2021/02/dreamer4.jpg', 0, 'attachment', 'image/jpeg', 0),
(400, 1, '2021-02-19 16:31:44', '2021-02-19 16:31:44', '', 'Dreamer', '', 'inherit', 'open', 'closed', '', 'dreamer5', '', '', '2021-03-02 18:30:47', '2021-03-02 18:30:47', '', 0, 'http://dupontderby.com/wp-content/uploads/2021/02/dreamer5.jpg', 0, 'attachment', 'image/jpeg', 0),
(401, 1, '2021-02-19 16:31:45', '2021-02-19 16:31:45', '', 'Dreamer', '', 'inherit', 'open', 'closed', '', 'dreamer6', '', '', '2021-03-02 18:30:10', '2021-03-02 18:30:10', '', 0, 'http://dupontderby.com/wp-content/uploads/2021/02/dreamer6.jpg', 0, 'attachment', 'image/jpeg', 0),
(402, 1, '2021-02-19 16:31:45', '2021-02-19 16:31:45', '', 'Dreamer', '', 'inherit', 'open', 'closed', '', 'dreamer7', '', '', '2021-03-02 18:30:01', '2021-03-02 18:30:01', '', 0, 'http://dupontderby.com/wp-content/uploads/2021/02/dreamer7.jpg', 0, 'attachment', 'image/jpeg', 0),
(403, 1, '2021-02-19 16:31:46', '2021-02-19 16:31:46', '', 'Dreamer', '', 'inherit', 'open', 'closed', '', 'dreamer8', '', '', '2021-03-02 13:22:40', '2021-03-02 13:22:40', '', 0, 'http://dupontderby.com/wp-content/uploads/2021/02/dreamer8.jpg', 0, 'attachment', 'image/jpeg', 0),
(404, 1, '2021-02-19 16:31:46', '2021-02-19 16:31:46', '', 'Rocky', '', 'inherit', 'open', 'closed', '', 'rocky6', '', '', '2021-03-02 13:22:25', '2021-03-02 13:22:25', '', 0, 'http://dupontderby.com/wp-content/uploads/2021/02/rocky6.jpg', 0, 'attachment', 'image/jpeg', 0),
(405, 1, '2021-02-19 16:31:47', '2021-02-19 16:31:47', '', 'Rocky', '', 'inherit', 'open', 'closed', '', 'rocky8', '', '', '2021-03-02 13:22:09', '2021-03-02 13:22:09', '', 0, 'http://dupontderby.com/wp-content/uploads/2021/02/rocky8.jpg', 0, 'attachment', 'image/jpeg', 0),
(427, 1, '2021-02-22 16:23:31', '2021-02-22 16:23:31', '', 'sebastian-abbruzzese-328239-unsplash', '', 'inherit', 'open', 'closed', '', 'sebastian-abbruzzese-328239-unsplash', '', '', '2021-03-02 13:21:57', '2021-03-02 13:21:57', '', 0, 'http://dupontderby.com/wp-content/uploads/2021/02/sebastian-abbruzzese-328239-unsplash.jpg', 0, 'attachment', 'image/jpeg', 0),
(444, 1, '2021-02-23 00:52:21', '2021-02-23 00:52:21', '<h2>Agreement between User and www.dupontderby.com</h2><p>Welcome to www.dupontderby.com. The www.dupontderby.com website (the “Site”) is comprised of various web pages operated by Dupont Derby (“Dupont Derby”). www.dupontderby.com is offered to you conditioned on your acceptance without modification of the terms, conditions, and notices contained herein (the “Terms”). Your use of www.dupontderby.com constitutes your agreement to all such Terms. Please read these terms carefully, and keep a copy of them for your reference.</p><p>www.dupontderby.com is a equine facility Site.</p><p>This website displays information about our riding lesson and horse training programs. Lesson clients can book and manage their riding lesson times.</p><h2>Privacy</h2><p>Your use of www.dupontderby.com is subject to Dupont Derby’s Privacy Policy. Please review our Privacy Policy, which also governs the Site and informs users of our data collection practices.</p><h2>Electronic Communications</h2><p>Visiting www.dupontderby.com or sending emails to Dupont Derby constitutes electronic communications. You consent to receive electronic communications and you agree that all agreements, notices, disclosures and other communications that we provide to you electronically, via email and on the Site, satisfy any legal requirement that such communications be in writing.</p><h2>Your Account</h2><p>If you use this site, you are responsible for maintaining the confidentiality of your account and password and for restricting access to your computer, and you agree to accept responsibility for all activities that occur under your account or password. You may not assign or otherwise transfer your account to any other person or entity. You acknowledge that Dupont Derby is not responsible for third party access to your account that results from theft or misappropriation of your account. Dupont Derby and its associates reserve the right to refuse or cancel service, terminate accounts, or remove or edit content in our sole discretion.</p><h2>Children Under Thirteen</h2><p>Dupont Derby does not knowingly collect, either online or offline, personal information from persons under the age of thirteen. If you are under 18, you may use www.dupontderby.com only with permission of a parent or guardian.</p><h2>Cancellation/Refund Policy</h2><p>Lessons can be cancelled no later than 3 days in advance. Payment for services is due at the time of the lesson. There are no refunds for services rendered.</p><h2>Links to Third Party Sites/Third Party Services</h2><p>www.dupontderby.com may contain links to other websites (“Linked Sites”). The Linked Sites are not under the control of Dupont Derby and Dupont Derby is not responsible for the contents of any Linked Site, including without limitation any link contained in a Linked Site, or any changes or updates to a Linked Site. Dupont Derby is providing these links to you only as a convenience, and the inclusion of any link does not imply endorsement by Dupont Derby of the site or any association with its operators.</p><p>Certain services made available via www.dupontderby.com are delivered by third party sites and organizations. By using any product, service or functionality originating from the www.dupontderby.com domain, you hereby acknowledge and consent that Dupont Derby may share such information and data with any third party with whom Dupont Derby has a contractual relationship to provide the requested product, service or functionality on behalf of www.dupontderby.com users and customers.</p><h2>No Unlawful or Prohibited Use/Intellectual Property</h2><p>You are granted a non-exclusive, non-transferable, revocable license to access and use www.dupontderby.com strictly in accordance with these terms of use. As a condition of your use of the Site, you warrant to Dupont Derby that you will not use the Site for any purpose that is unlawful or prohibited by these Terms. You may not use the Site in any manner which could damage, disable, overburden, or impair the Site or interfere with any other party’s use and enjoyment of the Site. You may not obtain or attempt to obtain any materials or information through any means not intentionally made available or provided for through the Site.</p><p>All content included as part of the Service, such as text, graphics, logos, images, as well as the compilation thereof, and any software used on the Site, is the property of Dupont Derby or its suppliers and protected by copyright and other laws that protect intellectual property and proprietary rights. You agree to observe and abide by all copyright and other proprietary notices, legends or other restrictions contained in any such content and will not make any changes thereto.</p><p>You will not modify, publish, transmit, reverse engineer, participate in the transfer or sale, create derivative works, or in any way exploit any of the content, in whole or in part, found on the Site. Dupont Derby content is not for resale. Your use of the Site does not entitle you to make any unauthorized use of any protected content, and in particular you will not delete or alter any proprietary rights or attribution notices in any content. You will use protected content solely for your personal use, and will make no other use of the content without the express written permission of Dupont Derby and the copyright owner. You agree that you do not acquire any ownership rights in any protected content. We do not grant you any licenses, express or implied, to the intellectual property of Dupont Derby or our licensors except as expressly authorized by these Terms.</p><h2>Third Party Accounts</h2><p>You will be able to connect your Dupont Derby account to third party accounts. By connecting your Dupont Derby account to your third party account, you acknowledge and agree that you are consenting to the continuous release of information about you to others (in accordance with your privacy settings on those third party sites). If you do not want information about you to be shared in this manner, do not use this feature.</p><h2>International Users</h2><p>The Service is controlled, operated and administered by Dupont Derby from our offices within the USA. If you access the Service from a location outside the USA, you are responsible for compliance with all local laws. You agree that you will not use the Dupont Derby Content accessed through www.dupontderby.com in any country or in any manner prohibited by any applicable laws, restrictions or regulations.</p><h2>Indemnification</h2><p>You agree to indemnify, defend and hold harmless Dupont Derby, its officers, directors, employees, agents and third parties, for any losses, costs, liabilities and expenses (including reasonable attorney’s fees) relating to or arising out of your use of or inability to use the Site or services, any user postings made by you, your violation of any terms of this Agreement or your violation of any rights of a third party, or your violation of any applicable laws, rules or regulations. Dupont Derby reserves the right, at its own cost, to assume the exclusive defense and control of any matter otherwise subject to indemnification by you, in which event you will fully cooperate with Dupont Derby in asserting any available defenses.</p><p>Under Georgia law, an equine activity sponsor or equine professional is not liable for an injury to or the death of a participant in equine activities resulting from the inherent risks of equine activities, pursuant to Chapter 12 of Title 4 of the Official Code of Georgia Annotated.</p><h2>Arbitration</h2><p>In the event the parties are not able to resolve any dispute between them arising out of or concerning these Terms and Conditions, or any provisions hereof, whether in contract, tort, or otherwise at law or in equity for damages or any other relief, then such dispute shall be resolved only by final and binding arbitration pursuant to the Federal Arbitration Act, conducted by a single neutral arbitrator and administered by the American Arbitration Association, or a similar arbitration service selected by the parties, in a location mutually agreed upon by the parties. The arbitrator’s award shall be final, and judgment may be entered upon it in any court having jurisdiction. In the event that any legal or equitable action, proceeding or arbitration arises out of or concerns these Terms and Conditions, the prevailing party shall be entitled to recover its costs and reasonable attorney’s fees. The parties agree to arbitrate all disputes and claims in regards to these Terms and Conditions or any disputes arising as a result of these Terms and Conditions, whether directly or indirectly, including Tort claims that are a result of these Terms and Conditions. The parties agree that the Federal Arbitration Act governs the interpretation and enforcement of this provision. The entire dispute, including the scope and enforceability of this arbitration provision shall be determined by the Arbitrator. This arbitration provision shall survive the termination of these Terms and Conditions.</p><h2>Class Action Waiver</h2><p>Any arbitration under these Terms and Conditions will take place on an individual basis; class arbitrations and class/representative/collective actions are not permitted. THE PARTIES AGREE THAT A PARTY MAY BRING CLAIMS AGAINST THE OTHER ONLY IN EACH’S INDIVIDUAL CAPACITY, AND NOT AS A PLAINTIFF OR CLASS MEMBER IN ANY PUTATIVE CLASS, COLLECTIVE AND/ OR REPRESENTATIVE PROCEEDING, SUCH AS IN THE FORM OF A PRIVATE ATTORNEY GENERAL ACTION AGAINST THE OTHER. Further, unless both you and Dupont Derby agree otherwise, the arbitrator may not consolidate more than one person’s claims, and may not otherwise preside over any form of a representative or class proceeding.</p><h2>Liability Disclaimer</h2><p>THE INFORMATION, SOFTWARE, PRODUCTS, AND SERVICES INCLUDED IN OR AVAILABLE THROUGH THE SITE MAY INCLUDE INACCURACIES OR TYPOGRAPHICAL ERRORS. CHANGES ARE PERIODICALLY ADDED TO THE INFORMATION HEREIN. Dupont Derby AND/OR ITS SUPPLIERS MAY MAKE IMPROVEMENTS AND/OR CHANGES IN THE SITE AT ANY TIME.</p><p>Dupont Derby AND/OR ITS SUPPLIERS MAKE NO REPRESENTATIONS ABOUT THE SUITABILITY, RELIABILITY, AVAILABILITY, TIMELINESS, AND ACCURACY OF THE INFORMATION, SOFTWARE, PRODUCTS, SERVICES AND RELATED GRAPHICS CONTAINED ON THE SITE FOR ANY PURPOSE. TO THE MAXIMUM EXTENT PERMITTED BY APPLICABLE LAW, ALL SUCH INFORMATION, SOFTWARE, PRODUCTS, SERVICES AND RELATED GRAPHICS ARE PROVIDED “AS IS” WITHOUT WARRANTY OR CONDITION OF ANY KIND. Dupont Derby AND/OR ITS SUPPLIERS HEREBY DISCLAIM ALL WARRANTIES AND CONDITIONS WITH REGARD TO THIS INFORMATION, SOFTWARE, PRODUCTS, SERVICES AND RELATED GRAPHICS, INCLUDING ALL IMPLIED WARRANTIES OR CONDITIONS OF MERCHANTABILITY, FITNESS FOR A PARTICULAR PURPOSE, TITLE AND NON-INFRINGEMENT.</p><p>TO THE MAXIMUM EXTENT PERMITTED BY APPLICABLE LAW, IN NO EVENT SHALL Dupont Derby AND/OR ITS SUPPLIERS BE LIABLE FOR ANY DIRECT, INDIRECT, PUNITIVE, INCIDENTAL, SPECIAL, CONSEQUENTIAL DAMAGES OR ANY DAMAGES WHATSOEVER INCLUDING, WITHOUT LIMITATION, DAMAGES FOR LOSS OF USE, DATA OR PROFITS, ARISING OUT OF OR IN ANY WAY CONNECTED WITH THE USE OR PERFORMANCE OF THE SITE, WITH THE DELAY OR INABILITY TO USE THE SITE OR RELATED SERVICES, THE PROVISION OF OR FAILURE TO PROVIDE SERVICES, OR FOR ANY INFORMATION, SOFTWARE, PRODUCTS, SERVICES AND RELATED GRAPHICS OBTAINED THROUGH THE SITE, OR OTHERWISE ARISING OUT OF THE USE OF THE SITE, WHETHER BASED ON CONTRACT, TORT, NEGLIGENCE, STRICT LIABILITY OR OTHERWISE, EVEN IF Dupont Derby OR ANY OF ITS SUPPLIERS HAS BEEN ADVISED OF THE POSSIBILITY OF DAMAGES. BECAUSE SOME STATES/JURISDICTIONS DO NOT ALLOW THE EXCLUSION OR LIMITATION OF LIABILITY FOR CONSEQUENTIAL OR INCIDENTAL DAMAGES, THE ABOVE LIMITATION MAY NOT APPLY TO YOU. IF YOU ARE DISSATISFIED WITH ANY PORTION OF THE SITE, OR WITH ANY OF THESE TERMS OF USE, YOUR SOLE AND EXCLUSIVE REMEDY IS TO DISCONTINUE USING THE SITE.</p><h2>Termination/Access Restriction</h2><p>Dupont Derby reserves the right, in its sole discretion, to terminate your access to the Site and the related services or any portion thereof at any time, without notice. To the maximum extent permitted by law, this agreement is governed by the laws of the State of Georgia and you hereby consent to the exclusive jurisdiction and venue of courts in Georgia in all disputes arising out of or relating to the use of the Site. Use of the Site is unauthorized in any jurisdiction that does not give effect to all provisions of these Terms, including, without limitation, this section.</p><p>You agree that no joint venture, partnership, employment, or agency relationship exists between you and Dupont Derby as a result of this agreement or use of the Site. Dupont Derby’s performance of this agreement is subject to existing laws and legal process, and nothing contained in this agreement is in derogation of Dupont Derby’s right to comply with governmental, court and law enforcement requests or requirements relating to your use of the Site or information provided to or gathered by Dupont Derby with respect to such use. If any part of this agreement is determined to be invalid or unenforceable pursuant to applicable law including, but not limited to, the warranty disclaimers and liability limitations set forth above, then the invalid or unenforceable provision will be deemed superseded by a valid, enforceable provision that most closely matches the intent of the original provision and the remainder of the agreement shall continue in effect.</p><p>Unless otherwise specified herein, this agreement constitutes the entire agreement between the user and Dupont Derby with respect to the Site and it supersedes all prior or contemporaneous communications and proposals, whether electronic, oral or written, between the user and Dupont Derby with respect to the Site. A printed version of this agreement and of any notice given in electronic form shall be admissible in judicial or administrative proceedings based upon or relating to this agreement to the same extent and subject to the same conditions as other business documents and records originally generated and maintained in printed form. It is the express wish to the parties that this agreement and all related documents be written in English.</p><h2>Changes to Terms</h2><p>Dupont Derby reserves the right, in its sole discretion, to change the Terms under which www.dupontderby.com is offered. The most current version of the Terms will supersede all previous versions. Dupont Derby encourages you to periodically review the Terms to stay informed of our updates.</p><h2>Contact Us</h2><p>Dupont Derby welcomes your questions or comments regarding the Terms:</p><p><strong>Dupont Derby</strong><br />2727 CR 2134<br />Caddo Mills, TX 75135</p><p>Email Address:<br /><a href=\"mailto:Cheri@dupontderby.com\">Cheri@dupontderby.com</a></p><p>Telephone number:<br /><a href=\"tel:7076236959\">707-623-6959</a></p><p>Effective as of February 01, 2021</p>', 'Terms of Service', '', 'publish', 'closed', 'closed', '', 'terms-of-service', '', '', '2021-02-23 00:59:41', '2021-02-23 00:59:41', '', 0, 'http://dupontderby.com/?page_id=444', 0, 'page', '', 0),
(450, 1, '2021-02-23 01:01:11', '2021-02-23 01:01:11', ' ', '', '', 'publish', 'closed', 'closed', '', '450', '', '', '2021-02-23 01:01:11', '2021-02-23 01:01:11', '', 0, 'http://dupontderby.com/?p=450', 2, 'nav_menu_item', '', 0),
(451, 1, '2021-02-23 01:01:10', '2021-02-23 01:01:10', ' ', '', '', 'publish', 'closed', 'closed', '', '451', '', '', '2021-02-23 01:01:10', '2021-02-23 01:01:10', '', 0, 'http://dupontderby.com/?p=451', 1, 'nav_menu_item', '', 0),
(464, 1, '2021-02-25 20:14:30', '2021-02-25 20:14:30', '', 'background', '', 'inherit', 'open', 'closed', '', 'background', '', '', '2021-02-25 20:14:30', '2021-02-25 20:14:30', '', 8, 'http://dupontderby.com/wp-content/uploads/2021/02/background.png', 0, 'attachment', 'image/png', 0),
(471, 1, '2021-02-25 20:18:00', '2021-02-25 20:18:00', '', 'Elementor-post-screenshot_67_2021-02-25-20-18-00_7b8a1cfe.png', '', 'inherit', 'open', 'closed', '', 'elementor-post-screenshot_67_2021-02-25-20-18-00_7b8a1cfe-png', '', '', '2021-02-25 20:18:00', '2021-02-25 20:18:00', '', 67, 'http://dupontderby.com/wp-content/uploads/elementor/screenshots/Elementor-post-screenshot_67_2021-02-25-20-18-00_7b8a1cfe.png', 0, 'attachment', 'image/png', 0),
(482, 1, '2021-02-25 21:04:47', '2021-02-25 21:04:47', '', 'texas', '', 'inherit', 'open', 'closed', '', 'texas', '', '', '2021-03-02 13:21:22', '2021-03-02 13:21:22', '', 20, 'http://dupontderby.com/wp-content/uploads/2021/02/texas.png', 0, 'attachment', 'image/png', 0),
(486, 1, '2021-02-25 21:20:52', '2021-02-25 21:20:52', '', 'horse-icon', '', 'inherit', 'open', 'closed', '', 'horse-icon', '', '', '2021-03-02 13:21:13', '2021-03-02 13:21:13', '', 8, 'http://dupontderby.com/wp-content/uploads/2021/02/horse-icon.png', 0, 'attachment', 'image/png', 0);
INSERT INTO `slPSxposts` (`ID`, `post_author`, `post_date`, `post_date_gmt`, `post_content`, `post_title`, `post_excerpt`, `post_status`, `comment_status`, `ping_status`, `post_password`, `post_name`, `to_ping`, `pinged`, `post_modified`, `post_modified_gmt`, `post_content_filtered`, `post_parent`, `guid`, `menu_order`, `post_type`, `post_mime_type`, `comment_count`) VALUES
(492, 1, '2021-02-25 21:31:23', '2021-02-25 21:31:23', '<h2>Three Karat’s Kat “Rocky\"</h2>		\n										<img width=\"768\" height=\"768\" src=\"http://dupontderby.com/wp-content/uploads/2021/02/Rocky-2019-1--768x768.jpg\" alt=\"\" loading=\"lazy\" srcset=\"http://dupontderby.com/wp-content/uploads/2021/02/Rocky-2019-1--768x768.jpg 768w, http://dupontderby.com/wp-content/uploads/2021/02/Rocky-2019-1--300x300.jpg 300w, http://dupontderby.com/wp-content/uploads/2021/02/Rocky-2019-1--1024x1024.jpg 1024w, http://dupontderby.com/wp-content/uploads/2021/02/Rocky-2019-1--150x150.jpg 150w, http://dupontderby.com/wp-content/uploads/2021/02/Rocky-2019-1-.jpg 1080w\" sizes=\"(max-width: 768px) 100vw, 768px\" />											\n		<p>13 year old - 17’2” hand - Gelding</p><p>Off The Track Thoroughbred (OTTB)</p><p><strong>Specialities: </strong>English - Dressage / Flatwork / Hunter/Jumper / Shows / Trail riding</p><p>Three Karat’s Kat, otherwise known as Rocky, was rescued 6 years ago after he was being listed as a “free” horse on Craigslist. My friend showed me the ad and we contacted the former owner and asked if they would at least list him for a nominal fee so that no “kill” buyers would find the add and take him over the border. My Friend convinced me to go and see him because she would put him in the pasture with her horses and I decided to just go “look” at him because why not, I could only turn around and leave if I didn’t want to take him home. One look at him in his stall, all alone, and 400 lbs underweight and I decided he was coming home with me come hell or high water. He was mine a week later. Bought for $1.00. In the first year I had him, while getting him to weight, he grew a full hand. In that year, I learned he had raced, was dressage trained and loved peppermints.</p>		\n			<h2>Dreamer</h2>		\n										<img width=\"720\" height=\"960\" src=\"http://dupontderby.com/wp-content/uploads/2021/02/dreamer6.jpg\" alt=\"\" loading=\"lazy\" srcset=\"http://dupontderby.com/wp-content/uploads/2021/02/dreamer6.jpg 720w, http://dupontderby.com/wp-content/uploads/2021/02/dreamer6-225x300.jpg 225w\" sizes=\"(max-width: 720px) 100vw, 720px\" />											\n		<p>16 year old - 15’ hand - Mare</p><p>Gypsy Varner</p><p><strong>Specialities:</strong> Western pleasure / Bareback / Trail riding</p><p>Dreamer has been a part of Dupont Derby for the last year. She was found in a Kill Pen by her previous owner and they had half starved her, cut her feathers off of her feet and chopped her mane and tail in half. She spent the last year with her previous owner gaining weight and learning to trust again. Now we have had her and we have found that she loves children. She absolutely adores them and wants to do the best with them. She steps short and quick, like some draft types are want to do, but she loves to please and moves like a dream once she gets moving. She\'s a little slow at first, but she really does enjoy getting out to play. She’s been all over the show circuit as a pleasure horse and can walk trails like the best of them.</p>		\n			<h2>Bellagio “Bella”</h2>		\n										<img width=\"720\" height=\"960\" src=\"http://dupontderby.com/wp-content/uploads/2021/02/bellagio2.jpg\" alt=\"\" loading=\"lazy\" srcset=\"http://dupontderby.com/wp-content/uploads/2021/02/bellagio2.jpg 720w, http://dupontderby.com/wp-content/uploads/2021/02/bellagio2-225x300.jpg 225w\" sizes=\"(max-width: 720px) 100vw, 720px\" />											\n		<p>7 year old - 12’ hand - Gelding</p><p>Shetland Pony</p><p><strong>Specialties:</strong> Western / Bareback / English / Trail riding / Shows / Barrels</p><p>Bellagio, or Bella, as he is called in the barn, is the best little man in the world. He can do it all! We love that he’s a part of our program and look forward to sharing him with our students. He came to us from a pony ride company. He has yet to let us down. He will walk, trot and canter. He will ride pony’d alongside another horse, walk on a lounge line or ride solo depending on the level of the child who is riding him. He is not scared of anything and will go through and over every obstacle that you put him in or through. He is the best teacher a child could have. He will force the child to control him or he will take over, which for some things is good. He teaches confidence and how to sit properly while riding alone or with help.</p>		\n			<h2>Lucy Goosey</h2>		\n										<img width=\"800\" height=\"928\" src=\"http://dupontderby.com/wp-content/uploads/2021/02/Lily-6yrs-on-Lucy-Goosey2.jpg\" alt=\"\" loading=\"lazy\" srcset=\"http://dupontderby.com/wp-content/uploads/2021/02/Lily-6yrs-on-Lucy-Goosey2.jpg 828w, http://dupontderby.com/wp-content/uploads/2021/02/Lily-6yrs-on-Lucy-Goosey2-259x300.jpg 259w, http://dupontderby.com/wp-content/uploads/2021/02/Lily-6yrs-on-Lucy-Goosey2-768x890.jpg 768w\" sizes=\"(max-width: 800px) 100vw, 800px\" />											\n		<p>4 year old - 14’ hand - Mare</p><p>Racking Horse</p><p><strong>Specialities:</strong> Western riding / Trail riding / Pleasure riding</p><p>Lucy Goosey “Lucy”, has a fun and interesting story. She was found in our neighborhood and no one claimed her. We notified all the authorities and after 60 days, we decided she was staying with us. While she has only been with us a short time, we have learned that she is an awesome little horse. She\'s fabulous with beginner riders and fun enough for the advanced. She goes through everything she is pointed at and is not scared of anything. We have primarily used her for fun riding, nothing serious yet. But what we have learned is that she rides well under saddle, that kids love her and she is sweet as sweet as can be. She is timid when you walk up to her in the pasture, but once you have a halter on her, she is a complete angel. She also might be pregnant, so who knows, a little spotted gaited horse might be coming! Keep a lookout on our page to know for sure!</p>		\n			<h2>Agaml Safal</h2>		\n										<img width=\"800\" height=\"560\" src=\"http://dupontderby.com/wp-content/uploads/2021/02/agmal1.jpg\" alt=\"\" loading=\"lazy\" srcset=\"http://dupontderby.com/wp-content/uploads/2021/02/agmal1.jpg 800w, http://dupontderby.com/wp-content/uploads/2021/02/agmal1-300x210.jpg 300w, http://dupontderby.com/wp-content/uploads/2021/02/agmal1-768x538.jpg 768w\" sizes=\"(max-width: 800px) 100vw, 800px\" />											\n		<p>3 year old - 14’2” hand - Gelding</p><p>Arabian</p><p><strong>Specialties:</strong> In Training</p><p>Agaml Safal, is an Arabian Gelding who is very brave indeed. The first time he had ever been out of his pasture or on a horse trailer was when we picked him up from the breeding farm he had been born at! From that day forward, he has had quite the interesting life. He has gone on trail rides being pony’d behind another horse. He has been on horse trailers several times going to fun events to watch and learn and he is even now learning how to pull a cart! This little man is going to be so big for his britches soon we are not sure what is going to stop him! Our ultimate goals with Safal is going to be Endurance riding and Pleasure cart driving. We look forward to all the videos and photos coming up showing how much fun we are having with him!</p>', 'The Horses', '', 'publish', 'closed', 'closed', '', 'the-horses', '', '', '2021-02-25 21:59:46', '2021-02-25 21:59:46', '', 0, 'http://dupontderby.com/?page_id=492', 0, 'page', '', 0),
(494, 1, '2021-02-25 21:35:25', '2021-02-25 21:35:25', ' ', '', '', 'publish', 'closed', 'closed', '', '494', '', '', '2021-03-02 13:09:50', '2021-03-02 13:09:50', '', 0, 'http://dupontderby.com/494', 6, 'nav_menu_item', '', 0),
(520, 1, '2021-02-25 22:40:44', '2021-02-25 22:40:44', '<h2>Assistant Trainer</h2>		\n		<p>I grew up in the middle of midwest suburbia. I have always loved horses and have in some manner been around them. While I didn’t own my own horses growing up, I would spend my free time going to barns and big stables and mucking out stalls, grooming and wherever I could do to get ride time on someones horses. It is also how I started to train for horse shows, working to pay for my ride time and training from the local trainers where I lived.</p><p>Due to my advancement and dedication to riding, I ended up with the opportunity to start riding for some of the local owners in horse shows professionally. I have been doing this for about two years now. While this is not the first professional style of competitions I have done, I was already an accomplished figure skater. Having that experience under my belt already has allowed me to be an effective coach and trainer for students, both adults and children.</p><p>My best experience lies with English riding. I have quite the background in that from stadium jumping, hunter hack, hunt seat and flat work. While my passion is for English riding, due to its elegance and sophistication, I have dabbled my feet in other riding disciplines. I love to ride western pleasure and equitation. I have done some Western pattern work and enjoy running barrels from time to time.</p><p>That’s not the only thing I know how to do with horses however! I was lucky enough to have the opportunity to work with Liberty training for a previous owner. We would put the Mini Horses through quite extensive Liberty tricks and take those Mini’s to children’s homes and hospitals as well as parties to show them off. It made me really enjoy the idea of Circus Arts and start to explore the idea of Vaulting and Gymnastics on Horseback.</p><p>As far as horses go, I have ridden just about everything under the sun and none of it scares me. From the ones that need to be colt started, to the older horse that just needs to be exercised there is not one I don’t love. I was lucky enough to be able to work some of the Midwest’s premiere Arabian horses when I lived out there and now I am beyond thrilled to be working at Dupont Derby with the horses at the Mini Farm.</p><p>I will be taking the beginners through their paces as the lessons start happening at the farm and I am excited to be teaching english and western at the farm. I also am going to be teaching low level stadium jumping and hunters hack. My goal is to help provide a solid base for my students to really thrive! Horses and riders should be able to work as one and I aim to provide that expertise to my students.</p><p>My own current goals is to work on more flatwork and Dressage. I am lucky to have the opportunity to work on Dressage with Three Karat’s Kat, a Second Level Dressage horse and we plan on turning the showing season up on its ear.</p>', 'Kat Anne', '', 'publish', 'closed', 'closed', '', 'kat-anne', '', '', '2021-02-25 22:42:26', '2021-02-25 22:42:26', '', 0, 'http://dupontderby.com/?page_id=520', 0, 'page', '', 0),
(522, 1, '2021-02-25 22:41:50', '2021-02-25 22:41:50', ' ', '', '', 'publish', 'closed', 'closed', '', '522', '', '', '2021-03-02 13:09:50', '2021-03-02 13:09:50', '', 0, 'http://dupontderby.com/522', 5, 'nav_menu_item', '', 0),
(532, 1, '2021-02-25 22:44:20', '2021-02-25 22:44:20', '', 'Staff', '', 'publish', 'closed', 'closed', '', 'staff', '', '', '2021-03-02 13:09:50', '2021-03-02 13:09:50', '', 0, 'http://dupontderby.com/?p=532', 3, 'nav_menu_item', '', 0),
(535, 1, '2021-02-26 00:22:50', '2021-02-26 00:22:50', '', 'Sitemap', '', 'publish', 'closed', 'closed', '', 'sitemap', '', '', '2021-02-26 00:23:20', '2021-02-26 00:23:20', '', 0, 'https://dupontderby.com/?page_id=535', 0, 'page', '', 0),
(542, 1, '2021-02-26 03:05:14', '2021-02-26 03:05:14', '', 'Elementor-post-screenshot_60_2021-02-26-03-05-14_14d52ed1.png', '', 'inherit', 'open', 'closed', '', 'elementor-post-screenshot_60_2021-02-26-03-05-14_14d52ed1-png', '', '', '2021-02-26 03:05:14', '2021-02-26 03:05:14', '', 60, 'https://dupontderby.com/wp-content/uploads/elementor/screenshots/Elementor-post-screenshot_60_2021-02-26-03-05-14_14d52ed1.png', 0, 'attachment', 'image/png', 0),
(545, 1, '2021-02-27 01:35:10', '2021-02-27 01:35:10', '', 'Elementor-post-screenshot_20_2021-02-27-01-35-10_57b35aaf.png', '', 'inherit', 'open', 'closed', '', 'elementor-post-screenshot_20_2021-02-27-01-35-10_57b35aaf-png', '', '', '2021-02-27 01:35:10', '2021-02-27 01:35:10', '', 20, 'https://dupontderby.com/wp-content/uploads/elementor/screenshots/Elementor-post-screenshot_20_2021-02-27-01-35-10_57b35aaf.png', 0, 'attachment', 'image/png', 0),
(546, 1, '2021-02-27 01:35:57', '0000-00-00 00:00:00', '', 'Elementor Header #546', '', 'draft', 'closed', 'closed', '', '', '', '', '2021-02-27 01:35:57', '2021-02-27 01:35:57', '', 0, 'https://dupontderby.com/?post_type=elementor_library&#038;p=546', 0, 'elementor_library', '', 0),
(553, 0, '2021-03-12 01:09:47', '2021-03-12 01:09:47', '', '', '', 'publish', 'closed', 'closed', '', '553', '', '', '2021-03-12 01:09:47', '2021-03-12 01:09:47', '', 0, 'https://dupontderby.com/nf_sub/553/', 0, 'nf_sub', '', 0),
(554, 0, '2021-03-12 03:17:49', '2021-03-12 03:17:49', '', '', '', 'publish', 'closed', 'closed', '', '554', '', '', '2021-03-12 03:17:49', '2021-03-12 03:17:49', '', 0, 'https://dupontderby.com/nf_sub/554/', 0, 'nf_sub', '', 0),
(555, 0, '2021-03-13 02:18:21', '2021-03-13 02:18:21', '', '', '', 'publish', 'closed', 'closed', '', '555', '', '', '2021-03-13 02:18:21', '2021-03-13 02:18:21', '', 0, 'https://dupontderby.com/nf_sub/555/', 0, 'nf_sub', '', 0),
(560, 1, '2021-03-17 19:06:16', '0000-00-00 00:00:00', 'Lorem ipsum dolor sit amet, consectetur adipiscing elit. Ut elit tellus, luctus nec ullamcorper mattis, pulvinar dapibus leo.					\n						<img src=\"https://dupontderby.com/wp-content/plugins/elementor/assets/images/placeholder.png\" alt=\"John Doe\">\n								<cite>John DoeCEO</cite>			\n						Lorem ipsum dolor sit amet, consectetur adipiscing elit. Ut elit tellus, luctus nec ullamcorper mattis, pulvinar dapibus leo.					\n						<img src=\"https://dupontderby.com/wp-content/plugins/elementor/assets/images/placeholder.png\" alt=\"John Doe\">\n								<cite>John DoeCEO</cite>			\n						Lorem ipsum dolor sit amet, consectetur adipiscing elit. Ut elit tellus, luctus nec ullamcorper mattis, pulvinar dapibus leo.					\n						<img src=\"https://dupontderby.com/wp-content/plugins/elementor/assets/images/placeholder.png\" alt=\"John Doe\">\n								<cite>John DoeCEO</cite>			\n							Previous\n							Next', 'Testing Stuff', '', 'draft', 'closed', 'closed', '', '', '', '', '2021-03-17 19:06:16', '2021-03-17 23:06:16', '', 0, 'https://dupontderby.com/?page_id=560', 0, 'page', '', 0),
(565, 0, '2021-03-30 14:06:44', '2021-03-30 18:06:44', '', '', '', 'publish', 'closed', 'closed', '', '565', '', '', '2021-03-30 14:06:44', '2021-03-30 18:06:44', '', 0, 'https://dupontderby.com/nf_sub/565/', 0, 'nf_sub', '', 0),
(569, 1, '2021-04-05 22:01:46', '2021-04-06 02:01:46', '<!-- wp:paragraph -->\n<p>Welcome to WordPress. This is your first post. Edit or delete it, then start writing!</p>\n<!-- /wp:paragraph -->', 'Hello world!', '', 'inherit', 'closed', 'closed', '', '1-revision-v1', '', '', '2021-04-05 22:01:46', '2021-04-06 02:01:46', '', 1, 'https://www.dupontderby.com/?p=569', 0, 'revision', '', 0),
(570, 1, '2021-04-05 22:10:06', '2021-04-06 02:10:06', '', 'Gtag', '', 'publish', 'closed', 'closed', '', 'gtag', '', '', '2021-04-05 22:10:06', '2021-04-06 02:10:06', '', 0, 'https://www.dupontderby.com/?post_type=elementor_snippet&#038;p=570', 0, 'elementor_snippet', '', 0),
(571, 0, '2021-06-11 12:08:48', '2021-06-11 16:08:48', '', '', '', 'publish', 'closed', 'closed', '', '571', '', '', '2021-06-11 12:08:48', '2021-06-11 16:08:48', '', 0, 'https://www.dupontderby.com/nf_sub/571/', 0, 'nf_sub', '', 0),
(572, 0, '2021-07-07 03:16:45', '2021-07-07 07:16:45', '', '', '', 'publish', 'closed', 'closed', '', '572', '', '', '2021-07-07 03:16:45', '2021-07-07 07:16:45', '', 0, 'https://www.dupontderby.com/nf_sub/572/', 0, 'nf_sub', '', 0),
(573, 0, '2021-07-18 17:06:28', '2021-07-18 21:06:28', '', '', '', 'publish', 'closed', 'closed', '', '573', '', '', '2021-07-18 17:06:28', '2021-07-18 21:06:28', '', 0, 'https://www.dupontderby.com/nf_sub/573/', 0, 'nf_sub', '', 0);

-- --------------------------------------------------------

--
-- Table structure for table `slPSxsmush_dir_images`
--

CREATE TABLE `slPSxsmush_dir_images` (
  `id` mediumint(9) NOT NULL,
  `path` text COLLATE utf8mb4_unicode_520_ci NOT NULL,
  `path_hash` char(32) COLLATE utf8mb4_unicode_520_ci DEFAULT NULL,
  `resize` varchar(55) COLLATE utf8mb4_unicode_520_ci DEFAULT NULL,
  `lossy` varchar(55) COLLATE utf8mb4_unicode_520_ci DEFAULT NULL,
  `error` varchar(55) COLLATE utf8mb4_unicode_520_ci DEFAULT NULL,
  `image_size` int(10) UNSIGNED DEFAULT NULL,
  `orig_size` int(10) UNSIGNED DEFAULT NULL,
  `file_time` int(10) UNSIGNED DEFAULT NULL,
  `last_scan` timestamp NOT NULL DEFAULT '0000-00-00 00:00:00',
  `meta` text COLLATE utf8mb4_unicode_520_ci
) ENGINE=InnoDB DEFAULT CHARSET=utf8mb4 COLLATE=utf8mb4_unicode_520_ci;

-- --------------------------------------------------------

--
-- Table structure for table `slPSxsp_domain_mapping`
--

CREATE TABLE `slPSxsp_domain_mapping` (
  `id` int(11) UNSIGNED NOT NULL,
  `domain` varchar(255) DEFAULT NULL,
  `path` varchar(255) DEFAULT NULL,
  `mapped_page_id` int(11) NOT NULL,
  `force_https` tinyint(1) DEFAULT '0'
) ENGINE=InnoDB DEFAULT CHARSET=utf8;

-- --------------------------------------------------------

--
-- Table structure for table `slPSxtermmeta`
--

CREATE TABLE `slPSxtermmeta` (
  `meta_id` bigint(20) UNSIGNED NOT NULL,
  `term_id` bigint(20) UNSIGNED NOT NULL DEFAULT '0',
  `meta_key` varchar(255) COLLATE utf8mb4_unicode_520_ci DEFAULT NULL,
  `meta_value` longtext COLLATE utf8mb4_unicode_520_ci
) ENGINE=InnoDB DEFAULT CHARSET=utf8mb4 COLLATE=utf8mb4_unicode_520_ci;

-- --------------------------------------------------------

--
-- Table structure for table `slPSxterms`
--

CREATE TABLE `slPSxterms` (
  `term_id` bigint(20) UNSIGNED NOT NULL,
  `name` varchar(200) COLLATE utf8mb4_unicode_520_ci NOT NULL DEFAULT '',
  `slug` varchar(200) COLLATE utf8mb4_unicode_520_ci NOT NULL DEFAULT '',
  `term_group` bigint(10) NOT NULL DEFAULT '0'
) ENGINE=InnoDB DEFAULT CHARSET=utf8mb4 COLLATE=utf8mb4_unicode_520_ci;

--
-- Dumping data for table `slPSxterms`
--

INSERT INTO `slPSxterms` (`term_id`, `name`, `slug`, `term_group`) VALUES
(1, 'Uncategorized', 'uncategorized', 0),
(2, 'header', 'header', 0),
(3, 'TopNav', 'topnav', 0),
(4, 'footer', 'footer', 0),
(5, 'single-page', 'single-page', 0),
(6, 'footerNav', 'footernav', 0);

-- --------------------------------------------------------

--
-- Table structure for table `slPSxterm_relationships`
--

CREATE TABLE `slPSxterm_relationships` (
  `object_id` bigint(20) UNSIGNED NOT NULL DEFAULT '0',
  `term_taxonomy_id` bigint(20) UNSIGNED NOT NULL DEFAULT '0',
  `term_order` int(11) NOT NULL DEFAULT '0'
) ENGINE=InnoDB DEFAULT CHARSET=utf8mb4 COLLATE=utf8mb4_unicode_520_ci;

--
-- Dumping data for table `slPSxterm_relationships`
--

INSERT INTO `slPSxterm_relationships` (`object_id`, `term_taxonomy_id`, `term_order`) VALUES
(1, 1, 0),
(20, 2, 0),
(24, 3, 0),
(25, 3, 0),
(38, 3, 0),
(39, 3, 0),
(43, 2, 0),
(47, 2, 0),
(60, 4, 0),
(67, 5, 0),
(177, 3, 0),
(224, 2, 0),
(229, 2, 0),
(273, 2, 0),
(421, 2, 0),
(426, 5, 0),
(442, 2, 0),
(450, 6, 0),
(451, 6, 0),
(452, 4, 0),
(475, 2, 0),
(481, 2, 0),
(488, 2, 0),
(494, 3, 0),
(522, 3, 0),
(532, 3, 0),
(546, 2, 0);

-- --------------------------------------------------------

--
-- Table structure for table `slPSxterm_taxonomy`
--

CREATE TABLE `slPSxterm_taxonomy` (
  `term_taxonomy_id` bigint(20) UNSIGNED NOT NULL,
  `term_id` bigint(20) UNSIGNED NOT NULL DEFAULT '0',
  `taxonomy` varchar(32) COLLATE utf8mb4_unicode_520_ci NOT NULL DEFAULT '',
  `description` longtext COLLATE utf8mb4_unicode_520_ci NOT NULL,
  `parent` bigint(20) UNSIGNED NOT NULL DEFAULT '0',
  `count` bigint(20) NOT NULL DEFAULT '0'
) ENGINE=InnoDB DEFAULT CHARSET=utf8mb4 COLLATE=utf8mb4_unicode_520_ci;

--
-- Dumping data for table `slPSxterm_taxonomy`
--

INSERT INTO `slPSxterm_taxonomy` (`term_taxonomy_id`, `term_id`, `taxonomy`, `description`, `parent`, `count`) VALUES
(1, 1, 'category', '', 0, 0),
(2, 2, 'elementor_library_type', '', 0, 1),
(3, 3, 'nav_menu', '', 0, 8),
(4, 4, 'elementor_library_type', '', 0, 1),
(5, 5, 'elementor_library_type', '', 0, 1),
(6, 6, 'nav_menu', '', 0, 2);

-- --------------------------------------------------------

--
-- Table structure for table `slPSxtm_taskmeta`
--

CREATE TABLE `slPSxtm_taskmeta` (
  `meta_id` bigint(20) NOT NULL,
  `task_id` bigint(20) NOT NULL DEFAULT '0',
  `meta_key` varchar(255) COLLATE utf8mb4_unicode_520_ci DEFAULT NULL,
  `meta_value` longtext COLLATE utf8mb4_unicode_520_ci
) ENGINE=InnoDB DEFAULT CHARSET=utf8mb4 COLLATE=utf8mb4_unicode_520_ci;

-- --------------------------------------------------------

--
-- Table structure for table `slPSxtm_tasks`
--

CREATE TABLE `slPSxtm_tasks` (
  `id` int(11) NOT NULL,
  `user_id` bigint(20) NOT NULL,
  `type` varchar(300) COLLATE utf8mb4_unicode_520_ci NOT NULL,
  `class_identifier` varchar(300) COLLATE utf8mb4_unicode_520_ci DEFAULT '0',
  `attempts` int(11) DEFAULT '0',
  `description` varchar(300) COLLATE utf8mb4_unicode_520_ci DEFAULT NULL,
  `time_created` timestamp NOT NULL DEFAULT CURRENT_TIMESTAMP,
  `last_locked_at` bigint(20) DEFAULT '0',
  `status` varchar(300) COLLATE utf8mb4_unicode_520_ci DEFAULT NULL
) ENGINE=InnoDB DEFAULT CHARSET=utf8mb4 COLLATE=utf8mb4_unicode_520_ci;

-- --------------------------------------------------------

--
-- Table structure for table `slPSxusermeta`
--

CREATE TABLE `slPSxusermeta` (
  `umeta_id` bigint(20) UNSIGNED NOT NULL,
  `user_id` bigint(20) UNSIGNED NOT NULL DEFAULT '0',
  `meta_key` varchar(255) COLLATE utf8mb4_unicode_520_ci DEFAULT NULL,
  `meta_value` longtext COLLATE utf8mb4_unicode_520_ci
) ENGINE=InnoDB DEFAULT CHARSET=utf8mb4 COLLATE=utf8mb4_unicode_520_ci;

--
-- Dumping data for table `slPSxusermeta`
--

INSERT INTO `slPSxusermeta` (`umeta_id`, `user_id`, `meta_key`, `meta_value`) VALUES
(1, 1, 'nickname', 'Morgan Kennedy'),
(2, 1, 'first_name', 'Morgan'),
(3, 1, 'last_name', 'Kennedy'),
(4, 1, 'description', ''),
(5, 1, 'rich_editing', 'true'),
(6, 1, 'syntax_highlighting', 'true'),
(7, 1, 'comment_shortcuts', 'false'),
(8, 1, 'admin_color', 'fresh'),
(9, 1, 'use_ssl', '0'),
(10, 1, 'show_admin_bar_front', 'true'),
(11, 1, 'locale', ''),
(12, 1, 'slPSxcapabilities', 'a:1:{s:13:\"administrator\";b:1;}'),
(13, 1, 'slPSxuser_level', '10'),
(14, 1, 'dismissed_wp_pointers', 'theme_editor_notice'),
(15, 1, 'show_welcome_panel', '0'),
(17, 1, 'slPSxdashboard_quick_press_last_post_id', '575'),
(18, 1, 'community-events-location', 'a:1:{s:2:\"ip\";s:19:\"2601:c0:c87f:c4a1::\";}'),
(19, 1, 'essential_adons_elementor_opt_in', '1'),
(20, 1, 'wpdeveloper_notices_seen', 'a:1:{s:24:\"wpdeveloper_notice_4_4_1\";a:1:{s:25:\"essential_adons_elementor\";a:1:{i:0;s:6:\"opt_in\";}}}'),
(21, 1, 'slPSxelementor_connect_common_data', 'a:7:{s:9:\"client_id\";s:32:\"37gBCHxTYCUCUmM3srD4pFWpDLtpxGPe\";s:11:\"auth_secret\";s:32:\"dHnmKGnsL7MqoZYIoNwfiVN8ylahn8eO\";s:12:\"access_token\";s:32:\"Rqtj7OPFUcPNIuY2zwtpy9LeoIjs2zh7\";s:19:\"access_token_secret\";s:32:\"Z7wX5M3clZF6mbAc9jdHwtrlVx1dTRhk\";s:10:\"token_type\";s:6:\"bearer\";s:4:\"user\";O:8:\"stdClass\":1:{s:5:\"email\";s:23:\"morgan@digitalepona.com\";}s:19:\"data_share_opted_in\";b:1;}'),
(22, 1, 'slPSxuser-settings', 'libraryContent=browse&editor=tinymce&hidetb=1&editor_plain_text_paste_warning=1'),
(23, 1, 'slPSxuser-settings-time', '1614041518'),
(25, 1, 'managenav-menuscolumnshidden', 'a:5:{i:0;s:11:\"link-target\";i:1;s:11:\"css-classes\";i:2;s:3:\"xfn\";i:3;s:11:\"description\";i:4;s:15:\"title-attribute\";}'),
(26, 1, 'metaboxhidden_nav-menus', 'a:2:{i:0;s:28:\"add-post-type-e-landing-page\";i:1;s:12:\"add-post_tag\";}'),
(27, 1, 'nav_menu_recently_edited', '3'),
(28, 2, 'nickname', 'ninjafixer'),
(29, 2, 'first_name', 'Ninja'),
(30, 2, 'last_name', 'Fixer'),
(31, 2, 'description', ''),
(32, 2, 'rich_editing', 'true'),
(33, 2, 'syntax_highlighting', 'true'),
(34, 2, 'comment_shortcuts', 'false'),
(35, 2, 'admin_color', 'fresh'),
(36, 2, 'use_ssl', '0'),
(37, 2, 'show_admin_bar_front', 'true'),
(38, 2, 'locale', ''),
(39, 2, 'slPSxcapabilities', 'a:0:{}'),
(40, 2, 'slPSxuser_level', '0'),
(41, 2, 'dismissed_wp_pointers', '');
INSERT INTO `slPSxusermeta` (`umeta_id`, `user_id`, `meta_key`, `meta_value`) VALUES
(42, 1, 'slPSxnf_form_preview_tmp-1613352133', 'a:4:{s:2:\"id\";s:14:\"tmp-1613352133\";s:8:\"settings\";a:26:{s:10:\"objectType\";s:12:\"Form Setting\";s:10:\"editActive\";b:0;s:5:\"title\";s:27:\"Heavenly Hellhat Order Form\";s:10:\"show_title\";i:1;s:17:\"allow_public_link\";i:0;s:10:\"embed_form\";s:0:\"\";s:14:\"clear_complete\";i:1;s:13:\"hide_complete\";i:1;s:17:\"default_label_pos\";s:5:\"above\";s:13:\"wrapper_class\";s:0:\"\";s:13:\"element_class\";s:0:\"\";s:3:\"key\";s:0:\"\";s:10:\"add_submit\";i:0;s:8:\"currency\";s:0:\"\";s:18:\"unique_field_error\";s:50:\"A form with this value has already been submitted.\";s:9:\"logged_in\";b:0;s:17:\"not_logged_in_msg\";s:0:\"\";s:13:\"sub_limit_msg\";s:42:\"The form has reached its submission limit.\";s:12:\"calculations\";a:0:{}s:34:\"container_styles_show_advanced_css\";i:0;s:30:\"title_styles_show_advanced_css\";i:0;s:28:\"row_styles_show_advanced_css\";i:0;s:32:\"row-odd_styles_show_advanced_css\";i:0;s:36:\"success-msg_styles_show_advanced_css\";i:0;s:34:\"error_msg_styles_show_advanced_css\";i:0;s:15:\"formContentData\";a:9:{i:0;a:2:{s:5:\"order\";i:1;s:5:\"cells\";a:2:{i:0;a:3:{s:5:\"order\";i:0;s:6:\"fields\";a:1:{i:0;s:23:\"firstname_1613352428318\";}s:5:\"width\";i:50;}i:1;a:3:{s:5:\"order\";i:1;s:6:\"fields\";a:1:{i:0;s:22:\"lastname_1613352434875\";}s:5:\"width\";i:50;}}}i:1;a:2:{s:5:\"order\";i:2;s:5:\"cells\";a:1:{i:0;a:3:{s:5:\"order\";i:0;s:6:\"fields\";a:1:{i:0;s:19:\"email_1613352441596\";}s:5:\"width\";s:3:\"100\";}}}i:2;a:2:{s:5:\"order\";i:3;s:5:\"cells\";a:1:{i:0;a:3:{s:5:\"order\";i:0;s:6:\"fields\";a:1:{i:0;s:21:\"address_1613352448291\";}s:5:\"width\";s:3:\"100\";}}}i:3;a:2:{s:5:\"order\";i:4;s:5:\"cells\";a:3:{i:0;a:3:{s:5:\"order\";i:0;s:6:\"fields\";a:1:{i:0;s:18:\"city_1613352452757\";}s:5:\"width\";i:33;}i:1;a:3:{s:5:\"order\";i:1;s:6:\"fields\";a:1:{i:0;s:23:\"liststate_1613352458838\";}s:5:\"width\";i:33;}i:2;a:3:{s:5:\"order\";i:2;s:6:\"fields\";a:1:{i:0;s:17:\"zip_1613352463548\";}s:5:\"width\";i:33;}}}i:4;a:2:{s:5:\"order\";i:5;s:5:\"cells\";a:1:{i:0;a:3:{s:5:\"order\";i:0;s:6:\"fields\";a:1:{i:0;s:19:\"phone_1613352473229\";}s:5:\"width\";s:3:\"100\";}}}i:5;a:2:{s:5:\"order\";i:6;s:5:\"cells\";a:1:{i:0;a:3:{s:5:\"order\";i:0;s:6:\"fields\";a:1:{i:0;s:16:\"hr_1613354447343\";}s:5:\"width\";s:3:\"100\";}}}i:6;a:2:{s:5:\"order\";i:7;s:5:\"cells\";a:1:{i:0;a:3:{s:5:\"order\";i:0;s:6:\"fields\";a:1:{i:0;s:49:\"what_brand_and_model_is_your_helmet_1613354538668\";}s:5:\"width\";s:3:\"100\";}}}i:7;a:2:{s:5:\"order\";i:8;s:5:\"cells\";a:2:{i:0;a:3:{s:5:\"order\";i:0;s:6:\"fields\";a:1:{i:0;s:23:\"what_size_1613354682409\";}s:5:\"width\";i:50;}i:1;a:3:{s:5:\"order\";i:1;s:6:\"fields\";a:1:{i:0;s:24:\"what_color_1613354691557\";}s:5:\"width\";i:50;}}}i:8;a:2:{s:5:\"order\";i:9;s:5:\"cells\";a:1:{i:0;a:3:{s:5:\"order\";i:0;s:6:\"fields\";a:1:{i:0;s:20:\"submit_1613354723575\";}s:5:\"width\";s:3:\"100\";}}}}}s:6:\"fields\";a:13:{s:5:\"tmp-1\";a:1:{s:8:\"settings\";a:39:{s:10:\"objectType\";s:5:\"Field\";s:12:\"objectDomain\";s:6:\"fields\";s:10:\"editActive\";b:0;s:5:\"order\";i:1;s:5:\"label\";s:10:\"First Name\";s:4:\"type\";s:9:\"firstname\";s:3:\"key\";s:23:\"firstname_1613352428318\";s:9:\"label_pos\";s:7:\"default\";s:8:\"required\";i:1;s:7:\"default\";s:0:\"\";s:11:\"placeholder\";s:0:\"\";s:15:\"container_class\";s:0:\"\";s:13:\"element_class\";s:0:\"\";s:11:\"admin_label\";s:0:\"\";s:9:\"help_text\";s:0:\"\";s:21:\"custom_name_attribute\";s:5:\"fname\";s:23:\"personally_identifiable\";s:1:\"1\";s:29:\"wrap_styles_show_advanced_css\";i:0;s:30:\"label_styles_show_advanced_css\";i:0;s:32:\"element_styles_show_advanced_css\";i:0;s:7:\"cellcid\";s:5:\"c3409\";s:5:\"value\";s:0:\"\";s:18:\"wrap_styles_border\";s:0:\"\";s:17:\"wrap_styles_width\";s:0:\"\";s:18:\"wrap_styles_margin\";s:0:\"\";s:19:\"wrap_styles_padding\";s:0:\"\";s:17:\"wrap_styles_float\";s:0:\"\";s:19:\"label_styles_border\";s:0:\"\";s:18:\"label_styles_width\";s:0:\"\";s:22:\"label_styles_font-size\";s:0:\"\";s:19:\"label_styles_margin\";s:0:\"\";s:20:\"label_styles_padding\";s:0:\"\";s:18:\"label_styles_float\";s:0:\"\";s:21:\"element_styles_border\";s:0:\"\";s:20:\"element_styles_width\";s:0:\"\";s:24:\"element_styles_font-size\";s:0:\"\";s:21:\"element_styles_margin\";s:0:\"\";s:22:\"element_styles_padding\";s:0:\"\";s:20:\"element_styles_float\";s:0:\"\";}}s:5:\"tmp-2\";a:1:{s:8:\"settings\";a:39:{s:10:\"objectType\";s:5:\"Field\";s:12:\"objectDomain\";s:6:\"fields\";s:10:\"editActive\";b:0;s:5:\"order\";i:2;s:5:\"label\";s:9:\"Last Name\";s:4:\"type\";s:8:\"lastname\";s:7:\"cellcid\";s:5:\"c3484\";s:3:\"key\";s:22:\"lastname_1613352434875\";s:9:\"label_pos\";s:7:\"default\";s:8:\"required\";i:1;s:7:\"default\";s:0:\"\";s:11:\"placeholder\";s:0:\"\";s:15:\"container_class\";s:0:\"\";s:13:\"element_class\";s:0:\"\";s:11:\"admin_label\";s:0:\"\";s:9:\"help_text\";s:0:\"\";s:21:\"custom_name_attribute\";s:5:\"lname\";s:23:\"personally_identifiable\";s:1:\"1\";s:29:\"wrap_styles_show_advanced_css\";i:0;s:30:\"label_styles_show_advanced_css\";i:0;s:32:\"element_styles_show_advanced_css\";i:0;s:5:\"value\";s:0:\"\";s:18:\"wrap_styles_border\";s:0:\"\";s:17:\"wrap_styles_width\";s:0:\"\";s:18:\"wrap_styles_margin\";s:0:\"\";s:19:\"wrap_styles_padding\";s:0:\"\";s:17:\"wrap_styles_float\";s:0:\"\";s:19:\"label_styles_border\";s:0:\"\";s:18:\"label_styles_width\";s:0:\"\";s:22:\"label_styles_font-size\";s:0:\"\";s:19:\"label_styles_margin\";s:0:\"\";s:20:\"label_styles_padding\";s:0:\"\";s:18:\"label_styles_float\";s:0:\"\";s:21:\"element_styles_border\";s:0:\"\";s:20:\"element_styles_width\";s:0:\"\";s:24:\"element_styles_font-size\";s:0:\"\";s:21:\"element_styles_margin\";s:0:\"\";s:22:\"element_styles_padding\";s:0:\"\";s:20:\"element_styles_float\";s:0:\"\";}}s:5:\"tmp-3\";a:1:{s:8:\"settings\";a:39:{s:10:\"objectType\";s:5:\"Field\";s:12:\"objectDomain\";s:6:\"fields\";s:10:\"editActive\";b:0;s:5:\"order\";i:3;s:5:\"label\";s:5:\"Email\";s:4:\"type\";s:5:\"email\";s:3:\"key\";s:19:\"email_1613352441596\";s:9:\"label_pos\";s:7:\"default\";s:8:\"required\";i:1;s:7:\"default\";s:0:\"\";s:11:\"placeholder\";s:0:\"\";s:15:\"container_class\";s:0:\"\";s:13:\"element_class\";s:0:\"\";s:11:\"admin_label\";s:0:\"\";s:9:\"help_text\";s:0:\"\";s:21:\"custom_name_attribute\";s:5:\"email\";s:23:\"personally_identifiable\";s:1:\"1\";s:29:\"wrap_styles_show_advanced_css\";i:0;s:30:\"label_styles_show_advanced_css\";i:0;s:32:\"element_styles_show_advanced_css\";i:0;s:7:\"cellcid\";s:5:\"c3673\";s:5:\"value\";s:0:\"\";s:18:\"wrap_styles_border\";s:0:\"\";s:17:\"wrap_styles_width\";s:0:\"\";s:18:\"wrap_styles_margin\";s:0:\"\";s:19:\"wrap_styles_padding\";s:0:\"\";s:17:\"wrap_styles_float\";s:0:\"\";s:19:\"label_styles_border\";s:0:\"\";s:18:\"label_styles_width\";s:0:\"\";s:22:\"label_styles_font-size\";s:0:\"\";s:19:\"label_styles_margin\";s:0:\"\";s:20:\"label_styles_padding\";s:0:\"\";s:18:\"label_styles_float\";s:0:\"\";s:21:\"element_styles_border\";s:0:\"\";s:20:\"element_styles_width\";s:0:\"\";s:24:\"element_styles_font-size\";s:0:\"\";s:21:\"element_styles_margin\";s:0:\"\";s:22:\"element_styles_padding\";s:0:\"\";s:20:\"element_styles_float\";s:0:\"\";}}s:5:\"tmp-4\";a:1:{s:8:\"settings\";a:45:{s:10:\"objectType\";s:5:\"Field\";s:12:\"objectDomain\";s:6:\"fields\";s:10:\"editActive\";b:0;s:5:\"order\";i:4;s:5:\"label\";s:7:\"Address\";s:4:\"type\";s:7:\"address\";s:3:\"key\";s:21:\"address_1613352448291\";s:9:\"label_pos\";s:7:\"default\";s:8:\"required\";i:1;s:7:\"default\";s:0:\"\";s:11:\"placeholder\";s:0:\"\";s:15:\"container_class\";s:0:\"\";s:13:\"element_class\";s:0:\"\";s:11:\"input_limit\";s:0:\"\";s:16:\"input_limit_type\";s:10:\"characters\";s:15:\"input_limit_msg\";s:17:\"Character(s) left\";s:10:\"manual_key\";b:0;s:11:\"admin_label\";s:0:\"\";s:9:\"help_text\";s:0:\"\";s:4:\"mask\";s:0:\"\";s:11:\"custom_mask\";s:0:\"\";s:21:\"custom_name_attribute\";s:7:\"address\";s:23:\"personally_identifiable\";s:1:\"1\";s:29:\"wrap_styles_show_advanced_css\";i:0;s:30:\"label_styles_show_advanced_css\";i:0;s:32:\"element_styles_show_advanced_css\";i:0;s:7:\"cellcid\";s:5:\"c3792\";s:5:\"value\";s:0:\"\";s:18:\"wrap_styles_border\";s:0:\"\";s:17:\"wrap_styles_width\";s:0:\"\";s:18:\"wrap_styles_margin\";s:0:\"\";s:19:\"wrap_styles_padding\";s:0:\"\";s:17:\"wrap_styles_float\";s:0:\"\";s:19:\"label_styles_border\";s:0:\"\";s:18:\"label_styles_width\";s:0:\"\";s:22:\"label_styles_font-size\";s:0:\"\";s:19:\"label_styles_margin\";s:0:\"\";s:20:\"label_styles_padding\";s:0:\"\";s:18:\"label_styles_float\";s:0:\"\";s:21:\"element_styles_border\";s:0:\"\";s:20:\"element_styles_width\";s:0:\"\";s:24:\"element_styles_font-size\";s:0:\"\";s:21:\"element_styles_margin\";s:0:\"\";s:22:\"element_styles_padding\";s:0:\"\";s:20:\"element_styles_float\";s:0:\"\";}}s:5:\"tmp-5\";a:1:{s:8:\"settings\";a:45:{s:10:\"objectType\";s:5:\"Field\";s:12:\"objectDomain\";s:6:\"fields\";s:10:\"editActive\";b:0;s:5:\"order\";i:5;s:5:\"label\";s:4:\"City\";s:4:\"type\";s:4:\"city\";s:3:\"key\";s:18:\"city_1613352452757\";s:9:\"label_pos\";s:7:\"default\";s:8:\"required\";i:1;s:7:\"default\";s:0:\"\";s:11:\"placeholder\";s:0:\"\";s:15:\"container_class\";s:0:\"\";s:13:\"element_class\";s:0:\"\";s:11:\"input_limit\";s:0:\"\";s:16:\"input_limit_type\";s:10:\"characters\";s:15:\"input_limit_msg\";s:17:\"Character(s) left\";s:10:\"manual_key\";b:0;s:11:\"admin_label\";s:0:\"\";s:9:\"help_text\";s:0:\"\";s:4:\"mask\";s:0:\"\";s:11:\"custom_mask\";s:0:\"\";s:21:\"custom_name_attribute\";s:4:\"city\";s:23:\"personally_identifiable\";s:0:\"\";s:29:\"wrap_styles_show_advanced_css\";i:0;s:30:\"label_styles_show_advanced_css\";i:0;s:32:\"element_styles_show_advanced_css\";i:0;s:7:\"cellcid\";s:5:\"c3908\";s:5:\"value\";s:0:\"\";s:18:\"wrap_styles_border\";s:0:\"\";s:17:\"wrap_styles_width\";s:0:\"\";s:18:\"wrap_styles_margin\";s:0:\"\";s:19:\"wrap_styles_padding\";s:0:\"\";s:17:\"wrap_styles_float\";s:0:\"\";s:19:\"label_styles_border\";s:0:\"\";s:18:\"label_styles_width\";s:0:\"\";s:22:\"label_styles_font-size\";s:0:\"\";s:19:\"label_styles_margin\";s:0:\"\";s:20:\"label_styles_padding\";s:0:\"\";s:18:\"label_styles_float\";s:0:\"\";s:21:\"element_styles_border\";s:0:\"\";s:20:\"element_styles_width\";s:0:\"\";s:24:\"element_styles_font-size\";s:0:\"\";s:21:\"element_styles_margin\";s:0:\"\";s:22:\"element_styles_padding\";s:0:\"\";s:20:\"element_styles_float\";s:0:\"\";}}s:5:\"tmp-6\";a:1:{s:8:\"settings\";a:59:{s:10:\"objectType\";s:5:\"Field\";s:12:\"objectDomain\";s:6:\"fields\";s:10:\"editActive\";b:0;s:5:\"order\";i:6;s:5:\"label\";s:9:\"US States\";s:4:\"type\";s:9:\"liststate\";s:7:\"cellcid\";s:5:\"c4022\";s:3:\"key\";s:23:\"liststate_1613352458838\";s:9:\"label_pos\";s:7:\"default\";s:8:\"required\";i:1;s:7:\"options\";a:55:{i:0;a:8:{s:6:\"errors\";a:0:{}s:11:\"max_options\";i:0;s:5:\"label\";s:16:\"- Select State -\";s:5:\"value\";s:0:\"\";s:4:\"calc\";s:0:\"\";s:8:\"selected\";i:0;s:5:\"order\";i:0;s:12:\"settingModel\";a:10:{s:8:\"settings\";b:0;s:15:\"hide_merge_tags\";b:0;s:5:\"error\";b:0;s:4:\"name\";s:7:\"options\";s:4:\"type\";s:15:\"option-repeater\";s:5:\"label\";s:159:\"Options <a href=\"#\" class=\"nf-add-new\">Add New</a> <a href=\"#\" class=\"extra nf-open-import-tooltip\"><i class=\"fa fa-sign-in\" aria-hidden=\"true\"></i> Import</a>\";s:5:\"width\";s:4:\"full\";s:5:\"group\";s:0:\"\";s:5:\"value\";a:3:{i:0;a:5:{s:5:\"label\";s:3:\"One\";s:5:\"value\";s:3:\"one\";s:4:\"calc\";s:0:\"\";s:8:\"selected\";i:0;s:5:\"order\";i:0;}i:1;a:5:{s:5:\"label\";s:3:\"Two\";s:5:\"value\";s:3:\"two\";s:4:\"calc\";s:0:\"\";s:8:\"selected\";i:0;s:5:\"order\";i:1;}i:2;a:5:{s:5:\"label\";s:5:\"Three\";s:5:\"value\";s:5:\"three\";s:4:\"calc\";s:0:\"\";s:8:\"selected\";i:0;s:5:\"order\";i:2;}}s:7:\"columns\";a:4:{s:5:\"label\";a:2:{s:6:\"header\";s:5:\"Label\";s:7:\"default\";s:0:\"\";}s:5:\"value\";a:2:{s:6:\"header\";s:5:\"Value\";s:7:\"default\";s:0:\"\";}s:4:\"calc\";a:2:{s:6:\"header\";s:10:\"Calc Value\";s:7:\"default\";s:0:\"\";}s:8:\"selected\";a:2:{s:6:\"header\";s:45:\"<span class=\"dashicons dashicons-yes\"></span>\";s:7:\"default\";i:0;}}}}i:1;a:8:{s:6:\"errors\";a:0:{}s:11:\"max_options\";i:0;s:5:\"label\";s:7:\"Alabama\";s:5:\"value\";s:2:\"AL\";s:4:\"calc\";s:0:\"\";s:8:\"selected\";i:0;s:5:\"order\";i:1;s:12:\"settingModel\";a:10:{s:8:\"settings\";b:0;s:15:\"hide_merge_tags\";b:0;s:5:\"error\";b:0;s:4:\"name\";s:7:\"options\";s:4:\"type\";s:15:\"option-repeater\";s:5:\"label\";s:159:\"Options <a href=\"#\" class=\"nf-add-new\">Add New</a> <a href=\"#\" class=\"extra nf-open-import-tooltip\"><i class=\"fa fa-sign-in\" aria-hidden=\"true\"></i> Import</a>\";s:5:\"width\";s:4:\"full\";s:5:\"group\";s:0:\"\";s:5:\"value\";a:3:{i:0;a:5:{s:5:\"label\";s:3:\"One\";s:5:\"value\";s:3:\"one\";s:4:\"calc\";s:0:\"\";s:8:\"selected\";i:0;s:5:\"order\";i:0;}i:1;a:5:{s:5:\"label\";s:3:\"Two\";s:5:\"value\";s:3:\"two\";s:4:\"calc\";s:0:\"\";s:8:\"selected\";i:0;s:5:\"order\";i:1;}i:2;a:5:{s:5:\"label\";s:5:\"Three\";s:5:\"value\";s:5:\"three\";s:4:\"calc\";s:0:\"\";s:8:\"selected\";i:0;s:5:\"order\";i:2;}}s:7:\"columns\";a:4:{s:5:\"label\";a:2:{s:6:\"header\";s:5:\"Label\";s:7:\"default\";s:0:\"\";}s:5:\"value\";a:2:{s:6:\"header\";s:5:\"Value\";s:7:\"default\";s:0:\"\";}s:4:\"calc\";a:2:{s:6:\"header\";s:10:\"Calc Value\";s:7:\"default\";s:0:\"\";}s:8:\"selected\";a:2:{s:6:\"header\";s:45:\"<span class=\"dashicons dashicons-yes\"></span>\";s:7:\"default\";i:0;}}}}i:2;a:8:{s:6:\"errors\";a:0:{}s:11:\"max_options\";i:0;s:5:\"label\";s:6:\"Alaska\";s:5:\"value\";s:2:\"AK\";s:4:\"calc\";s:0:\"\";s:8:\"selected\";i:0;s:5:\"order\";i:2;s:12:\"settingModel\";a:10:{s:8:\"settings\";b:0;s:15:\"hide_merge_tags\";b:0;s:5:\"error\";b:0;s:4:\"name\";s:7:\"options\";s:4:\"type\";s:15:\"option-repeater\";s:5:\"label\";s:159:\"Options <a href=\"#\" class=\"nf-add-new\">Add New</a> <a href=\"#\" class=\"extra nf-open-import-tooltip\"><i class=\"fa fa-sign-in\" aria-hidden=\"true\"></i> Import</a>\";s:5:\"width\";s:4:\"full\";s:5:\"group\";s:0:\"\";s:5:\"value\";a:3:{i:0;a:5:{s:5:\"label\";s:3:\"One\";s:5:\"value\";s:3:\"one\";s:4:\"calc\";s:0:\"\";s:8:\"selected\";i:0;s:5:\"order\";i:0;}i:1;a:5:{s:5:\"label\";s:3:\"Two\";s:5:\"value\";s:3:\"two\";s:4:\"calc\";s:0:\"\";s:8:\"selected\";i:0;s:5:\"order\";i:1;}i:2;a:5:{s:5:\"label\";s:5:\"Three\";s:5:\"value\";s:5:\"three\";s:4:\"calc\";s:0:\"\";s:8:\"selected\";i:0;s:5:\"order\";i:2;}}s:7:\"columns\";a:4:{s:5:\"label\";a:2:{s:6:\"header\";s:5:\"Label\";s:7:\"default\";s:0:\"\";}s:5:\"value\";a:2:{s:6:\"header\";s:5:\"Value\";s:7:\"default\";s:0:\"\";}s:4:\"calc\";a:2:{s:6:\"header\";s:10:\"Calc Value\";s:7:\"default\";s:0:\"\";}s:8:\"selected\";a:2:{s:6:\"header\";s:45:\"<span class=\"dashicons dashicons-yes\"></span>\";s:7:\"default\";i:0;}}}}i:3;a:8:{s:6:\"errors\";a:0:{}s:11:\"max_options\";i:0;s:5:\"label\";s:7:\"Arizona\";s:5:\"value\";s:2:\"AZ\";s:4:\"calc\";s:0:\"\";s:8:\"selected\";i:0;s:5:\"order\";i:3;s:12:\"settingModel\";a:10:{s:8:\"settings\";b:0;s:15:\"hide_merge_tags\";b:0;s:5:\"error\";b:0;s:4:\"name\";s:7:\"options\";s:4:\"type\";s:15:\"option-repeater\";s:5:\"label\";s:159:\"Options <a href=\"#\" class=\"nf-add-new\">Add New</a> <a href=\"#\" class=\"extra nf-open-import-tooltip\"><i class=\"fa fa-sign-in\" aria-hidden=\"true\"></i> Import</a>\";s:5:\"width\";s:4:\"full\";s:5:\"group\";s:0:\"\";s:5:\"value\";a:3:{i:0;a:5:{s:5:\"label\";s:3:\"One\";s:5:\"value\";s:3:\"one\";s:4:\"calc\";s:0:\"\";s:8:\"selected\";i:0;s:5:\"order\";i:0;}i:1;a:5:{s:5:\"label\";s:3:\"Two\";s:5:\"value\";s:3:\"two\";s:4:\"calc\";s:0:\"\";s:8:\"selected\";i:0;s:5:\"order\";i:1;}i:2;a:5:{s:5:\"label\";s:5:\"Three\";s:5:\"value\";s:5:\"three\";s:4:\"calc\";s:0:\"\";s:8:\"selected\";i:0;s:5:\"order\";i:2;}}s:7:\"columns\";a:4:{s:5:\"label\";a:2:{s:6:\"header\";s:5:\"Label\";s:7:\"default\";s:0:\"\";}s:5:\"value\";a:2:{s:6:\"header\";s:5:\"Value\";s:7:\"default\";s:0:\"\";}s:4:\"calc\";a:2:{s:6:\"header\";s:10:\"Calc Value\";s:7:\"default\";s:0:\"\";}s:8:\"selected\";a:2:{s:6:\"header\";s:45:\"<span class=\"dashicons dashicons-yes\"></span>\";s:7:\"default\";i:0;}}}}i:4;a:8:{s:6:\"errors\";a:0:{}s:11:\"max_options\";i:0;s:5:\"label\";s:8:\"Arkansas\";s:5:\"value\";s:2:\"AR\";s:4:\"calc\";s:0:\"\";s:8:\"selected\";i:0;s:5:\"order\";i:4;s:12:\"settingModel\";a:10:{s:8:\"settings\";b:0;s:15:\"hide_merge_tags\";b:0;s:5:\"error\";b:0;s:4:\"name\";s:7:\"options\";s:4:\"type\";s:15:\"option-repeater\";s:5:\"label\";s:159:\"Options <a href=\"#\" class=\"nf-add-new\">Add New</a> <a href=\"#\" class=\"extra nf-open-import-tooltip\"><i class=\"fa fa-sign-in\" aria-hidden=\"true\"></i> Import</a>\";s:5:\"width\";s:4:\"full\";s:5:\"group\";s:0:\"\";s:5:\"value\";a:3:{i:0;a:5:{s:5:\"label\";s:3:\"One\";s:5:\"value\";s:3:\"one\";s:4:\"calc\";s:0:\"\";s:8:\"selected\";i:0;s:5:\"order\";i:0;}i:1;a:5:{s:5:\"label\";s:3:\"Two\";s:5:\"value\";s:3:\"two\";s:4:\"calc\";s:0:\"\";s:8:\"selected\";i:0;s:5:\"order\";i:1;}i:2;a:5:{s:5:\"label\";s:5:\"Three\";s:5:\"value\";s:5:\"three\";s:4:\"calc\";s:0:\"\";s:8:\"selected\";i:0;s:5:\"order\";i:2;}}s:7:\"columns\";a:4:{s:5:\"label\";a:2:{s:6:\"header\";s:5:\"Label\";s:7:\"default\";s:0:\"\";}s:5:\"value\";a:2:{s:6:\"header\";s:5:\"Value\";s:7:\"default\";s:0:\"\";}s:4:\"calc\";a:2:{s:6:\"header\";s:10:\"Calc Value\";s:7:\"default\";s:0:\"\";}s:8:\"selected\";a:2:{s:6:\"header\";s:45:\"<span class=\"dashicons dashicons-yes\"></span>\";s:7:\"default\";i:0;}}}}i:5;a:8:{s:6:\"errors\";a:0:{}s:11:\"max_options\";i:0;s:5:\"label\";s:10:\"California\";s:5:\"value\";s:2:\"CA\";s:4:\"calc\";s:0:\"\";s:8:\"selected\";i:0;s:5:\"order\";i:5;s:12:\"settingModel\";a:10:{s:8:\"settings\";b:0;s:15:\"hide_merge_tags\";b:0;s:5:\"error\";b:0;s:4:\"name\";s:7:\"options\";s:4:\"type\";s:15:\"option-repeater\";s:5:\"label\";s:159:\"Options <a href=\"#\" class=\"nf-add-new\">Add New</a> <a href=\"#\" class=\"extra nf-open-import-tooltip\"><i class=\"fa fa-sign-in\" aria-hidden=\"true\"></i> Import</a>\";s:5:\"width\";s:4:\"full\";s:5:\"group\";s:0:\"\";s:5:\"value\";a:3:{i:0;a:5:{s:5:\"label\";s:3:\"One\";s:5:\"value\";s:3:\"one\";s:4:\"calc\";s:0:\"\";s:8:\"selected\";i:0;s:5:\"order\";i:0;}i:1;a:5:{s:5:\"label\";s:3:\"Two\";s:5:\"value\";s:3:\"two\";s:4:\"calc\";s:0:\"\";s:8:\"selected\";i:0;s:5:\"order\";i:1;}i:2;a:5:{s:5:\"label\";s:5:\"Three\";s:5:\"value\";s:5:\"three\";s:4:\"calc\";s:0:\"\";s:8:\"selected\";i:0;s:5:\"order\";i:2;}}s:7:\"columns\";a:4:{s:5:\"label\";a:2:{s:6:\"header\";s:5:\"Label\";s:7:\"default\";s:0:\"\";}s:5:\"value\";a:2:{s:6:\"header\";s:5:\"Value\";s:7:\"default\";s:0:\"\";}s:4:\"calc\";a:2:{s:6:\"header\";s:10:\"Calc Value\";s:7:\"default\";s:0:\"\";}s:8:\"selected\";a:2:{s:6:\"header\";s:45:\"<span class=\"dashicons dashicons-yes\"></span>\";s:7:\"default\";i:0;}}}}i:6;a:8:{s:6:\"errors\";a:0:{}s:11:\"max_options\";i:0;s:5:\"label\";s:8:\"Colorado\";s:5:\"value\";s:2:\"CO\";s:4:\"calc\";s:0:\"\";s:8:\"selected\";i:0;s:5:\"order\";i:6;s:12:\"settingModel\";a:10:{s:8:\"settings\";b:0;s:15:\"hide_merge_tags\";b:0;s:5:\"error\";b:0;s:4:\"name\";s:7:\"options\";s:4:\"type\";s:15:\"option-repeater\";s:5:\"label\";s:159:\"Options <a href=\"#\" class=\"nf-add-new\">Add New</a> <a href=\"#\" class=\"extra nf-open-import-tooltip\"><i class=\"fa fa-sign-in\" aria-hidden=\"true\"></i> Import</a>\";s:5:\"width\";s:4:\"full\";s:5:\"group\";s:0:\"\";s:5:\"value\";a:3:{i:0;a:5:{s:5:\"label\";s:3:\"One\";s:5:\"value\";s:3:\"one\";s:4:\"calc\";s:0:\"\";s:8:\"selected\";i:0;s:5:\"order\";i:0;}i:1;a:5:{s:5:\"label\";s:3:\"Two\";s:5:\"value\";s:3:\"two\";s:4:\"calc\";s:0:\"\";s:8:\"selected\";i:0;s:5:\"order\";i:1;}i:2;a:5:{s:5:\"label\";s:5:\"Three\";s:5:\"value\";s:5:\"three\";s:4:\"calc\";s:0:\"\";s:8:\"selected\";i:0;s:5:\"order\";i:2;}}s:7:\"columns\";a:4:{s:5:\"label\";a:2:{s:6:\"header\";s:5:\"Label\";s:7:\"default\";s:0:\"\";}s:5:\"value\";a:2:{s:6:\"header\";s:5:\"Value\";s:7:\"default\";s:0:\"\";}s:4:\"calc\";a:2:{s:6:\"header\";s:10:\"Calc Value\";s:7:\"default\";s:0:\"\";}s:8:\"selected\";a:2:{s:6:\"header\";s:45:\"<span class=\"dashicons dashicons-yes\"></span>\";s:7:\"default\";i:0;}}}}i:7;a:8:{s:6:\"errors\";a:0:{}s:11:\"max_options\";i:0;s:5:\"label\";s:11:\"Connecticut\";s:5:\"value\";s:2:\"CT\";s:4:\"calc\";s:0:\"\";s:8:\"selected\";i:0;s:5:\"order\";i:7;s:12:\"settingModel\";a:10:{s:8:\"settings\";b:0;s:15:\"hide_merge_tags\";b:0;s:5:\"error\";b:0;s:4:\"name\";s:7:\"options\";s:4:\"type\";s:15:\"option-repeater\";s:5:\"label\";s:159:\"Options <a href=\"#\" class=\"nf-add-new\">Add New</a> <a href=\"#\" class=\"extra nf-open-import-tooltip\"><i class=\"fa fa-sign-in\" aria-hidden=\"true\"></i> Import</a>\";s:5:\"width\";s:4:\"full\";s:5:\"group\";s:0:\"\";s:5:\"value\";a:3:{i:0;a:5:{s:5:\"label\";s:3:\"One\";s:5:\"value\";s:3:\"one\";s:4:\"calc\";s:0:\"\";s:8:\"selected\";i:0;s:5:\"order\";i:0;}i:1;a:5:{s:5:\"label\";s:3:\"Two\";s:5:\"value\";s:3:\"two\";s:4:\"calc\";s:0:\"\";s:8:\"selected\";i:0;s:5:\"order\";i:1;}i:2;a:5:{s:5:\"label\";s:5:\"Three\";s:5:\"value\";s:5:\"three\";s:4:\"calc\";s:0:\"\";s:8:\"selected\";i:0;s:5:\"order\";i:2;}}s:7:\"columns\";a:4:{s:5:\"label\";a:2:{s:6:\"header\";s:5:\"Label\";s:7:\"default\";s:0:\"\";}s:5:\"value\";a:2:{s:6:\"header\";s:5:\"Value\";s:7:\"default\";s:0:\"\";}s:4:\"calc\";a:2:{s:6:\"header\";s:10:\"Calc Value\";s:7:\"default\";s:0:\"\";}s:8:\"selected\";a:2:{s:6:\"header\";s:45:\"<span class=\"dashicons dashicons-yes\"></span>\";s:7:\"default\";i:0;}}}}i:8;a:8:{s:6:\"errors\";a:0:{}s:11:\"max_options\";i:0;s:5:\"label\";s:8:\"Delaware\";s:5:\"value\";s:2:\"DE\";s:4:\"calc\";s:0:\"\";s:8:\"selected\";i:0;s:5:\"order\";i:8;s:12:\"settingModel\";a:10:{s:8:\"settings\";b:0;s:15:\"hide_merge_tags\";b:0;s:5:\"error\";b:0;s:4:\"name\";s:7:\"options\";s:4:\"type\";s:15:\"option-repeater\";s:5:\"label\";s:159:\"Options <a href=\"#\" class=\"nf-add-new\">Add New</a> <a href=\"#\" class=\"extra nf-open-import-tooltip\"><i class=\"fa fa-sign-in\" aria-hidden=\"true\"></i> Import</a>\";s:5:\"width\";s:4:\"full\";s:5:\"group\";s:0:\"\";s:5:\"value\";a:3:{i:0;a:5:{s:5:\"label\";s:3:\"One\";s:5:\"value\";s:3:\"one\";s:4:\"calc\";s:0:\"\";s:8:\"selected\";i:0;s:5:\"order\";i:0;}i:1;a:5:{s:5:\"label\";s:3:\"Two\";s:5:\"value\";s:3:\"two\";s:4:\"calc\";s:0:\"\";s:8:\"selected\";i:0;s:5:\"order\";i:1;}i:2;a:5:{s:5:\"label\";s:5:\"Three\";s:5:\"value\";s:5:\"three\";s:4:\"calc\";s:0:\"\";s:8:\"selected\";i:0;s:5:\"order\";i:2;}}s:7:\"columns\";a:4:{s:5:\"label\";a:2:{s:6:\"header\";s:5:\"Label\";s:7:\"default\";s:0:\"\";}s:5:\"value\";a:2:{s:6:\"header\";s:5:\"Value\";s:7:\"default\";s:0:\"\";}s:4:\"calc\";a:2:{s:6:\"header\";s:10:\"Calc Value\";s:7:\"default\";s:0:\"\";}s:8:\"selected\";a:2:{s:6:\"header\";s:45:\"<span class=\"dashicons dashicons-yes\"></span>\";s:7:\"default\";i:0;}}}}i:9;a:8:{s:6:\"errors\";a:0:{}s:11:\"max_options\";i:0;s:5:\"label\";s:7:\"Florida\";s:5:\"value\";s:2:\"FL\";s:4:\"calc\";s:0:\"\";s:8:\"selected\";i:0;s:5:\"order\";i:9;s:12:\"settingModel\";a:10:{s:8:\"settings\";b:0;s:15:\"hide_merge_tags\";b:0;s:5:\"error\";b:0;s:4:\"name\";s:7:\"options\";s:4:\"type\";s:15:\"option-repeater\";s:5:\"label\";s:159:\"Options <a href=\"#\" class=\"nf-add-new\">Add New</a> <a href=\"#\" class=\"extra nf-open-import-tooltip\"><i class=\"fa fa-sign-in\" aria-hidden=\"true\"></i> Import</a>\";s:5:\"width\";s:4:\"full\";s:5:\"group\";s:0:\"\";s:5:\"value\";a:3:{i:0;a:5:{s:5:\"label\";s:3:\"One\";s:5:\"value\";s:3:\"one\";s:4:\"calc\";s:0:\"\";s:8:\"selected\";i:0;s:5:\"order\";i:0;}i:1;a:5:{s:5:\"label\";s:3:\"Two\";s:5:\"value\";s:3:\"two\";s:4:\"calc\";s:0:\"\";s:8:\"selected\";i:0;s:5:\"order\";i:1;}i:2;a:5:{s:5:\"label\";s:5:\"Three\";s:5:\"value\";s:5:\"three\";s:4:\"calc\";s:0:\"\";s:8:\"selected\";i:0;s:5:\"order\";i:2;}}s:7:\"columns\";a:4:{s:5:\"label\";a:2:{s:6:\"header\";s:5:\"Label\";s:7:\"default\";s:0:\"\";}s:5:\"value\";a:2:{s:6:\"header\";s:5:\"Value\";s:7:\"default\";s:0:\"\";}s:4:\"calc\";a:2:{s:6:\"header\";s:10:\"Calc Value\";s:7:\"default\";s:0:\"\";}s:8:\"selected\";a:2:{s:6:\"header\";s:45:\"<span class=\"dashicons dashicons-yes\"></span>\";s:7:\"default\";i:0;}}}}i:10;a:8:{s:6:\"errors\";a:0:{}s:11:\"max_options\";i:0;s:5:\"label\";s:7:\"Georgia\";s:5:\"value\";s:2:\"GA\";s:4:\"calc\";s:0:\"\";s:8:\"selected\";i:0;s:5:\"order\";i:10;s:12:\"settingModel\";a:10:{s:8:\"settings\";b:0;s:15:\"hide_merge_tags\";b:0;s:5:\"error\";b:0;s:4:\"name\";s:7:\"options\";s:4:\"type\";s:15:\"option-repeater\";s:5:\"label\";s:159:\"Options <a href=\"#\" class=\"nf-add-new\">Add New</a> <a href=\"#\" class=\"extra nf-open-import-tooltip\"><i class=\"fa fa-sign-in\" aria-hidden=\"true\"></i> Import</a>\";s:5:\"width\";s:4:\"full\";s:5:\"group\";s:0:\"\";s:5:\"value\";a:3:{i:0;a:5:{s:5:\"label\";s:3:\"One\";s:5:\"value\";s:3:\"one\";s:4:\"calc\";s:0:\"\";s:8:\"selected\";i:0;s:5:\"order\";i:0;}i:1;a:5:{s:5:\"label\";s:3:\"Two\";s:5:\"value\";s:3:\"two\";s:4:\"calc\";s:0:\"\";s:8:\"selected\";i:0;s:5:\"order\";i:1;}i:2;a:5:{s:5:\"label\";s:5:\"Three\";s:5:\"value\";s:5:\"three\";s:4:\"calc\";s:0:\"\";s:8:\"selected\";i:0;s:5:\"order\";i:2;}}s:7:\"columns\";a:4:{s:5:\"label\";a:2:{s:6:\"header\";s:5:\"Label\";s:7:\"default\";s:0:\"\";}s:5:\"value\";a:2:{s:6:\"header\";s:5:\"Value\";s:7:\"default\";s:0:\"\";}s:4:\"calc\";a:2:{s:6:\"header\";s:10:\"Calc Value\";s:7:\"default\";s:0:\"\";}s:8:\"selected\";a:2:{s:6:\"header\";s:45:\"<span class=\"dashicons dashicons-yes\"></span>\";s:7:\"default\";i:0;}}}}i:11;a:8:{s:6:\"errors\";a:0:{}s:11:\"max_options\";i:0;s:5:\"label\";s:6:\"Hawaii\";s:5:\"value\";s:2:\"HI\";s:4:\"calc\";s:0:\"\";s:8:\"selected\";i:0;s:5:\"order\";i:11;s:12:\"settingModel\";a:10:{s:8:\"settings\";b:0;s:15:\"hide_merge_tags\";b:0;s:5:\"error\";b:0;s:4:\"name\";s:7:\"options\";s:4:\"type\";s:15:\"option-repeater\";s:5:\"label\";s:159:\"Options <a href=\"#\" class=\"nf-add-new\">Add New</a> <a href=\"#\" class=\"extra nf-open-import-tooltip\"><i class=\"fa fa-sign-in\" aria-hidden=\"true\"></i> Import</a>\";s:5:\"width\";s:4:\"full\";s:5:\"group\";s:0:\"\";s:5:\"value\";a:3:{i:0;a:5:{s:5:\"label\";s:3:\"One\";s:5:\"value\";s:3:\"one\";s:4:\"calc\";s:0:\"\";s:8:\"selected\";i:0;s:5:\"order\";i:0;}i:1;a:5:{s:5:\"label\";s:3:\"Two\";s:5:\"value\";s:3:\"two\";s:4:\"calc\";s:0:\"\";s:8:\"selected\";i:0;s:5:\"order\";i:1;}i:2;a:5:{s:5:\"label\";s:5:\"Three\";s:5:\"value\";s:5:\"three\";s:4:\"calc\";s:0:\"\";s:8:\"selected\";i:0;s:5:\"order\";i:2;}}s:7:\"columns\";a:4:{s:5:\"label\";a:2:{s:6:\"header\";s:5:\"Label\";s:7:\"default\";s:0:\"\";}s:5:\"value\";a:2:{s:6:\"header\";s:5:\"Value\";s:7:\"default\";s:0:\"\";}s:4:\"calc\";a:2:{s:6:\"header\";s:10:\"Calc Value\";s:7:\"default\";s:0:\"\";}s:8:\"selected\";a:2:{s:6:\"header\";s:45:\"<span class=\"dashicons dashicons-yes\"></span>\";s:7:\"default\";i:0;}}}}i:12;a:8:{s:6:\"errors\";a:0:{}s:11:\"max_options\";i:0;s:5:\"label\";s:5:\"Idaho\";s:5:\"value\";s:2:\"ID\";s:4:\"calc\";s:0:\"\";s:8:\"selected\";i:0;s:5:\"order\";i:12;s:12:\"settingModel\";a:10:{s:8:\"settings\";b:0;s:15:\"hide_merge_tags\";b:0;s:5:\"error\";b:0;s:4:\"name\";s:7:\"options\";s:4:\"type\";s:15:\"option-repeater\";s:5:\"label\";s:159:\"Options <a href=\"#\" class=\"nf-add-new\">Add New</a> <a href=\"#\" class=\"extra nf-open-import-tooltip\"><i class=\"fa fa-sign-in\" aria-hidden=\"true\"></i> Import</a>\";s:5:\"width\";s:4:\"full\";s:5:\"group\";s:0:\"\";s:5:\"value\";a:3:{i:0;a:5:{s:5:\"label\";s:3:\"One\";s:5:\"value\";s:3:\"one\";s:4:\"calc\";s:0:\"\";s:8:\"selected\";i:0;s:5:\"order\";i:0;}i:1;a:5:{s:5:\"label\";s:3:\"Two\";s:5:\"value\";s:3:\"two\";s:4:\"calc\";s:0:\"\";s:8:\"selected\";i:0;s:5:\"order\";i:1;}i:2;a:5:{s:5:\"label\";s:5:\"Three\";s:5:\"value\";s:5:\"three\";s:4:\"calc\";s:0:\"\";s:8:\"selected\";i:0;s:5:\"order\";i:2;}}s:7:\"columns\";a:4:{s:5:\"label\";a:2:{s:6:\"header\";s:5:\"Label\";s:7:\"default\";s:0:\"\";}s:5:\"value\";a:2:{s:6:\"header\";s:5:\"Value\";s:7:\"default\";s:0:\"\";}s:4:\"calc\";a:2:{s:6:\"header\";s:10:\"Calc Value\";s:7:\"default\";s:0:\"\";}s:8:\"selected\";a:2:{s:6:\"header\";s:45:\"<span class=\"dashicons dashicons-yes\"></span>\";s:7:\"default\";i:0;}}}}i:13;a:8:{s:6:\"errors\";a:0:{}s:11:\"max_options\";i:0;s:5:\"label\";s:8:\"Illinois\";s:5:\"value\";s:2:\"IL\";s:4:\"calc\";s:0:\"\";s:8:\"selected\";i:0;s:5:\"order\";i:13;s:12:\"settingModel\";a:10:{s:8:\"settings\";b:0;s:15:\"hide_merge_tags\";b:0;s:5:\"error\";b:0;s:4:\"name\";s:7:\"options\";s:4:\"type\";s:15:\"option-repeater\";s:5:\"label\";s:159:\"Options <a href=\"#\" class=\"nf-add-new\">Add New</a> <a href=\"#\" class=\"extra nf-open-import-tooltip\"><i class=\"fa fa-sign-in\" aria-hidden=\"true\"></i> Import</a>\";s:5:\"width\";s:4:\"full\";s:5:\"group\";s:0:\"\";s:5:\"value\";a:3:{i:0;a:5:{s:5:\"label\";s:3:\"One\";s:5:\"value\";s:3:\"one\";s:4:\"calc\";s:0:\"\";s:8:\"selected\";i:0;s:5:\"order\";i:0;}i:1;a:5:{s:5:\"label\";s:3:\"Two\";s:5:\"value\";s:3:\"two\";s:4:\"calc\";s:0:\"\";s:8:\"selected\";i:0;s:5:\"order\";i:1;}i:2;a:5:{s:5:\"label\";s:5:\"Three\";s:5:\"value\";s:5:\"three\";s:4:\"calc\";s:0:\"\";s:8:\"selected\";i:0;s:5:\"order\";i:2;}}s:7:\"columns\";a:4:{s:5:\"label\";a:2:{s:6:\"header\";s:5:\"Label\";s:7:\"default\";s:0:\"\";}s:5:\"value\";a:2:{s:6:\"header\";s:5:\"Value\";s:7:\"default\";s:0:\"\";}s:4:\"calc\";a:2:{s:6:\"header\";s:10:\"Calc Value\";s:7:\"default\";s:0:\"\";}s:8:\"selected\";a:2:{s:6:\"header\";s:45:\"<span class=\"dashicons dashicons-yes\"></span>\";s:7:\"default\";i:0;}}}}i:14;a:8:{s:6:\"errors\";a:0:{}s:11:\"max_options\";i:0;s:5:\"label\";s:7:\"Indiana\";s:5:\"value\";s:2:\"IN\";s:4:\"calc\";s:0:\"\";s:8:\"selected\";i:0;s:5:\"order\";i:14;s:12:\"settingModel\";a:10:{s:8:\"settings\";b:0;s:15:\"hide_merge_tags\";b:0;s:5:\"error\";b:0;s:4:\"name\";s:7:\"options\";s:4:\"type\";s:15:\"option-repeater\";s:5:\"label\";s:159:\"Options <a href=\"#\" class=\"nf-add-new\">Add New</a> <a href=\"#\" class=\"extra nf-open-import-tooltip\"><i class=\"fa fa-sign-in\" aria-hidden=\"true\"></i> Import</a>\";s:5:\"width\";s:4:\"full\";s:5:\"group\";s:0:\"\";s:5:\"value\";a:3:{i:0;a:5:{s:5:\"label\";s:3:\"One\";s:5:\"value\";s:3:\"one\";s:4:\"calc\";s:0:\"\";s:8:\"selected\";i:0;s:5:\"order\";i:0;}i:1;a:5:{s:5:\"label\";s:3:\"Two\";s:5:\"value\";s:3:\"two\";s:4:\"calc\";s:0:\"\";s:8:\"selected\";i:0;s:5:\"order\";i:1;}i:2;a:5:{s:5:\"label\";s:5:\"Three\";s:5:\"value\";s:5:\"three\";s:4:\"calc\";s:0:\"\";s:8:\"selected\";i:0;s:5:\"order\";i:2;}}s:7:\"columns\";a:4:{s:5:\"label\";a:2:{s:6:\"header\";s:5:\"Label\";s:7:\"default\";s:0:\"\";}s:5:\"value\";a:2:{s:6:\"header\";s:5:\"Value\";s:7:\"default\";s:0:\"\";}s:4:\"calc\";a:2:{s:6:\"header\";s:10:\"Calc Value\";s:7:\"default\";s:0:\"\";}s:8:\"selected\";a:2:{s:6:\"header\";s:45:\"<span class=\"dashicons dashicons-yes\"></span>\";s:7:\"default\";i:0;}}}}i:15;a:8:{s:6:\"errors\";a:0:{}s:11:\"max_options\";i:0;s:5:\"label\";s:4:\"Iowa\";s:5:\"value\";s:2:\"IA\";s:4:\"calc\";s:0:\"\";s:8:\"selected\";i:0;s:5:\"order\";i:15;s:12:\"settingModel\";a:10:{s:8:\"settings\";b:0;s:15:\"hide_merge_tags\";b:0;s:5:\"error\";b:0;s:4:\"name\";s:7:\"options\";s:4:\"type\";s:15:\"option-repeater\";s:5:\"label\";s:159:\"Options <a href=\"#\" class=\"nf-add-new\">Add New</a> <a href=\"#\" class=\"extra nf-open-import-tooltip\"><i class=\"fa fa-sign-in\" aria-hidden=\"true\"></i> Import</a>\";s:5:\"width\";s:4:\"full\";s:5:\"group\";s:0:\"\";s:5:\"value\";a:3:{i:0;a:5:{s:5:\"label\";s:3:\"One\";s:5:\"value\";s:3:\"one\";s:4:\"calc\";s:0:\"\";s:8:\"selected\";i:0;s:5:\"order\";i:0;}i:1;a:5:{s:5:\"label\";s:3:\"Two\";s:5:\"value\";s:3:\"two\";s:4:\"calc\";s:0:\"\";s:8:\"selected\";i:0;s:5:\"order\";i:1;}i:2;a:5:{s:5:\"label\";s:5:\"Three\";s:5:\"value\";s:5:\"three\";s:4:\"calc\";s:0:\"\";s:8:\"selected\";i:0;s:5:\"order\";i:2;}}s:7:\"columns\";a:4:{s:5:\"label\";a:2:{s:6:\"header\";s:5:\"Label\";s:7:\"default\";s:0:\"\";}s:5:\"value\";a:2:{s:6:\"header\";s:5:\"Value\";s:7:\"default\";s:0:\"\";}s:4:\"calc\";a:2:{s:6:\"header\";s:10:\"Calc Value\";s:7:\"default\";s:0:\"\";}s:8:\"selected\";a:2:{s:6:\"header\";s:45:\"<span class=\"dashicons dashicons-yes\"></span>\";s:7:\"default\";i:0;}}}}i:16;a:8:{s:6:\"errors\";a:0:{}s:11:\"max_options\";i:0;s:5:\"label\";s:6:\"Kansas\";s:5:\"value\";s:2:\"KS\";s:4:\"calc\";s:0:\"\";s:8:\"selected\";i:0;s:5:\"order\";i:16;s:12:\"settingModel\";a:10:{s:8:\"settings\";b:0;s:15:\"hide_merge_tags\";b:0;s:5:\"error\";b:0;s:4:\"name\";s:7:\"options\";s:4:\"type\";s:15:\"option-repeater\";s:5:\"label\";s:159:\"Options <a href=\"#\" class=\"nf-add-new\">Add New</a> <a href=\"#\" class=\"extra nf-open-import-tooltip\"><i class=\"fa fa-sign-in\" aria-hidden=\"true\"></i> Import</a>\";s:5:\"width\";s:4:\"full\";s:5:\"group\";s:0:\"\";s:5:\"value\";a:3:{i:0;a:5:{s:5:\"label\";s:3:\"One\";s:5:\"value\";s:3:\"one\";s:4:\"calc\";s:0:\"\";s:8:\"selected\";i:0;s:5:\"order\";i:0;}i:1;a:5:{s:5:\"label\";s:3:\"Two\";s:5:\"value\";s:3:\"two\";s:4:\"calc\";s:0:\"\";s:8:\"selected\";i:0;s:5:\"order\";i:1;}i:2;a:5:{s:5:\"label\";s:5:\"Three\";s:5:\"value\";s:5:\"three\";s:4:\"calc\";s:0:\"\";s:8:\"selected\";i:0;s:5:\"order\";i:2;}}s:7:\"columns\";a:4:{s:5:\"label\";a:2:{s:6:\"header\";s:5:\"Label\";s:7:\"default\";s:0:\"\";}s:5:\"value\";a:2:{s:6:\"header\";s:5:\"Value\";s:7:\"default\";s:0:\"\";}s:4:\"calc\";a:2:{s:6:\"header\";s:10:\"Calc Value\";s:7:\"default\";s:0:\"\";}s:8:\"selected\";a:2:{s:6:\"header\";s:45:\"<span class=\"dashicons dashicons-yes\"></span>\";s:7:\"default\";i:0;}}}}i:17;a:8:{s:6:\"errors\";a:0:{}s:11:\"max_options\";i:0;s:5:\"label\";s:8:\"Kentucky\";s:5:\"value\";s:2:\"KY\";s:4:\"calc\";s:0:\"\";s:8:\"selected\";i:0;s:5:\"order\";i:17;s:12:\"settingModel\";a:10:{s:8:\"settings\";b:0;s:15:\"hide_merge_tags\";b:0;s:5:\"error\";b:0;s:4:\"name\";s:7:\"options\";s:4:\"type\";s:15:\"option-repeater\";s:5:\"label\";s:159:\"Options <a href=\"#\" class=\"nf-add-new\">Add New</a> <a href=\"#\" class=\"extra nf-open-import-tooltip\"><i class=\"fa fa-sign-in\" aria-hidden=\"true\"></i> Import</a>\";s:5:\"width\";s:4:\"full\";s:5:\"group\";s:0:\"\";s:5:\"value\";a:3:{i:0;a:5:{s:5:\"label\";s:3:\"One\";s:5:\"value\";s:3:\"one\";s:4:\"calc\";s:0:\"\";s:8:\"selected\";i:0;s:5:\"order\";i:0;}i:1;a:5:{s:5:\"label\";s:3:\"Two\";s:5:\"value\";s:3:\"two\";s:4:\"calc\";s:0:\"\";s:8:\"selected\";i:0;s:5:\"order\";i:1;}i:2;a:5:{s:5:\"label\";s:5:\"Three\";s:5:\"value\";s:5:\"three\";s:4:\"calc\";s:0:\"\";s:8:\"selected\";i:0;s:5:\"order\";i:2;}}s:7:\"columns\";a:4:{s:5:\"label\";a:2:{s:6:\"header\";s:5:\"Label\";s:7:\"default\";s:0:\"\";}s:5:\"value\";a:2:{s:6:\"header\";s:5:\"Value\";s:7:\"default\";s:0:\"\";}s:4:\"calc\";a:2:{s:6:\"header\";s:10:\"Calc Value\";s:7:\"default\";s:0:\"\";}s:8:\"selected\";a:2:{s:6:\"header\";s:45:\"<span class=\"dashicons dashicons-yes\"></span>\";s:7:\"default\";i:0;}}}}i:18;a:8:{s:6:\"errors\";a:0:{}s:11:\"max_options\";i:0;s:5:\"label\";s:9:\"Louisiana\";s:5:\"value\";s:2:\"LA\";s:4:\"calc\";s:0:\"\";s:8:\"selected\";i:0;s:5:\"order\";i:18;s:12:\"settingModel\";a:10:{s:8:\"settings\";b:0;s:15:\"hide_merge_tags\";b:0;s:5:\"error\";b:0;s:4:\"name\";s:7:\"options\";s:4:\"type\";s:15:\"option-repeater\";s:5:\"label\";s:159:\"Options <a href=\"#\" class=\"nf-add-new\">Add New</a> <a href=\"#\" class=\"extra nf-open-import-tooltip\"><i class=\"fa fa-sign-in\" aria-hidden=\"true\"></i> Import</a>\";s:5:\"width\";s:4:\"full\";s:5:\"group\";s:0:\"\";s:5:\"value\";a:3:{i:0;a:5:{s:5:\"label\";s:3:\"One\";s:5:\"value\";s:3:\"one\";s:4:\"calc\";s:0:\"\";s:8:\"selected\";i:0;s:5:\"order\";i:0;}i:1;a:5:{s:5:\"label\";s:3:\"Two\";s:5:\"value\";s:3:\"two\";s:4:\"calc\";s:0:\"\";s:8:\"selected\";i:0;s:5:\"order\";i:1;}i:2;a:5:{s:5:\"label\";s:5:\"Three\";s:5:\"value\";s:5:\"three\";s:4:\"calc\";s:0:\"\";s:8:\"selected\";i:0;s:5:\"order\";i:2;}}s:7:\"columns\";a:4:{s:5:\"label\";a:2:{s:6:\"header\";s:5:\"Label\";s:7:\"default\";s:0:\"\";}s:5:\"value\";a:2:{s:6:\"header\";s:5:\"Value\";s:7:\"default\";s:0:\"\";}s:4:\"calc\";a:2:{s:6:\"header\";s:10:\"Calc Value\";s:7:\"default\";s:0:\"\";}s:8:\"selected\";a:2:{s:6:\"header\";s:45:\"<span class=\"dashicons dashicons-yes\"></span>\";s:7:\"default\";i:0;}}}}i:19;a:8:{s:6:\"errors\";a:0:{}s:11:\"max_options\";i:0;s:5:\"label\";s:5:\"Maine\";s:5:\"value\";s:2:\"ME\";s:4:\"calc\";s:0:\"\";s:8:\"selected\";i:0;s:5:\"order\";i:19;s:12:\"settingModel\";a:10:{s:8:\"settings\";b:0;s:15:\"hide_merge_tags\";b:0;s:5:\"error\";b:0;s:4:\"name\";s:7:\"options\";s:4:\"type\";s:15:\"option-repeater\";s:5:\"label\";s:159:\"Options <a href=\"#\" class=\"nf-add-new\">Add New</a> <a href=\"#\" class=\"extra nf-open-import-tooltip\"><i class=\"fa fa-sign-in\" aria-hidden=\"true\"></i> Import</a>\";s:5:\"width\";s:4:\"full\";s:5:\"group\";s:0:\"\";s:5:\"value\";a:3:{i:0;a:5:{s:5:\"label\";s:3:\"One\";s:5:\"value\";s:3:\"one\";s:4:\"calc\";s:0:\"\";s:8:\"selected\";i:0;s:5:\"order\";i:0;}i:1;a:5:{s:5:\"label\";s:3:\"Two\";s:5:\"value\";s:3:\"two\";s:4:\"calc\";s:0:\"\";s:8:\"selected\";i:0;s:5:\"order\";i:1;}i:2;a:5:{s:5:\"label\";s:5:\"Three\";s:5:\"value\";s:5:\"three\";s:4:\"calc\";s:0:\"\";s:8:\"selected\";i:0;s:5:\"order\";i:2;}}s:7:\"columns\";a:4:{s:5:\"label\";a:2:{s:6:\"header\";s:5:\"Label\";s:7:\"default\";s:0:\"\";}s:5:\"value\";a:2:{s:6:\"header\";s:5:\"Value\";s:7:\"default\";s:0:\"\";}s:4:\"calc\";a:2:{s:6:\"header\";s:10:\"Calc Value\";s:7:\"default\";s:0:\"\";}s:8:\"selected\";a:2:{s:6:\"header\";s:45:\"<span class=\"dashicons dashicons-yes\"></span>\";s:7:\"default\";i:0;}}}}i:20;a:8:{s:6:\"errors\";a:0:{}s:11:\"max_options\";i:0;s:5:\"label\";s:8:\"Maryland\";s:5:\"value\";s:2:\"MD\";s:4:\"calc\";s:0:\"\";s:8:\"selected\";i:0;s:5:\"order\";i:20;s:12:\"settingModel\";a:10:{s:8:\"settings\";b:0;s:15:\"hide_merge_tags\";b:0;s:5:\"error\";b:0;s:4:\"name\";s:7:\"options\";s:4:\"type\";s:15:\"option-repeater\";s:5:\"label\";s:159:\"Options <a href=\"#\" class=\"nf-add-new\">Add New</a> <a href=\"#\" class=\"extra nf-open-import-tooltip\"><i class=\"fa fa-sign-in\" aria-hidden=\"true\"></i> Import</a>\";s:5:\"width\";s:4:\"full\";s:5:\"group\";s:0:\"\";s:5:\"value\";a:3:{i:0;a:5:{s:5:\"label\";s:3:\"One\";s:5:\"value\";s:3:\"one\";s:4:\"calc\";s:0:\"\";s:8:\"selected\";i:0;s:5:\"order\";i:0;}i:1;a:5:{s:5:\"label\";s:3:\"Two\";s:5:\"value\";s:3:\"two\";s:4:\"calc\";s:0:\"\";s:8:\"selected\";i:0;s:5:\"order\";i:1;}i:2;a:5:{s:5:\"label\";s:5:\"Three\";s:5:\"value\";s:5:\"three\";s:4:\"calc\";s:0:\"\";s:8:\"selected\";i:0;s:5:\"order\";i:2;}}s:7:\"columns\";a:4:{s:5:\"label\";a:2:{s:6:\"header\";s:5:\"Label\";s:7:\"default\";s:0:\"\";}s:5:\"value\";a:2:{s:6:\"header\";s:5:\"Value\";s:7:\"default\";s:0:\"\";}s:4:\"calc\";a:2:{s:6:\"header\";s:10:\"Calc Value\";s:7:\"default\";s:0:\"\";}s:8:\"selected\";a:2:{s:6:\"header\";s:45:\"<span class=\"dashicons dashicons-yes\"></span>\";s:7:\"default\";i:0;}}}}i:21;a:8:{s:6:\"errors\";a:0:{}s:11:\"max_options\";i:0;s:5:\"label\";s:13:\"Massachusetts\";s:5:\"value\";s:2:\"MA\";s:4:\"calc\";s:0:\"\";s:8:\"selected\";i:0;s:5:\"order\";i:21;s:12:\"settingModel\";a:10:{s:8:\"settings\";b:0;s:15:\"hide_merge_tags\";b:0;s:5:\"error\";b:0;s:4:\"name\";s:7:\"options\";s:4:\"type\";s:15:\"option-repeater\";s:5:\"label\";s:159:\"Options <a href=\"#\" class=\"nf-add-new\">Add New</a> <a href=\"#\" class=\"extra nf-open-import-tooltip\"><i class=\"fa fa-sign-in\" aria-hidden=\"true\"></i> Import</a>\";s:5:\"width\";s:4:\"full\";s:5:\"group\";s:0:\"\";s:5:\"value\";a:3:{i:0;a:5:{s:5:\"label\";s:3:\"One\";s:5:\"value\";s:3:\"one\";s:4:\"calc\";s:0:\"\";s:8:\"selected\";i:0;s:5:\"order\";i:0;}i:1;a:5:{s:5:\"label\";s:3:\"Two\";s:5:\"value\";s:3:\"two\";s:4:\"calc\";s:0:\"\";s:8:\"selected\";i:0;s:5:\"order\";i:1;}i:2;a:5:{s:5:\"label\";s:5:\"Three\";s:5:\"value\";s:5:\"three\";s:4:\"calc\";s:0:\"\";s:8:\"selected\";i:0;s:5:\"order\";i:2;}}s:7:\"columns\";a:4:{s:5:\"label\";a:2:{s:6:\"header\";s:5:\"Label\";s:7:\"default\";s:0:\"\";}s:5:\"value\";a:2:{s:6:\"header\";s:5:\"Value\";s:7:\"default\";s:0:\"\";}s:4:\"calc\";a:2:{s:6:\"header\";s:10:\"Calc Value\";s:7:\"default\";s:0:\"\";}s:8:\"selected\";a:2:{s:6:\"header\";s:45:\"<span class=\"dashicons dashicons-yes\"></span>\";s:7:\"default\";i:0;}}}}i:22;a:8:{s:6:\"errors\";a:0:{}s:11:\"max_options\";i:0;s:5:\"label\";s:8:\"Michigan\";s:5:\"value\";s:2:\"MI\";s:4:\"calc\";s:0:\"\";s:8:\"selected\";i:0;s:5:\"order\";i:22;s:12:\"settingModel\";a:10:{s:8:\"settings\";b:0;s:15:\"hide_merge_tags\";b:0;s:5:\"error\";b:0;s:4:\"name\";s:7:\"options\";s:4:\"type\";s:15:\"option-repeater\";s:5:\"label\";s:159:\"Options <a href=\"#\" class=\"nf-add-new\">Add New</a> <a href=\"#\" class=\"extra nf-open-import-tooltip\"><i class=\"fa fa-sign-in\" aria-hidden=\"true\"></i> Import</a>\";s:5:\"width\";s:4:\"full\";s:5:\"group\";s:0:\"\";s:5:\"value\";a:3:{i:0;a:5:{s:5:\"label\";s:3:\"One\";s:5:\"value\";s:3:\"one\";s:4:\"calc\";s:0:\"\";s:8:\"selected\";i:0;s:5:\"order\";i:0;}i:1;a:5:{s:5:\"label\";s:3:\"Two\";s:5:\"value\";s:3:\"two\";s:4:\"calc\";s:0:\"\";s:8:\"selected\";i:0;s:5:\"order\";i:1;}i:2;a:5:{s:5:\"label\";s:5:\"Three\";s:5:\"value\";s:5:\"three\";s:4:\"calc\";s:0:\"\";s:8:\"selected\";i:0;s:5:\"order\";i:2;}}s:7:\"columns\";a:4:{s:5:\"label\";a:2:{s:6:\"header\";s:5:\"Label\";s:7:\"default\";s:0:\"\";}s:5:\"value\";a:2:{s:6:\"header\";s:5:\"Value\";s:7:\"default\";s:0:\"\";}s:4:\"calc\";a:2:{s:6:\"header\";s:10:\"Calc Value\";s:7:\"default\";s:0:\"\";}s:8:\"selected\";a:2:{s:6:\"header\";s:45:\"<span class=\"dashicons dashicons-yes\"></span>\";s:7:\"default\";i:0;}}}}i:23;a:8:{s:6:\"errors\";a:0:{}s:11:\"max_options\";i:0;s:5:\"label\";s:9:\"Minnesota\";s:5:\"value\";s:2:\"MN\";s:4:\"calc\";s:0:\"\";s:8:\"selected\";i:0;s:5:\"order\";i:23;s:12:\"settingModel\";a:10:{s:8:\"settings\";b:0;s:15:\"hide_merge_tags\";b:0;s:5:\"error\";b:0;s:4:\"name\";s:7:\"options\";s:4:\"type\";s:15:\"option-repeater\";s:5:\"label\";s:159:\"Options <a href=\"#\" class=\"nf-add-new\">Add New</a> <a href=\"#\" class=\"extra nf-open-import-tooltip\"><i class=\"fa fa-sign-in\" aria-hidden=\"true\"></i> Import</a>\";s:5:\"width\";s:4:\"full\";s:5:\"group\";s:0:\"\";s:5:\"value\";a:3:{i:0;a:5:{s:5:\"label\";s:3:\"One\";s:5:\"value\";s:3:\"one\";s:4:\"calc\";s:0:\"\";s:8:\"selected\";i:0;s:5:\"order\";i:0;}i:1;a:5:{s:5:\"label\";s:3:\"Two\";s:5:\"value\";s:3:\"two\";s:4:\"calc\";s:0:\"\";s:8:\"selected\";i:0;s:5:\"order\";i:1;}i:2;a:5:{s:5:\"label\";s:5:\"Three\";s:5:\"value\";s:5:\"three\";s:4:\"calc\";s:0:\"\";s:8:\"selected\";i:0;s:5:\"order\";i:2;}}s:7:\"columns\";a:4:{s:5:\"label\";a:2:{s:6:\"header\";s:5:\"Label\";s:7:\"default\";s:0:\"\";}s:5:\"value\";a:2:{s:6:\"header\";s:5:\"Value\";s:7:\"default\";s:0:\"\";}s:4:\"calc\";a:2:{s:6:\"header\";s:10:\"Calc Value\";s:7:\"default\";s:0:\"\";}s:8:\"selected\";a:2:{s:6:\"header\";s:45:\"<span class=\"dashicons dashicons-yes\"></span>\";s:7:\"default\";i:0;}}}}i:24;a:8:{s:6:\"errors\";a:0:{}s:11:\"max_options\";i:0;s:5:\"label\";s:11:\"Mississippi\";s:5:\"value\";s:2:\"MS\";s:4:\"calc\";s:0:\"\";s:8:\"selected\";i:0;s:5:\"order\";i:24;s:12:\"settingModel\";a:10:{s:8:\"settings\";b:0;s:15:\"hide_merge_tags\";b:0;s:5:\"error\";b:0;s:4:\"name\";s:7:\"options\";s:4:\"type\";s:15:\"option-repeater\";s:5:\"label\";s:159:\"Options <a href=\"#\" class=\"nf-add-new\">Add New</a> <a href=\"#\" class=\"extra nf-open-import-tooltip\"><i class=\"fa fa-sign-in\" aria-hidden=\"true\"></i> Import</a>\";s:5:\"width\";s:4:\"full\";s:5:\"group\";s:0:\"\";s:5:\"value\";a:3:{i:0;a:5:{s:5:\"label\";s:3:\"One\";s:5:\"value\";s:3:\"one\";s:4:\"calc\";s:0:\"\";s:8:\"selected\";i:0;s:5:\"order\";i:0;}i:1;a:5:{s:5:\"label\";s:3:\"Two\";s:5:\"value\";s:3:\"two\";s:4:\"calc\";s:0:\"\";s:8:\"selected\";i:0;s:5:\"order\";i:1;}i:2;a:5:{s:5:\"label\";s:5:\"Three\";s:5:\"value\";s:5:\"three\";s:4:\"calc\";s:0:\"\";s:8:\"selected\";i:0;s:5:\"order\";i:2;}}s:7:\"columns\";a:4:{s:5:\"label\";a:2:{s:6:\"header\";s:5:\"Label\";s:7:\"default\";s:0:\"\";}s:5:\"value\";a:2:{s:6:\"header\";s:5:\"Value\";s:7:\"default\";s:0:\"\";}s:4:\"calc\";a:2:{s:6:\"header\";s:10:\"Calc Value\";s:7:\"default\";s:0:\"\";}s:8:\"selected\";a:2:{s:6:\"header\";s:45:\"<span class=\"dashicons dashicons-yes\"></span>\";s:7:\"default\";i:0;}}}}i:25;a:8:{s:6:\"errors\";a:0:{}s:11:\"max_options\";i:0;s:5:\"label\";s:8:\"Missouri\";s:5:\"value\";s:2:\"MO\";s:4:\"calc\";s:0:\"\";s:8:\"selected\";i:0;s:5:\"order\";i:25;s:12:\"settingModel\";a:10:{s:8:\"settings\";b:0;s:15:\"hide_merge_tags\";b:0;s:5:\"error\";b:0;s:4:\"name\";s:7:\"options\";s:4:\"type\";s:15:\"option-repeater\";s:5:\"label\";s:159:\"Options <a href=\"#\" class=\"nf-add-new\">Add New</a> <a href=\"#\" class=\"extra nf-open-import-tooltip\"><i class=\"fa fa-sign-in\" aria-hidden=\"true\"></i> Import</a>\";s:5:\"width\";s:4:\"full\";s:5:\"group\";s:0:\"\";s:5:\"value\";a:3:{i:0;a:5:{s:5:\"label\";s:3:\"One\";s:5:\"value\";s:3:\"one\";s:4:\"calc\";s:0:\"\";s:8:\"selected\";i:0;s:5:\"order\";i:0;}i:1;a:5:{s:5:\"label\";s:3:\"Two\";s:5:\"value\";s:3:\"two\";s:4:\"calc\";s:0:\"\";s:8:\"selected\";i:0;s:5:\"order\";i:1;}i:2;a:5:{s:5:\"label\";s:5:\"Three\";s:5:\"value\";s:5:\"three\";s:4:\"calc\";s:0:\"\";s:8:\"selected\";i:0;s:5:\"order\";i:2;}}s:7:\"columns\";a:4:{s:5:\"label\";a:2:{s:6:\"header\";s:5:\"Label\";s:7:\"default\";s:0:\"\";}s:5:\"value\";a:2:{s:6:\"header\";s:5:\"Value\";s:7:\"default\";s:0:\"\";}s:4:\"calc\";a:2:{s:6:\"header\";s:10:\"Calc Value\";s:7:\"default\";s:0:\"\";}s:8:\"selected\";a:2:{s:6:\"header\";s:45:\"<span class=\"dashicons dashicons-yes\"></span>\";s:7:\"default\";i:0;}}}}i:26;a:8:{s:6:\"errors\";a:0:{}s:11:\"max_options\";i:0;s:5:\"label\";s:7:\"Montana\";s:5:\"value\";s:2:\"MT\";s:4:\"calc\";s:0:\"\";s:8:\"selected\";i:0;s:5:\"order\";i:26;s:12:\"settingModel\";a:10:{s:8:\"settings\";b:0;s:15:\"hide_merge_tags\";b:0;s:5:\"error\";b:0;s:4:\"name\";s:7:\"options\";s:4:\"type\";s:15:\"option-repeater\";s:5:\"label\";s:159:\"Options <a href=\"#\" class=\"nf-add-new\">Add New</a> <a href=\"#\" class=\"extra nf-open-import-tooltip\"><i class=\"fa fa-sign-in\" aria-hidden=\"true\"></i> Import</a>\";s:5:\"width\";s:4:\"full\";s:5:\"group\";s:0:\"\";s:5:\"value\";a:3:{i:0;a:5:{s:5:\"label\";s:3:\"One\";s:5:\"value\";s:3:\"one\";s:4:\"calc\";s:0:\"\";s:8:\"selected\";i:0;s:5:\"order\";i:0;}i:1;a:5:{s:5:\"label\";s:3:\"Two\";s:5:\"value\";s:3:\"two\";s:4:\"calc\";s:0:\"\";s:8:\"selected\";i:0;s:5:\"order\";i:1;}i:2;a:5:{s:5:\"label\";s:5:\"Three\";s:5:\"value\";s:5:\"three\";s:4:\"calc\";s:0:\"\";s:8:\"selected\";i:0;s:5:\"order\";i:2;}}s:7:\"columns\";a:4:{s:5:\"label\";a:2:{s:6:\"header\";s:5:\"Label\";s:7:\"default\";s:0:\"\";}s:5:\"value\";a:2:{s:6:\"header\";s:5:\"Value\";s:7:\"default\";s:0:\"\";}s:4:\"calc\";a:2:{s:6:\"header\";s:10:\"Calc Value\";s:7:\"default\";s:0:\"\";}s:8:\"selected\";a:2:{s:6:\"header\";s:45:\"<span class=\"dashicons dashicons-yes\"></span>\";s:7:\"default\";i:0;}}}}i:27;a:8:{s:6:\"errors\";a:0:{}s:11:\"max_options\";i:0;s:5:\"label\";s:8:\"Nebraska\";s:5:\"value\";s:2:\"NE\";s:4:\"calc\";s:0:\"\";s:8:\"selected\";i:0;s:5:\"order\";i:27;s:12:\"settingModel\";a:10:{s:8:\"settings\";b:0;s:15:\"hide_merge_tags\";b:0;s:5:\"error\";b:0;s:4:\"name\";s:7:\"options\";s:4:\"type\";s:15:\"option-repeater\";s:5:\"label\";s:159:\"Options <a href=\"#\" class=\"nf-add-new\">Add New</a> <a href=\"#\" class=\"extra nf-open-import-tooltip\"><i class=\"fa fa-sign-in\" aria-hidden=\"true\"></i> Import</a>\";s:5:\"width\";s:4:\"full\";s:5:\"group\";s:0:\"\";s:5:\"value\";a:3:{i:0;a:5:{s:5:\"label\";s:3:\"One\";s:5:\"value\";s:3:\"one\";s:4:\"calc\";s:0:\"\";s:8:\"selected\";i:0;s:5:\"order\";i:0;}i:1;a:5:{s:5:\"label\";s:3:\"Two\";s:5:\"value\";s:3:\"two\";s:4:\"calc\";s:0:\"\";s:8:\"selected\";i:0;s:5:\"order\";i:1;}i:2;a:5:{s:5:\"label\";s:5:\"Three\";s:5:\"value\";s:5:\"three\";s:4:\"calc\";s:0:\"\";s:8:\"selected\";i:0;s:5:\"order\";i:2;}}s:7:\"columns\";a:4:{s:5:\"label\";a:2:{s:6:\"header\";s:5:\"Label\";s:7:\"default\";s:0:\"\";}s:5:\"value\";a:2:{s:6:\"header\";s:5:\"Value\";s:7:\"default\";s:0:\"\";}s:4:\"calc\";a:2:{s:6:\"header\";s:10:\"Calc Value\";s:7:\"default\";s:0:\"\";}s:8:\"selected\";a:2:{s:6:\"header\";s:45:\"<span class=\"dashicons dashicons-yes\"></span>\";s:7:\"default\";i:0;}}}}i:28;a:8:{s:6:\"errors\";a:0:{}s:11:\"max_options\";i:0;s:5:\"label\";s:6:\"Nevada\";s:5:\"value\";s:2:\"NV\";s:4:\"calc\";s:0:\"\";s:8:\"selected\";i:0;s:5:\"order\";i:28;s:12:\"settingModel\";a:10:{s:8:\"settings\";b:0;s:15:\"hide_merge_tags\";b:0;s:5:\"error\";b:0;s:4:\"name\";s:7:\"options\";s:4:\"type\";s:15:\"option-repeater\";s:5:\"label\";s:159:\"Options <a href=\"#\" class=\"nf-add-new\">Add New</a> <a href=\"#\" class=\"extra nf-open-import-tooltip\"><i class=\"fa fa-sign-in\" aria-hidden=\"true\"></i> Import</a>\";s:5:\"width\";s:4:\"full\";s:5:\"group\";s:0:\"\";s:5:\"value\";a:3:{i:0;a:5:{s:5:\"label\";s:3:\"One\";s:5:\"value\";s:3:\"one\";s:4:\"calc\";s:0:\"\";s:8:\"selected\";i:0;s:5:\"order\";i:0;}i:1;a:5:{s:5:\"label\";s:3:\"Two\";s:5:\"value\";s:3:\"two\";s:4:\"calc\";s:0:\"\";s:8:\"selected\";i:0;s:5:\"order\";i:1;}i:2;a:5:{s:5:\"label\";s:5:\"Three\";s:5:\"value\";s:5:\"three\";s:4:\"calc\";s:0:\"\";s:8:\"selected\";i:0;s:5:\"order\";i:2;}}s:7:\"columns\";a:4:{s:5:\"label\";a:2:{s:6:\"header\";s:5:\"Label\";s:7:\"default\";s:0:\"\";}s:5:\"value\";a:2:{s:6:\"header\";s:5:\"Value\";s:7:\"default\";s:0:\"\";}s:4:\"calc\";a:2:{s:6:\"header\";s:10:\"Calc Value\";s:7:\"default\";s:0:\"\";}s:8:\"selected\";a:2:{s:6:\"header\";s:45:\"<span class=\"dashicons dashicons-yes\"></span>\";s:7:\"default\";i:0;}}}}i:29;a:8:{s:6:\"errors\";a:0:{}s:11:\"max_options\";i:0;s:5:\"label\";s:13:\"New Hampshire\";s:5:\"value\";s:2:\"NH\";s:4:\"calc\";s:0:\"\";s:8:\"selected\";i:0;s:5:\"order\";i:29;s:12:\"settingModel\";a:10:{s:8:\"settings\";b:0;s:15:\"hide_merge_tags\";b:0;s:5:\"error\";b:0;s:4:\"name\";s:7:\"options\";s:4:\"type\";s:15:\"option-repeater\";s:5:\"label\";s:159:\"Options <a href=\"#\" class=\"nf-add-new\">Add New</a> <a href=\"#\" class=\"extra nf-open-import-tooltip\"><i class=\"fa fa-sign-in\" aria-hidden=\"true\"></i> Import</a>\";s:5:\"width\";s:4:\"full\";s:5:\"group\";s:0:\"\";s:5:\"value\";a:3:{i:0;a:5:{s:5:\"label\";s:3:\"One\";s:5:\"value\";s:3:\"one\";s:4:\"calc\";s:0:\"\";s:8:\"selected\";i:0;s:5:\"order\";i:0;}i:1;a:5:{s:5:\"label\";s:3:\"Two\";s:5:\"value\";s:3:\"two\";s:4:\"calc\";s:0:\"\";s:8:\"selected\";i:0;s:5:\"order\";i:1;}i:2;a:5:{s:5:\"label\";s:5:\"Three\";s:5:\"value\";s:5:\"three\";s:4:\"calc\";s:0:\"\";s:8:\"selected\";i:0;s:5:\"order\";i:2;}}s:7:\"columns\";a:4:{s:5:\"label\";a:2:{s:6:\"header\";s:5:\"Label\";s:7:\"default\";s:0:\"\";}s:5:\"value\";a:2:{s:6:\"header\";s:5:\"Value\";s:7:\"default\";s:0:\"\";}s:4:\"calc\";a:2:{s:6:\"header\";s:10:\"Calc Value\";s:7:\"default\";s:0:\"\";}s:8:\"selected\";a:2:{s:6:\"header\";s:45:\"<span class=\"dashicons dashicons-yes\"></span>\";s:7:\"default\";i:0;}}}}i:30;a:8:{s:6:\"errors\";a:0:{}s:11:\"max_options\";i:0;s:5:\"label\";s:10:\"New Jersey\";s:5:\"value\";s:2:\"NJ\";s:4:\"calc\";s:0:\"\";s:8:\"selected\";i:0;s:5:\"order\";i:30;s:12:\"settingModel\";a:10:{s:8:\"settings\";b:0;s:15:\"hide_merge_tags\";b:0;s:5:\"error\";b:0;s:4:\"name\";s:7:\"options\";s:4:\"type\";s:15:\"option-repeater\";s:5:\"label\";s:159:\"Options <a href=\"#\" class=\"nf-add-new\">Add New</a> <a href=\"#\" class=\"extra nf-open-import-tooltip\"><i class=\"fa fa-sign-in\" aria-hidden=\"true\"></i> Import</a>\";s:5:\"width\";s:4:\"full\";s:5:\"group\";s:0:\"\";s:5:\"value\";a:3:{i:0;a:5:{s:5:\"label\";s:3:\"One\";s:5:\"value\";s:3:\"one\";s:4:\"calc\";s:0:\"\";s:8:\"selected\";i:0;s:5:\"order\";i:0;}i:1;a:5:{s:5:\"label\";s:3:\"Two\";s:5:\"value\";s:3:\"two\";s:4:\"calc\";s:0:\"\";s:8:\"selected\";i:0;s:5:\"order\";i:1;}i:2;a:5:{s:5:\"label\";s:5:\"Three\";s:5:\"value\";s:5:\"three\";s:4:\"calc\";s:0:\"\";s:8:\"selected\";i:0;s:5:\"order\";i:2;}}s:7:\"columns\";a:4:{s:5:\"label\";a:2:{s:6:\"header\";s:5:\"Label\";s:7:\"default\";s:0:\"\";}s:5:\"value\";a:2:{s:6:\"header\";s:5:\"Value\";s:7:\"default\";s:0:\"\";}s:4:\"calc\";a:2:{s:6:\"header\";s:10:\"Calc Value\";s:7:\"default\";s:0:\"\";}s:8:\"selected\";a:2:{s:6:\"header\";s:45:\"<span class=\"dashicons dashicons-yes\"></span>\";s:7:\"default\";i:0;}}}}i:31;a:8:{s:6:\"errors\";a:0:{}s:11:\"max_options\";i:0;s:5:\"label\";s:10:\"New Mexico\";s:5:\"value\";s:2:\"NM\";s:4:\"calc\";s:0:\"\";s:8:\"selected\";i:0;s:5:\"order\";i:31;s:12:\"settingModel\";a:10:{s:8:\"settings\";b:0;s:15:\"hide_merge_tags\";b:0;s:5:\"error\";b:0;s:4:\"name\";s:7:\"options\";s:4:\"type\";s:15:\"option-repeater\";s:5:\"label\";s:159:\"Options <a href=\"#\" class=\"nf-add-new\">Add New</a> <a href=\"#\" class=\"extra nf-open-import-tooltip\"><i class=\"fa fa-sign-in\" aria-hidden=\"true\"></i> Import</a>\";s:5:\"width\";s:4:\"full\";s:5:\"group\";s:0:\"\";s:5:\"value\";a:3:{i:0;a:5:{s:5:\"label\";s:3:\"One\";s:5:\"value\";s:3:\"one\";s:4:\"calc\";s:0:\"\";s:8:\"selected\";i:0;s:5:\"order\";i:0;}i:1;a:5:{s:5:\"label\";s:3:\"Two\";s:5:\"value\";s:3:\"two\";s:4:\"calc\";s:0:\"\";s:8:\"selected\";i:0;s:5:\"order\";i:1;}i:2;a:5:{s:5:\"label\";s:5:\"Three\";s:5:\"value\";s:5:\"three\";s:4:\"calc\";s:0:\"\";s:8:\"selected\";i:0;s:5:\"order\";i:2;}}s:7:\"columns\";a:4:{s:5:\"label\";a:2:{s:6:\"header\";s:5:\"Label\";s:7:\"default\";s:0:\"\";}s:5:\"value\";a:2:{s:6:\"header\";s:5:\"Value\";s:7:\"default\";s:0:\"\";}s:4:\"calc\";a:2:{s:6:\"header\";s:10:\"Calc Value\";s:7:\"default\";s:0:\"\";}s:8:\"selected\";a:2:{s:6:\"header\";s:45:\"<span class=\"dashicons dashicons-yes\"></span>\";s:7:\"default\";i:0;}}}}i:32;a:8:{s:6:\"errors\";a:0:{}s:11:\"max_options\";i:0;s:5:\"label\";s:8:\"New York\";s:5:\"value\";s:2:\"NY\";s:4:\"calc\";s:0:\"\";s:8:\"selected\";i:0;s:5:\"order\";i:32;s:12:\"settingModel\";a:10:{s:8:\"settings\";b:0;s:15:\"hide_merge_tags\";b:0;s:5:\"error\";b:0;s:4:\"name\";s:7:\"options\";s:4:\"type\";s:15:\"option-repeater\";s:5:\"label\";s:159:\"Options <a href=\"#\" class=\"nf-add-new\">Add New</a> <a href=\"#\" class=\"extra nf-open-import-tooltip\"><i class=\"fa fa-sign-in\" aria-hidden=\"true\"></i> Import</a>\";s:5:\"width\";s:4:\"full\";s:5:\"group\";s:0:\"\";s:5:\"value\";a:3:{i:0;a:5:{s:5:\"label\";s:3:\"One\";s:5:\"value\";s:3:\"one\";s:4:\"calc\";s:0:\"\";s:8:\"selected\";i:0;s:5:\"order\";i:0;}i:1;a:5:{s:5:\"label\";s:3:\"Two\";s:5:\"value\";s:3:\"two\";s:4:\"calc\";s:0:\"\";s:8:\"selected\";i:0;s:5:\"order\";i:1;}i:2;a:5:{s:5:\"label\";s:5:\"Three\";s:5:\"value\";s:5:\"three\";s:4:\"calc\";s:0:\"\";s:8:\"selected\";i:0;s:5:\"order\";i:2;}}s:7:\"columns\";a:4:{s:5:\"label\";a:2:{s:6:\"header\";s:5:\"Label\";s:7:\"default\";s:0:\"\";}s:5:\"value\";a:2:{s:6:\"header\";s:5:\"Value\";s:7:\"default\";s:0:\"\";}s:4:\"calc\";a:2:{s:6:\"header\";s:10:\"Calc Value\";s:7:\"default\";s:0:\"\";}s:8:\"selected\";a:2:{s:6:\"header\";s:45:\"<span class=\"dashicons dashicons-yes\"></span>\";s:7:\"default\";i:0;}}}}i:33;a:8:{s:6:\"errors\";a:0:{}s:11:\"max_options\";i:0;s:5:\"label\";s:14:\"North Carolina\";s:5:\"value\";s:2:\"NC\";s:4:\"calc\";s:0:\"\";s:8:\"selected\";i:0;s:5:\"order\";i:33;s:12:\"settingModel\";a:10:{s:8:\"settings\";b:0;s:15:\"hide_merge_tags\";b:0;s:5:\"error\";b:0;s:4:\"name\";s:7:\"options\";s:4:\"type\";s:15:\"option-repeater\";s:5:\"label\";s:159:\"Options <a href=\"#\" class=\"nf-add-new\">Add New</a> <a href=\"#\" class=\"extra nf-open-import-tooltip\"><i class=\"fa fa-sign-in\" aria-hidden=\"true\"></i> Import</a>\";s:5:\"width\";s:4:\"full\";s:5:\"group\";s:0:\"\";s:5:\"value\";a:3:{i:0;a:5:{s:5:\"label\";s:3:\"One\";s:5:\"value\";s:3:\"one\";s:4:\"calc\";s:0:\"\";s:8:\"selected\";i:0;s:5:\"order\";i:0;}i:1;a:5:{s:5:\"label\";s:3:\"Two\";s:5:\"value\";s:3:\"two\";s:4:\"calc\";s:0:\"\";s:8:\"selected\";i:0;s:5:\"order\";i:1;}i:2;a:5:{s:5:\"label\";s:5:\"Three\";s:5:\"value\";s:5:\"three\";s:4:\"calc\";s:0:\"\";s:8:\"selected\";i:0;s:5:\"order\";i:2;}}s:7:\"columns\";a:4:{s:5:\"label\";a:2:{s:6:\"header\";s:5:\"Label\";s:7:\"default\";s:0:\"\";}s:5:\"value\";a:2:{s:6:\"header\";s:5:\"Value\";s:7:\"default\";s:0:\"\";}s:4:\"calc\";a:2:{s:6:\"header\";s:10:\"Calc Value\";s:7:\"default\";s:0:\"\";}s:8:\"selected\";a:2:{s:6:\"header\";s:45:\"<span class=\"dashicons dashicons-yes\"></span>\";s:7:\"default\";i:0;}}}}i:34;a:8:{s:6:\"errors\";a:0:{}s:11:\"max_options\";i:0;s:5:\"label\";s:12:\"North Dakota\";s:5:\"value\";s:2:\"ND\";s:4:\"calc\";s:0:\"\";s:8:\"selected\";i:0;s:5:\"order\";i:34;s:12:\"settingModel\";a:10:{s:8:\"settings\";b:0;s:15:\"hide_merge_tags\";b:0;s:5:\"error\";b:0;s:4:\"name\";s:7:\"options\";s:4:\"type\";s:15:\"option-repeater\";s:5:\"label\";s:159:\"Options <a href=\"#\" class=\"nf-add-new\">Add New</a> <a href=\"#\" class=\"extra nf-open-import-tooltip\"><i class=\"fa fa-sign-in\" aria-hidden=\"true\"></i> Import</a>\";s:5:\"width\";s:4:\"full\";s:5:\"group\";s:0:\"\";s:5:\"value\";a:3:{i:0;a:5:{s:5:\"label\";s:3:\"One\";s:5:\"value\";s:3:\"one\";s:4:\"calc\";s:0:\"\";s:8:\"selected\";i:0;s:5:\"order\";i:0;}i:1;a:5:{s:5:\"label\";s:3:\"Two\";s:5:\"value\";s:3:\"two\";s:4:\"calc\";s:0:\"\";s:8:\"selected\";i:0;s:5:\"order\";i:1;}i:2;a:5:{s:5:\"label\";s:5:\"Three\";s:5:\"value\";s:5:\"three\";s:4:\"calc\";s:0:\"\";s:8:\"selected\";i:0;s:5:\"order\";i:2;}}s:7:\"columns\";a:4:{s:5:\"label\";a:2:{s:6:\"header\";s:5:\"Label\";s:7:\"default\";s:0:\"\";}s:5:\"value\";a:2:{s:6:\"header\";s:5:\"Value\";s:7:\"default\";s:0:\"\";}s:4:\"calc\";a:2:{s:6:\"header\";s:10:\"Calc Value\";s:7:\"default\";s:0:\"\";}s:8:\"selected\";a:2:{s:6:\"header\";s:45:\"<span class=\"dashicons dashicons-yes\"></span>\";s:7:\"default\";i:0;}}}}i:35;a:8:{s:6:\"errors\";a:0:{}s:11:\"max_options\";i:0;s:5:\"label\";s:4:\"Ohio\";s:5:\"value\";s:2:\"OH\";s:4:\"calc\";s:0:\"\";s:8:\"selected\";i:0;s:5:\"order\";i:35;s:12:\"settingModel\";a:10:{s:8:\"settings\";b:0;s:15:\"hide_merge_tags\";b:0;s:5:\"error\";b:0;s:4:\"name\";s:7:\"options\";s:4:\"type\";s:15:\"option-repeater\";s:5:\"label\";s:159:\"Options <a href=\"#\" class=\"nf-add-new\">Add New</a> <a href=\"#\" class=\"extra nf-open-import-tooltip\"><i class=\"fa fa-sign-in\" aria-hidden=\"true\"></i> Import</a>\";s:5:\"width\";s:4:\"full\";s:5:\"group\";s:0:\"\";s:5:\"value\";a:3:{i:0;a:5:{s:5:\"label\";s:3:\"One\";s:5:\"value\";s:3:\"one\";s:4:\"calc\";s:0:\"\";s:8:\"selected\";i:0;s:5:\"order\";i:0;}i:1;a:5:{s:5:\"label\";s:3:\"Two\";s:5:\"value\";s:3:\"two\";s:4:\"calc\";s:0:\"\";s:8:\"selected\";i:0;s:5:\"order\";i:1;}i:2;a:5:{s:5:\"label\";s:5:\"Three\";s:5:\"value\";s:5:\"three\";s:4:\"calc\";s:0:\"\";s:8:\"selected\";i:0;s:5:\"order\";i:2;}}s:7:\"columns\";a:4:{s:5:\"label\";a:2:{s:6:\"header\";s:5:\"Label\";s:7:\"default\";s:0:\"\";}s:5:\"value\";a:2:{s:6:\"header\";s:5:\"Value\";s:7:\"default\";s:0:\"\";}s:4:\"calc\";a:2:{s:6:\"header\";s:10:\"Calc Value\";s:7:\"default\";s:0:\"\";}s:8:\"selected\";a:2:{s:6:\"header\";s:45:\"<span class=\"dashicons dashicons-yes\"></span>\";s:7:\"default\";i:0;}}}}i:36;a:8:{s:6:\"errors\";a:0:{}s:11:\"max_options\";i:0;s:5:\"label\";s:8:\"Oklahoma\";s:5:\"value\";s:2:\"OK\";s:4:\"calc\";s:0:\"\";s:8:\"selected\";i:0;s:5:\"order\";i:36;s:12:\"settingModel\";a:10:{s:8:\"settings\";b:0;s:15:\"hide_merge_tags\";b:0;s:5:\"error\";b:0;s:4:\"name\";s:7:\"options\";s:4:\"type\";s:15:\"option-repeater\";s:5:\"label\";s:159:\"Options <a href=\"#\" class=\"nf-add-new\">Add New</a> <a href=\"#\" class=\"extra nf-open-import-tooltip\"><i class=\"fa fa-sign-in\" aria-hidden=\"true\"></i> Import</a>\";s:5:\"width\";s:4:\"full\";s:5:\"group\";s:0:\"\";s:5:\"value\";a:3:{i:0;a:5:{s:5:\"label\";s:3:\"One\";s:5:\"value\";s:3:\"one\";s:4:\"calc\";s:0:\"\";s:8:\"selected\";i:0;s:5:\"order\";i:0;}i:1;a:5:{s:5:\"label\";s:3:\"Two\";s:5:\"value\";s:3:\"two\";s:4:\"calc\";s:0:\"\";s:8:\"selected\";i:0;s:5:\"order\";i:1;}i:2;a:5:{s:5:\"label\";s:5:\"Three\";s:5:\"value\";s:5:\"three\";s:4:\"calc\";s:0:\"\";s:8:\"selected\";i:0;s:5:\"order\";i:2;}}s:7:\"columns\";a:4:{s:5:\"label\";a:2:{s:6:\"header\";s:5:\"Label\";s:7:\"default\";s:0:\"\";}s:5:\"value\";a:2:{s:6:\"header\";s:5:\"Value\";s:7:\"default\";s:0:\"\";}s:4:\"calc\";a:2:{s:6:\"header\";s:10:\"Calc Value\";s:7:\"default\";s:0:\"\";}s:8:\"selected\";a:2:{s:6:\"header\";s:45:\"<span class=\"dashicons dashicons-yes\"></span>\";s:7:\"default\";i:0;}}}}i:37;a:8:{s:6:\"errors\";a:0:{}s:11:\"max_options\";i:0;s:5:\"label\";s:6:\"Oregon\";s:5:\"value\";s:2:\"OR\";s:4:\"calc\";s:0:\"\";s:8:\"selected\";i:0;s:5:\"order\";i:37;s:12:\"settingModel\";a:10:{s:8:\"settings\";b:0;s:15:\"hide_merge_tags\";b:0;s:5:\"error\";b:0;s:4:\"name\";s:7:\"options\";s:4:\"type\";s:15:\"option-repeater\";s:5:\"label\";s:159:\"Options <a href=\"#\" class=\"nf-add-new\">Add New</a> <a href=\"#\" class=\"extra nf-open-import-tooltip\"><i class=\"fa fa-sign-in\" aria-hidden=\"true\"></i> Import</a>\";s:5:\"width\";s:4:\"full\";s:5:\"group\";s:0:\"\";s:5:\"value\";a:3:{i:0;a:5:{s:5:\"label\";s:3:\"One\";s:5:\"value\";s:3:\"one\";s:4:\"calc\";s:0:\"\";s:8:\"selected\";i:0;s:5:\"order\";i:0;}i:1;a:5:{s:5:\"label\";s:3:\"Two\";s:5:\"value\";s:3:\"two\";s:4:\"calc\";s:0:\"\";s:8:\"selected\";i:0;s:5:\"order\";i:1;}i:2;a:5:{s:5:\"label\";s:5:\"Three\";s:5:\"value\";s:5:\"three\";s:4:\"calc\";s:0:\"\";s:8:\"selected\";i:0;s:5:\"order\";i:2;}}s:7:\"columns\";a:4:{s:5:\"label\";a:2:{s:6:\"header\";s:5:\"Label\";s:7:\"default\";s:0:\"\";}s:5:\"value\";a:2:{s:6:\"header\";s:5:\"Value\";s:7:\"default\";s:0:\"\";}s:4:\"calc\";a:2:{s:6:\"header\";s:10:\"Calc Value\";s:7:\"default\";s:0:\"\";}s:8:\"selected\";a:2:{s:6:\"header\";s:45:\"<span class=\"dashicons dashicons-yes\"></span>\";s:7:\"default\";i:0;}}}}i:38;a:8:{s:6:\"errors\";a:0:{}s:11:\"max_options\";i:0;s:5:\"label\";s:12:\"Pennsylvania\";s:5:\"value\";s:2:\"PA\";s:4:\"calc\";s:0:\"\";s:8:\"selected\";i:0;s:5:\"order\";i:38;s:12:\"settingModel\";a:10:{s:8:\"settings\";b:0;s:15:\"hide_merge_tags\";b:0;s:5:\"error\";b:0;s:4:\"name\";s:7:\"options\";s:4:\"type\";s:15:\"option-repeater\";s:5:\"label\";s:159:\"Options <a href=\"#\" class=\"nf-add-new\">Add New</a> <a href=\"#\" class=\"extra nf-open-import-tooltip\"><i class=\"fa fa-sign-in\" aria-hidden=\"true\"></i> Import</a>\";s:5:\"width\";s:4:\"full\";s:5:\"group\";s:0:\"\";s:5:\"value\";a:3:{i:0;a:5:{s:5:\"label\";s:3:\"One\";s:5:\"value\";s:3:\"one\";s:4:\"calc\";s:0:\"\";s:8:\"selected\";i:0;s:5:\"order\";i:0;}i:1;a:5:{s:5:\"label\";s:3:\"Two\";s:5:\"value\";s:3:\"two\";s:4:\"calc\";s:0:\"\";s:8:\"selected\";i:0;s:5:\"order\";i:1;}i:2;a:5:{s:5:\"label\";s:5:\"Three\";s:5:\"value\";s:5:\"three\";s:4:\"calc\";s:0:\"\";s:8:\"selected\";i:0;s:5:\"order\";i:2;}}s:7:\"columns\";a:4:{s:5:\"label\";a:2:{s:6:\"header\";s:5:\"Label\";s:7:\"default\";s:0:\"\";}s:5:\"value\";a:2:{s:6:\"header\";s:5:\"Value\";s:7:\"default\";s:0:\"\";}s:4:\"calc\";a:2:{s:6:\"header\";s:10:\"Calc Value\";s:7:\"default\";s:0:\"\";}s:8:\"selected\";a:2:{s:6:\"header\";s:45:\"<span class=\"dashicons dashicons-yes\"></span>\";s:7:\"default\";i:0;}}}}i:39;a:8:{s:6:\"errors\";a:0:{}s:11:\"max_options\";i:0;s:5:\"label\";s:12:\"Rhode Island\";s:5:\"value\";s:2:\"RI\";s:4:\"calc\";s:0:\"\";s:8:\"selected\";i:0;s:5:\"order\";i:39;s:12:\"settingModel\";a:10:{s:8:\"settings\";b:0;s:15:\"hide_merge_tags\";b:0;s:5:\"error\";b:0;s:4:\"name\";s:7:\"options\";s:4:\"type\";s:15:\"option-repeater\";s:5:\"label\";s:159:\"Options <a href=\"#\" class=\"nf-add-new\">Add New</a> <a href=\"#\" class=\"extra nf-open-import-tooltip\"><i class=\"fa fa-sign-in\" aria-hidden=\"true\"></i> Import</a>\";s:5:\"width\";s:4:\"full\";s:5:\"group\";s:0:\"\";s:5:\"value\";a:3:{i:0;a:5:{s:5:\"label\";s:3:\"One\";s:5:\"value\";s:3:\"one\";s:4:\"calc\";s:0:\"\";s:8:\"selected\";i:0;s:5:\"order\";i:0;}i:1;a:5:{s:5:\"label\";s:3:\"Two\";s:5:\"value\";s:3:\"two\";s:4:\"calc\";s:0:\"\";s:8:\"selected\";i:0;s:5:\"order\";i:1;}i:2;a:5:{s:5:\"label\";s:5:\"Three\";s:5:\"value\";s:5:\"three\";s:4:\"calc\";s:0:\"\";s:8:\"selected\";i:0;s:5:\"order\";i:2;}}s:7:\"columns\";a:4:{s:5:\"label\";a:2:{s:6:\"header\";s:5:\"Label\";s:7:\"default\";s:0:\"\";}s:5:\"value\";a:2:{s:6:\"header\";s:5:\"Value\";s:7:\"default\";s:0:\"\";}s:4:\"calc\";a:2:{s:6:\"header\";s:10:\"Calc Value\";s:7:\"default\";s:0:\"\";}s:8:\"selected\";a:2:{s:6:\"header\";s:45:\"<span class=\"dashicons dashicons-yes\"></span>\";s:7:\"default\";i:0;}}}}i:40;a:8:{s:6:\"errors\";a:0:{}s:11:\"max_options\";i:0;s:5:\"label\";s:14:\"South Carolina\";s:5:\"value\";s:2:\"SC\";s:4:\"calc\";s:0:\"\";s:8:\"selected\";i:0;s:5:\"order\";i:40;s:12:\"settingModel\";a:10:{s:8:\"settings\";b:0;s:15:\"hide_merge_tags\";b:0;s:5:\"error\";b:0;s:4:\"name\";s:7:\"options\";s:4:\"type\";s:15:\"option-repeater\";s:5:\"label\";s:159:\"Options <a href=\"#\" class=\"nf-add-new\">Add New</a> <a href=\"#\" class=\"extra nf-open-import-tooltip\"><i class=\"fa fa-sign-in\" aria-hidden=\"true\"></i> Import</a>\";s:5:\"width\";s:4:\"full\";s:5:\"group\";s:0:\"\";s:5:\"value\";a:3:{i:0;a:5:{s:5:\"label\";s:3:\"One\";s:5:\"value\";s:3:\"one\";s:4:\"calc\";s:0:\"\";s:8:\"selected\";i:0;s:5:\"order\";i:0;}i:1;a:5:{s:5:\"label\";s:3:\"Two\";s:5:\"value\";s:3:\"two\";s:4:\"calc\";s:0:\"\";s:8:\"selected\";i:0;s:5:\"order\";i:1;}i:2;a:5:{s:5:\"label\";s:5:\"Three\";s:5:\"value\";s:5:\"three\";s:4:\"calc\";s:0:\"\";s:8:\"selected\";i:0;s:5:\"order\";i:2;}}s:7:\"columns\";a:4:{s:5:\"label\";a:2:{s:6:\"header\";s:5:\"Label\";s:7:\"default\";s:0:\"\";}s:5:\"value\";a:2:{s:6:\"header\";s:5:\"Value\";s:7:\"default\";s:0:\"\";}s:4:\"calc\";a:2:{s:6:\"header\";s:10:\"Calc Value\";s:7:\"default\";s:0:\"\";}s:8:\"selected\";a:2:{s:6:\"header\";s:45:\"<span class=\"dashicons dashicons-yes\"></span>\";s:7:\"default\";i:0;}}}}i:41;a:8:{s:6:\"errors\";a:0:{}s:11:\"max_options\";i:0;s:5:\"label\";s:12:\"South Dakota\";s:5:\"value\";s:2:\"SD\";s:4:\"calc\";s:0:\"\";s:8:\"selected\";i:0;s:5:\"order\";i:41;s:12:\"settingModel\";a:10:{s:8:\"settings\";b:0;s:15:\"hide_merge_tags\";b:0;s:5:\"error\";b:0;s:4:\"name\";s:7:\"options\";s:4:\"type\";s:15:\"option-repeater\";s:5:\"label\";s:159:\"Options <a href=\"#\" class=\"nf-add-new\">Add New</a> <a href=\"#\" class=\"extra nf-open-import-tooltip\"><i class=\"fa fa-sign-in\" aria-hidden=\"true\"></i> Import</a>\";s:5:\"width\";s:4:\"full\";s:5:\"group\";s:0:\"\";s:5:\"value\";a:3:{i:0;a:5:{s:5:\"label\";s:3:\"One\";s:5:\"value\";s:3:\"one\";s:4:\"calc\";s:0:\"\";s:8:\"selected\";i:0;s:5:\"order\";i:0;}i:1;a:5:{s:5:\"label\";s:3:\"Two\";s:5:\"value\";s:3:\"two\";s:4:\"calc\";s:0:\"\";s:8:\"selected\";i:0;s:5:\"order\";i:1;}i:2;a:5:{s:5:\"label\";s:5:\"Three\";s:5:\"value\";s:5:\"three\";s:4:\"calc\";s:0:\"\";s:8:\"selected\";i:0;s:5:\"order\";i:2;}}s:7:\"columns\";a:4:{s:5:\"label\";a:2:{s:6:\"header\";s:5:\"Label\";s:7:\"default\";s:0:\"\";}s:5:\"value\";a:2:{s:6:\"header\";s:5:\"Value\";s:7:\"default\";s:0:\"\";}s:4:\"calc\";a:2:{s:6:\"header\";s:10:\"Calc Value\";s:7:\"default\";s:0:\"\";}s:8:\"selected\";a:2:{s:6:\"header\";s:45:\"<span class=\"dashicons dashicons-yes\"></span>\";s:7:\"default\";i:0;}}}}i:42;a:8:{s:6:\"errors\";a:0:{}s:11:\"max_options\";i:0;s:5:\"label\";s:9:\"Tennessee\";s:5:\"value\";s:2:\"TN\";s:4:\"calc\";s:0:\"\";s:8:\"selected\";i:0;s:5:\"order\";i:42;s:12:\"settingModel\";a:10:{s:8:\"settings\";b:0;s:15:\"hide_merge_tags\";b:0;s:5:\"error\";b:0;s:4:\"name\";s:7:\"options\";s:4:\"type\";s:15:\"option-repeater\";s:5:\"label\";s:159:\"Options <a href=\"#\" class=\"nf-add-new\">Add New</a> <a href=\"#\" class=\"extra nf-open-import-tooltip\"><i class=\"fa fa-sign-in\" aria-hidden=\"true\"></i> Import</a>\";s:5:\"width\";s:4:\"full\";s:5:\"group\";s:0:\"\";s:5:\"value\";a:3:{i:0;a:5:{s:5:\"label\";s:3:\"One\";s:5:\"value\";s:3:\"one\";s:4:\"calc\";s:0:\"\";s:8:\"selected\";i:0;s:5:\"order\";i:0;}i:1;a:5:{s:5:\"label\";s:3:\"Two\";s:5:\"value\";s:3:\"two\";s:4:\"calc\";s:0:\"\";s:8:\"selected\";i:0;s:5:\"order\";i:1;}i:2;a:5:{s:5:\"label\";s:5:\"Three\";s:5:\"value\";s:5:\"three\";s:4:\"calc\";s:0:\"\";s:8:\"selected\";i:0;s:5:\"order\";i:2;}}s:7:\"columns\";a:4:{s:5:\"label\";a:2:{s:6:\"header\";s:5:\"Label\";s:7:\"default\";s:0:\"\";}s:5:\"value\";a:2:{s:6:\"header\";s:5:\"Value\";s:7:\"default\";s:0:\"\";}s:4:\"calc\";a:2:{s:6:\"header\";s:10:\"Calc Value\";s:7:\"default\";s:0:\"\";}s:8:\"selected\";a:2:{s:6:\"header\";s:45:\"<span class=\"dashicons dashicons-yes\"></span>\";s:7:\"default\";i:0;}}}}i:43;a:8:{s:6:\"errors\";a:0:{}s:11:\"max_options\";i:0;s:5:\"label\";s:5:\"Texas\";s:5:\"value\";s:2:\"TX\";s:4:\"calc\";s:0:\"\";s:8:\"selected\";i:0;s:5:\"order\";i:43;s:12:\"settingModel\";a:10:{s:8:\"settings\";b:0;s:15:\"hide_merge_tags\";b:0;s:5:\"error\";b:0;s:4:\"name\";s:7:\"options\";s:4:\"type\";s:15:\"option-repeater\";s:5:\"label\";s:159:\"Options <a href=\"#\" class=\"nf-add-new\">Add New</a> <a href=\"#\" class=\"extra nf-open-import-tooltip\"><i class=\"fa fa-sign-in\" aria-hidden=\"true\"></i> Import</a>\";s:5:\"width\";s:4:\"full\";s:5:\"group\";s:0:\"\";s:5:\"value\";a:3:{i:0;a:5:{s:5:\"label\";s:3:\"One\";s:5:\"value\";s:3:\"one\";s:4:\"calc\";s:0:\"\";s:8:\"selected\";i:0;s:5:\"order\";i:0;}i:1;a:5:{s:5:\"label\";s:3:\"Two\";s:5:\"value\";s:3:\"two\";s:4:\"calc\";s:0:\"\";s:8:\"selected\";i:0;s:5:\"order\";i:1;}i:2;a:5:{s:5:\"label\";s:5:\"Three\";s:5:\"value\";s:5:\"three\";s:4:\"calc\";s:0:\"\";s:8:\"selected\";i:0;s:5:\"order\";i:2;}}s:7:\"columns\";a:4:{s:5:\"label\";a:2:{s:6:\"header\";s:5:\"Label\";s:7:\"default\";s:0:\"\";}s:5:\"value\";a:2:{s:6:\"header\";s:5:\"Value\";s:7:\"default\";s:0:\"\";}s:4:\"calc\";a:2:{s:6:\"header\";s:10:\"Calc Value\";s:7:\"default\";s:0:\"\";}s:8:\"selected\";a:2:{s:6:\"header\";s:45:\"<span class=\"dashicons dashicons-yes\"></span>\";s:7:\"default\";i:0;}}}}i:44;a:8:{s:6:\"errors\";a:0:{}s:11:\"max_options\";i:0;s:5:\"label\";s:4:\"Utah\";s:5:\"value\";s:2:\"UT\";s:4:\"calc\";s:0:\"\";s:8:\"selected\";i:0;s:5:\"order\";i:44;s:12:\"settingModel\";a:10:{s:8:\"settings\";b:0;s:15:\"hide_merge_tags\";b:0;s:5:\"error\";b:0;s:4:\"name\";s:7:\"options\";s:4:\"type\";s:15:\"option-repeater\";s:5:\"label\";s:159:\"Options <a href=\"#\" class=\"nf-add-new\">Add New</a> <a href=\"#\" class=\"extra nf-open-import-tooltip\"><i class=\"fa fa-sign-in\" aria-hidden=\"true\"></i> Import</a>\";s:5:\"width\";s:4:\"full\";s:5:\"group\";s:0:\"\";s:5:\"value\";a:3:{i:0;a:5:{s:5:\"label\";s:3:\"One\";s:5:\"value\";s:3:\"one\";s:4:\"calc\";s:0:\"\";s:8:\"selected\";i:0;s:5:\"order\";i:0;}i:1;a:5:{s:5:\"label\";s:3:\"Two\";s:5:\"value\";s:3:\"two\";s:4:\"calc\";s:0:\"\";s:8:\"selected\";i:0;s:5:\"order\";i:1;}i:2;a:5:{s:5:\"label\";s:5:\"Three\";s:5:\"value\";s:5:\"three\";s:4:\"calc\";s:0:\"\";s:8:\"selected\";i:0;s:5:\"order\";i:2;}}s:7:\"columns\";a:4:{s:5:\"label\";a:2:{s:6:\"header\";s:5:\"Label\";s:7:\"default\";s:0:\"\";}s:5:\"value\";a:2:{s:6:\"header\";s:5:\"Value\";s:7:\"default\";s:0:\"\";}s:4:\"calc\";a:2:{s:6:\"header\";s:10:\"Calc Value\";s:7:\"default\";s:0:\"\";}s:8:\"selected\";a:2:{s:6:\"header\";s:45:\"<span class=\"dashicons dashicons-yes\"></span>\";s:7:\"default\";i:0;}}}}i:45;a:8:{s:6:\"errors\";a:0:{}s:11:\"max_options\";i:0;s:5:\"label\";s:7:\"Vermont\";s:5:\"value\";s:2:\"VT\";s:4:\"calc\";s:0:\"\";s:8:\"selected\";i:0;s:5:\"order\";i:45;s:12:\"settingModel\";a:10:{s:8:\"settings\";b:0;s:15:\"hide_merge_tags\";b:0;s:5:\"error\";b:0;s:4:\"name\";s:7:\"options\";s:4:\"type\";s:15:\"option-repeater\";s:5:\"label\";s:159:\"Options <a href=\"#\" class=\"nf-add-new\">Add New</a> <a href=\"#\" class=\"extra nf-open-import-tooltip\"><i class=\"fa fa-sign-in\" aria-hidden=\"true\"></i> Import</a>\";s:5:\"width\";s:4:\"full\";s:5:\"group\";s:0:\"\";s:5:\"value\";a:3:{i:0;a:5:{s:5:\"label\";s:3:\"One\";s:5:\"value\";s:3:\"one\";s:4:\"calc\";s:0:\"\";s:8:\"selected\";i:0;s:5:\"order\";i:0;}i:1;a:5:{s:5:\"label\";s:3:\"Two\";s:5:\"value\";s:3:\"two\";s:4:\"calc\";s:0:\"\";s:8:\"selected\";i:0;s:5:\"order\";i:1;}i:2;a:5:{s:5:\"label\";s:5:\"Three\";s:5:\"value\";s:5:\"three\";s:4:\"calc\";s:0:\"\";s:8:\"selected\";i:0;s:5:\"order\";i:2;}}s:7:\"columns\";a:4:{s:5:\"label\";a:2:{s:6:\"header\";s:5:\"Label\";s:7:\"default\";s:0:\"\";}s:5:\"value\";a:2:{s:6:\"header\";s:5:\"Value\";s:7:\"default\";s:0:\"\";}s:4:\"calc\";a:2:{s:6:\"header\";s:10:\"Calc Value\";s:7:\"default\";s:0:\"\";}s:8:\"selected\";a:2:{s:6:\"header\";s:45:\"<span class=\"dashicons dashicons-yes\"></span>\";s:7:\"default\";i:0;}}}}i:46;a:8:{s:6:\"errors\";a:0:{}s:11:\"max_options\";i:0;s:5:\"label\";s:8:\"Virginia\";s:5:\"value\";s:2:\"VA\";s:4:\"calc\";s:0:\"\";s:8:\"selected\";i:0;s:5:\"order\";i:46;s:12:\"settingModel\";a:10:{s:8:\"settings\";b:0;s:15:\"hide_merge_tags\";b:0;s:5:\"error\";b:0;s:4:\"name\";s:7:\"options\";s:4:\"type\";s:15:\"option-repeater\";s:5:\"label\";s:159:\"Options <a href=\"#\" class=\"nf-add-new\">Add New</a> <a href=\"#\" class=\"extra nf-open-import-tooltip\"><i class=\"fa fa-sign-in\" aria-hidden=\"true\"></i> Import</a>\";s:5:\"width\";s:4:\"full\";s:5:\"group\";s:0:\"\";s:5:\"value\";a:3:{i:0;a:5:{s:5:\"label\";s:3:\"One\";s:5:\"value\";s:3:\"one\";s:4:\"calc\";s:0:\"\";s:8:\"selected\";i:0;s:5:\"order\";i:0;}i:1;a:5:{s:5:\"label\";s:3:\"Two\";s:5:\"value\";s:3:\"two\";s:4:\"calc\";s:0:\"\";s:8:\"selected\";i:0;s:5:\"order\";i:1;}i:2;a:5:{s:5:\"label\";s:5:\"Three\";s:5:\"value\";s:5:\"three\";s:4:\"calc\";s:0:\"\";s:8:\"selected\";i:0;s:5:\"order\";i:2;}}s:7:\"columns\";a:4:{s:5:\"label\";a:2:{s:6:\"header\";s:5:\"Label\";s:7:\"default\";s:0:\"\";}s:5:\"value\";a:2:{s:6:\"header\";s:5:\"Value\";s:7:\"default\";s:0:\"\";}s:4:\"calc\";a:2:{s:6:\"header\";s:10:\"Calc Value\";s:7:\"default\";s:0:\"\";}s:8:\"selected\";a:2:{s:6:\"header\";s:45:\"<span class=\"dashicons dashicons-yes\"></span>\";s:7:\"default\";i:0;}}}}i:47;a:8:{s:6:\"errors\";a:0:{}s:11:\"max_options\";i:0;s:5:\"label\";s:10:\"Washington\";s:5:\"value\";s:2:\"WA\";s:4:\"calc\";s:0:\"\";s:8:\"selected\";i:0;s:5:\"order\";i:47;s:12:\"settingModel\";a:10:{s:8:\"settings\";b:0;s:15:\"hide_merge_tags\";b:0;s:5:\"error\";b:0;s:4:\"name\";s:7:\"options\";s:4:\"type\";s:15:\"option-repeater\";s:5:\"label\";s:159:\"Options <a href=\"#\" class=\"nf-add-new\">Add New</a> <a href=\"#\" class=\"extra nf-open-import-tooltip\"><i class=\"fa fa-sign-in\" aria-hidden=\"true\"></i> Import</a>\";s:5:\"width\";s:4:\"full\";s:5:\"group\";s:0:\"\";s:5:\"value\";a:3:{i:0;a:5:{s:5:\"label\";s:3:\"One\";s:5:\"value\";s:3:\"one\";s:4:\"calc\";s:0:\"\";s:8:\"selected\";i:0;s:5:\"order\";i:0;}i:1;a:5:{s:5:\"label\";s:3:\"Two\";s:5:\"value\";s:3:\"two\";s:4:\"calc\";s:0:\"\";s:8:\"selected\";i:0;s:5:\"order\";i:1;}i:2;a:5:{s:5:\"label\";s:5:\"Three\";s:5:\"value\";s:5:\"three\";s:4:\"calc\";s:0:\"\";s:8:\"selected\";i:0;s:5:\"order\";i:2;}}s:7:\"columns\";a:4:{s:5:\"label\";a:2:{s:6:\"header\";s:5:\"Label\";s:7:\"default\";s:0:\"\";}s:5:\"value\";a:2:{s:6:\"header\";s:5:\"Value\";s:7:\"default\";s:0:\"\";}s:4:\"calc\";a:2:{s:6:\"header\";s:10:\"Calc Value\";s:7:\"default\";s:0:\"\";}s:8:\"selected\";a:2:{s:6:\"header\";s:45:\"<span class=\"dashicons dashicons-yes\"></span>\";s:7:\"default\";i:0;}}}}i:48;a:8:{s:6:\"errors\";a:0:{}s:11:\"max_options\";i:0;s:5:\"label\";s:13:\"West Virginia\";s:5:\"value\";s:2:\"WV\";s:4:\"calc\";s:0:\"\";s:8:\"selected\";i:0;s:5:\"order\";i:48;s:12:\"settingModel\";a:10:{s:8:\"settings\";b:0;s:15:\"hide_merge_tags\";b:0;s:5:\"error\";b:0;s:4:\"name\";s:7:\"options\";s:4:\"type\";s:15:\"option-repeater\";s:5:\"label\";s:159:\"Options <a href=\"#\" class=\"nf-add-new\">Add New</a> <a href=\"#\" class=\"extra nf-open-import-tooltip\"><i class=\"fa fa-sign-in\" aria-hidden=\"true\"></i> Import</a>\";s:5:\"width\";s:4:\"full\";s:5:\"group\";s:0:\"\";s:5:\"value\";a:3:{i:0;a:5:{s:5:\"label\";s:3:\"One\";s:5:\"value\";s:3:\"one\";s:4:\"calc\";s:0:\"\";s:8:\"selected\";i:0;s:5:\"order\";i:0;}i:1;a:5:{s:5:\"label\";s:3:\"Two\";s:5:\"value\";s:3:\"two\";s:4:\"calc\";s:0:\"\";s:8:\"selected\";i:0;s:5:\"order\";i:1;}i:2;a:5:{s:5:\"label\";s:5:\"Three\";s:5:\"value\";s:5:\"three\";s:4:\"calc\";s:0:\"\";s:8:\"selected\";i:0;s:5:\"order\";i:2;}}s:7:\"columns\";a:4:{s:5:\"label\";a:2:{s:6:\"header\";s:5:\"Label\";s:7:\"default\";s:0:\"\";}s:5:\"value\";a:2:{s:6:\"header\";s:5:\"Value\";s:7:\"default\";s:0:\"\";}s:4:\"calc\";a:2:{s:6:\"header\";s:10:\"Calc Value\";s:7:\"default\";s:0:\"\";}s:8:\"selected\";a:2:{s:6:\"header\";s:45:\"<span class=\"dashicons dashicons-yes\"></span>\";s:7:\"default\";i:0;}}}}i:49;a:8:{s:6:\"errors\";a:0:{}s:11:\"max_options\";i:0;s:5:\"label\";s:9:\"Wisconsin\";s:5:\"value\";s:2:\"WI\";s:4:\"calc\";s:0:\"\";s:8:\"selected\";i:0;s:5:\"order\";i:49;s:12:\"settingModel\";a:10:{s:8:\"settings\";b:0;s:15:\"hide_merge_tags\";b:0;s:5:\"error\";b:0;s:4:\"name\";s:7:\"options\";s:4:\"type\";s:15:\"option-repeater\";s:5:\"label\";s:159:\"Options <a href=\"#\" class=\"nf-add-new\">Add New</a> <a href=\"#\" class=\"extra nf-open-import-tooltip\"><i class=\"fa fa-sign-in\" aria-hidden=\"true\"></i> Import</a>\";s:5:\"width\";s:4:\"full\";s:5:\"group\";s:0:\"\";s:5:\"value\";a:3:{i:0;a:5:{s:5:\"label\";s:3:\"One\";s:5:\"value\";s:3:\"one\";s:4:\"calc\";s:0:\"\";s:8:\"selected\";i:0;s:5:\"order\";i:0;}i:1;a:5:{s:5:\"label\";s:3:\"Two\";s:5:\"value\";s:3:\"two\";s:4:\"calc\";s:0:\"\";s:8:\"selected\";i:0;s:5:\"order\";i:1;}i:2;a:5:{s:5:\"label\";s:5:\"Three\";s:5:\"value\";s:5:\"three\";s:4:\"calc\";s:0:\"\";s:8:\"selected\";i:0;s:5:\"order\";i:2;}}s:7:\"columns\";a:4:{s:5:\"label\";a:2:{s:6:\"header\";s:5:\"Label\";s:7:\"default\";s:0:\"\";}s:5:\"value\";a:2:{s:6:\"header\";s:5:\"Value\";s:7:\"default\";s:0:\"\";}s:4:\"calc\";a:2:{s:6:\"header\";s:10:\"Calc Value\";s:7:\"default\";s:0:\"\";}s:8:\"selected\";a:2:{s:6:\"header\";s:45:\"<span class=\"dashicons dashicons-yes\"></span>\";s:7:\"default\";i:0;}}}}i:50;a:8:{s:6:\"errors\";a:0:{}s:11:\"max_options\";i:0;s:5:\"label\";s:7:\"Wyoming\";s:5:\"value\";s:2:\"WY\";s:4:\"calc\";s:0:\"\";s:8:\"selected\";i:0;s:5:\"order\";i:50;s:12:\"settingModel\";a:10:{s:8:\"settings\";b:0;s:15:\"hide_merge_tags\";b:0;s:5:\"error\";b:0;s:4:\"name\";s:7:\"options\";s:4:\"type\";s:15:\"option-repeater\";s:5:\"label\";s:159:\"Options <a href=\"#\" class=\"nf-add-new\">Add New</a> <a href=\"#\" class=\"extra nf-open-import-tooltip\"><i class=\"fa fa-sign-in\" aria-hidden=\"true\"></i> Import</a>\";s:5:\"width\";s:4:\"full\";s:5:\"group\";s:0:\"\";s:5:\"value\";a:3:{i:0;a:5:{s:5:\"label\";s:3:\"One\";s:5:\"value\";s:3:\"one\";s:4:\"calc\";s:0:\"\";s:8:\"selected\";i:0;s:5:\"order\";i:0;}i:1;a:5:{s:5:\"label\";s:3:\"Two\";s:5:\"value\";s:3:\"two\";s:4:\"calc\";s:0:\"\";s:8:\"selected\";i:0;s:5:\"order\";i:1;}i:2;a:5:{s:5:\"label\";s:5:\"Three\";s:5:\"value\";s:5:\"three\";s:4:\"calc\";s:0:\"\";s:8:\"selected\";i:0;s:5:\"order\";i:2;}}s:7:\"columns\";a:4:{s:5:\"label\";a:2:{s:6:\"header\";s:5:\"Label\";s:7:\"default\";s:0:\"\";}s:5:\"value\";a:2:{s:6:\"header\";s:5:\"Value\";s:7:\"default\";s:0:\"\";}s:4:\"calc\";a:2:{s:6:\"header\";s:10:\"Calc Value\";s:7:\"default\";s:0:\"\";}s:8:\"selected\";a:2:{s:6:\"header\";s:45:\"<span class=\"dashicons dashicons-yes\"></span>\";s:7:\"default\";i:0;}}}}i:51;a:8:{s:6:\"errors\";a:0:{}s:11:\"max_options\";i:0;s:5:\"label\";s:13:\"Washington DC\";s:5:\"value\";s:2:\"DC\";s:4:\"calc\";s:0:\"\";s:8:\"selected\";i:0;s:5:\"order\";i:51;s:12:\"settingModel\";a:10:{s:8:\"settings\";b:0;s:15:\"hide_merge_tags\";b:0;s:5:\"error\";b:0;s:4:\"name\";s:7:\"options\";s:4:\"type\";s:15:\"option-repeater\";s:5:\"label\";s:159:\"Options <a href=\"#\" class=\"nf-add-new\">Add New</a> <a href=\"#\" class=\"extra nf-open-import-tooltip\"><i class=\"fa fa-sign-in\" aria-hidden=\"true\"></i> Import</a>\";s:5:\"width\";s:4:\"full\";s:5:\"group\";s:0:\"\";s:5:\"value\";a:3:{i:0;a:5:{s:5:\"label\";s:3:\"One\";s:5:\"value\";s:3:\"one\";s:4:\"calc\";s:0:\"\";s:8:\"selected\";i:0;s:5:\"order\";i:0;}i:1;a:5:{s:5:\"label\";s:3:\"Two\";s:5:\"value\";s:3:\"two\";s:4:\"calc\";s:0:\"\";s:8:\"selected\";i:0;s:5:\"order\";i:1;}i:2;a:5:{s:5:\"label\";s:5:\"Three\";s:5:\"value\";s:5:\"three\";s:4:\"calc\";s:0:\"\";s:8:\"selected\";i:0;s:5:\"order\";i:2;}}s:7:\"columns\";a:4:{s:5:\"label\";a:2:{s:6:\"header\";s:5:\"Label\";s:7:\"default\";s:0:\"\";}s:5:\"value\";a:2:{s:6:\"header\";s:5:\"Value\";s:7:\"default\";s:0:\"\";}s:4:\"calc\";a:2:{s:6:\"header\";s:10:\"Calc Value\";s:7:\"default\";s:0:\"\";}s:8:\"selected\";a:2:{s:6:\"header\";s:45:\"<span class=\"dashicons dashicons-yes\"></span>\";s:7:\"default\";i:0;}}}}i:52;a:8:{s:6:\"errors\";a:0:{}s:11:\"max_options\";i:0;s:5:\"label\";s:48:\"ARMED FORCES AFRICA  CANADA  EUROPE  MIDDLE EAST\";s:5:\"value\";s:2:\"AE\";s:4:\"calc\";s:0:\"\";s:8:\"selected\";i:0;s:5:\"order\";i:52;s:12:\"settingModel\";a:10:{s:8:\"settings\";b:0;s:15:\"hide_merge_tags\";b:0;s:5:\"error\";b:0;s:4:\"name\";s:7:\"options\";s:4:\"type\";s:15:\"option-repeater\";s:5:\"label\";s:159:\"Options <a href=\"#\" class=\"nf-add-new\">Add New</a> <a href=\"#\" class=\"extra nf-open-import-tooltip\"><i class=\"fa fa-sign-in\" aria-hidden=\"true\"></i> Import</a>\";s:5:\"width\";s:4:\"full\";s:5:\"group\";s:0:\"\";s:5:\"value\";a:3:{i:0;a:5:{s:5:\"label\";s:3:\"One\";s:5:\"value\";s:3:\"one\";s:4:\"calc\";s:0:\"\";s:8:\"selected\";i:0;s:5:\"order\";i:0;}i:1;a:5:{s:5:\"label\";s:3:\"Two\";s:5:\"value\";s:3:\"two\";s:4:\"calc\";s:0:\"\";s:8:\"selected\";i:0;s:5:\"order\";i:1;}i:2;a:5:{s:5:\"label\";s:5:\"Three\";s:5:\"value\";s:5:\"three\";s:4:\"calc\";s:0:\"\";s:8:\"selected\";i:0;s:5:\"order\";i:2;}}s:7:\"columns\";a:4:{s:5:\"label\";a:2:{s:6:\"header\";s:5:\"Label\";s:7:\"default\";s:0:\"\";}s:5:\"value\";a:2:{s:6:\"header\";s:5:\"Value\";s:7:\"default\";s:0:\"\";}s:4:\"calc\";a:2:{s:6:\"header\";s:10:\"Calc Value\";s:7:\"default\";s:0:\"\";}s:8:\"selected\";a:2:{s:6:\"header\";s:45:\"<span class=\"dashicons dashicons-yes\"></span>\";s:7:\"default\";i:0;}}}}i:53;a:8:{s:6:\"errors\";a:0:{}s:11:\"max_options\";i:0;s:5:\"label\";s:36:\"ARMED FORCES AMERICA (EXCEPT CANADA)\";s:5:\"value\";s:2:\"AA\";s:4:\"calc\";s:0:\"\";s:8:\"selected\";i:0;s:5:\"order\";i:53;s:12:\"settingModel\";a:10:{s:8:\"settings\";b:0;s:15:\"hide_merge_tags\";b:0;s:5:\"error\";b:0;s:4:\"name\";s:7:\"options\";s:4:\"type\";s:15:\"option-repeater\";s:5:\"label\";s:159:\"Options <a href=\"#\" class=\"nf-add-new\">Add New</a> <a href=\"#\" class=\"extra nf-open-import-tooltip\"><i class=\"fa fa-sign-in\" aria-hidden=\"true\"></i> Import</a>\";s:5:\"width\";s:4:\"full\";s:5:\"group\";s:0:\"\";s:5:\"value\";a:3:{i:0;a:5:{s:5:\"label\";s:3:\"One\";s:5:\"value\";s:3:\"one\";s:4:\"calc\";s:0:\"\";s:8:\"selected\";i:0;s:5:\"order\";i:0;}i:1;a:5:{s:5:\"label\";s:3:\"Two\";s:5:\"value\";s:3:\"two\";s:4:\"calc\";s:0:\"\";s:8:\"selected\";i:0;s:5:\"order\";i:1;}i:2;a:5:{s:5:\"label\";s:5:\"Three\";s:5:\"value\";s:5:\"three\";s:4:\"calc\";s:0:\"\";s:8:\"selected\";i:0;s:5:\"order\";i:2;}}s:7:\"columns\";a:4:{s:5:\"label\";a:2:{s:6:\"header\";s:5:\"Label\";s:7:\"default\";s:0:\"\";}s:5:\"value\";a:2:{s:6:\"header\";s:5:\"Value\";s:7:\"default\";s:0:\"\";}s:4:\"calc\";a:2:{s:6:\"header\";s:10:\"Calc Value\";s:7:\"default\";s:0:\"\";}s:8:\"selected\";a:2:{s:6:\"header\";s:45:\"<span class=\"dashicons dashicons-yes\"></span>\";s:7:\"default\";i:0;}}}}i:54;a:8:{s:6:\"errors\";a:0:{}s:11:\"max_options\";i:0;s:5:\"label\";s:20:\"ARMED FORCES PACIFIC\";s:5:\"value\";s:2:\"AP\";s:4:\"calc\";s:0:\"\";s:8:\"selected\";i:0;s:5:\"order\";i:54;s:12:\"settingModel\";a:10:{s:8:\"settings\";b:0;s:15:\"hide_merge_tags\";b:0;s:5:\"error\";b:0;s:4:\"name\";s:7:\"options\";s:4:\"type\";s:15:\"option-repeater\";s:5:\"label\";s:159:\"Options <a href=\"#\" class=\"nf-add-new\">Add New</a> <a href=\"#\" class=\"extra nf-open-import-tooltip\"><i class=\"fa fa-sign-in\" aria-hidden=\"true\"></i> Import</a>\";s:5:\"width\";s:4:\"full\";s:5:\"group\";s:0:\"\";s:5:\"value\";a:3:{i:0;a:5:{s:5:\"label\";s:3:\"One\";s:5:\"value\";s:3:\"one\";s:4:\"calc\";s:0:\"\";s:8:\"selected\";i:0;s:5:\"order\";i:0;}i:1;a:5:{s:5:\"label\";s:3:\"Two\";s:5:\"value\";s:3:\"two\";s:4:\"calc\";s:0:\"\";s:8:\"selected\";i:0;s:5:\"order\";i:1;}i:2;a:5:{s:5:\"label\";s:5:\"Three\";s:5:\"value\";s:5:\"three\";s:4:\"calc\";s:0:\"\";s:8:\"selected\";i:0;s:5:\"order\";i:2;}}s:7:\"columns\";a:4:{s:5:\"label\";a:2:{s:6:\"header\";s:5:\"Label\";s:7:\"default\";s:0:\"\";}s:5:\"value\";a:2:{s:6:\"header\";s:5:\"Value\";s:7:\"default\";s:0:\"\";}s:4:\"calc\";a:2:{s:6:\"header\";s:10:\"Calc Value\";s:7:\"default\";s:0:\"\";}s:8:\"selected\";a:2:{s:6:\"header\";s:45:\"<span class=\"dashicons dashicons-yes\"></span>\";s:7:\"default\";i:0;}}}}}s:15:\"container_class\";s:0:\"\";s:13:\"element_class\";s:0:\"\";s:11:\"admin_label\";s:0:\"\";s:9:\"help_text\";s:0:\"\";s:29:\"wrap_styles_show_advanced_css\";i:0;s:30:\"label_styles_show_advanced_css\";i:0;s:32:\"element_styles_show_advanced_css\";i:0;s:38:\"list_item_row_styles_show_advanced_css\";i:0;s:40:\"list_item_label_styles_show_advanced_css\";i:0;s:42:\"list_item_element_styles_show_advanced_css\";i:0;s:18:\"wrap_styles_border\";s:0:\"\";s:17:\"wrap_styles_width\";s:0:\"\";s:18:\"wrap_styles_margin\";s:0:\"\";s:19:\"wrap_styles_padding\";s:0:\"\";s:17:\"wrap_styles_float\";s:0:\"\";s:19:\"label_styles_border\";s:0:\"\";s:18:\"label_styles_width\";s:0:\"\";s:22:\"label_styles_font-size\";s:0:\"\";s:19:\"label_styles_margin\";s:0:\"\";s:20:\"label_styles_padding\";s:0:\"\";s:18:\"label_styles_float\";s:0:\"\";s:21:\"element_styles_border\";s:0:\"\";s:20:\"element_styles_width\";s:0:\"\";s:24:\"element_styles_font-size\";s:0:\"\";s:21:\"element_styles_margin\";s:0:\"\";s:22:\"element_styles_padding\";s:0:\"\";s:20:\"element_styles_float\";s:0:\"\";s:27:\"list_item_row_styles_border\";s:0:\"\";s:27:\"list_item_row_styles_height\";s:0:\"\";s:26:\"list_item_row_styles_width\";s:0:\"\";s:30:\"list_item_row_styles_font-size\";s:0:\"\";s:27:\"list_item_row_styles_margin\";s:0:\"\";s:28:\"list_item_row_styles_padding\";s:0:\"\";s:26:\"list_item_row_styles_float\";s:0:\"\";s:29:\"list_item_label_styles_border\";s:0:\"\";s:29:\"list_item_label_styles_height\";s:0:\"\";s:28:\"list_item_label_styles_width\";s:0:\"\";s:32:\"list_item_label_styles_font-size\";s:0:\"\";s:29:\"list_item_label_styles_margin\";s:0:\"\";s:30:\"list_item_label_styles_padding\";s:0:\"\";s:28:\"list_item_label_styles_float\";s:0:\"\";s:31:\"list_item_element_styles_border\";s:0:\"\";s:31:\"list_item_element_styles_height\";s:0:\"\";s:30:\"list_item_element_styles_width\";s:0:\"\";s:34:\"list_item_element_styles_font-size\";s:0:\"\";s:31:\"list_item_element_styles_margin\";s:0:\"\";s:32:\"list_item_element_styles_padding\";s:0:\"\";s:30:\"list_item_element_styles_float\";s:0:\"\";}}s:5:\"tmp-7\";a:1:{s:8:\"settings\";a:45:{s:10:\"objectType\";s:5:\"Field\";s:12:\"objectDomain\";s:6:\"fields\";s:10:\"editActive\";b:0;s:5:\"order\";i:7;s:5:\"label\";s:3:\"Zip\";s:4:\"type\";s:3:\"zip\";s:7:\"cellcid\";s:5:\"c4233\";s:3:\"key\";s:17:\"zip_1613352463548\";s:9:\"label_pos\";s:7:\"default\";s:8:\"required\";i:1;s:7:\"default\";s:0:\"\";s:11:\"placeholder\";s:0:\"\";s:15:\"container_class\";s:0:\"\";s:13:\"element_class\";s:0:\"\";s:11:\"input_limit\";s:0:\"\";s:16:\"input_limit_type\";s:10:\"characters\";s:15:\"input_limit_msg\";s:17:\"Character(s) left\";s:10:\"manual_key\";b:0;s:11:\"admin_label\";s:0:\"\";s:9:\"help_text\";s:0:\"\";s:4:\"mask\";s:0:\"\";s:11:\"custom_mask\";s:0:\"\";s:21:\"custom_name_attribute\";s:3:\"zip\";s:23:\"personally_identifiable\";s:0:\"\";s:29:\"wrap_styles_show_advanced_css\";i:0;s:30:\"label_styles_show_advanced_css\";i:0;s:32:\"element_styles_show_advanced_css\";i:0;s:5:\"value\";s:0:\"\";s:18:\"wrap_styles_border\";s:0:\"\";s:17:\"wrap_styles_width\";s:0:\"\";s:18:\"wrap_styles_margin\";s:0:\"\";s:19:\"wrap_styles_padding\";s:0:\"\";s:17:\"wrap_styles_float\";s:0:\"\";s:19:\"label_styles_border\";s:0:\"\";s:18:\"label_styles_width\";s:0:\"\";s:22:\"label_styles_font-size\";s:0:\"\";s:19:\"label_styles_margin\";s:0:\"\";s:20:\"label_styles_padding\";s:0:\"\";s:18:\"label_styles_float\";s:0:\"\";s:21:\"element_styles_border\";s:0:\"\";s:20:\"element_styles_width\";s:0:\"\";s:24:\"element_styles_font-size\";s:0:\"\";s:21:\"element_styles_margin\";s:0:\"\";s:22:\"element_styles_padding\";s:0:\"\";s:20:\"element_styles_float\";s:0:\"\";}}s:5:\"tmp-8\";a:1:{s:8:\"settings\";a:46:{s:10:\"objectType\";s:5:\"Field\";s:12:\"objectDomain\";s:6:\"fields\";s:10:\"editActive\";b:0;s:5:\"order\";i:8;s:5:\"label\";s:5:\"Phone\";s:4:\"type\";s:5:\"phone\";s:3:\"key\";s:19:\"phone_1613352473229\";s:9:\"label_pos\";s:7:\"default\";s:8:\"required\";i:1;s:7:\"default\";s:0:\"\";s:11:\"placeholder\";s:0:\"\";s:15:\"container_class\";s:0:\"\";s:13:\"element_class\";s:0:\"\";s:11:\"input_limit\";s:0:\"\";s:16:\"input_limit_type\";s:10:\"characters\";s:15:\"input_limit_msg\";s:17:\"Character(s) left\";s:10:\"manual_key\";b:0;s:11:\"admin_label\";s:0:\"\";s:9:\"help_text\";s:0:\"\";s:4:\"mask\";s:0:\"\";s:11:\"custom_mask\";s:0:\"\";s:21:\"custom_name_attribute\";s:5:\"phone\";s:23:\"personally_identifiable\";s:1:\"1\";s:29:\"wrap_styles_show_advanced_css\";i:0;s:30:\"label_styles_show_advanced_css\";i:0;s:32:\"element_styles_show_advanced_css\";i:0;s:7:\"cellcid\";s:5:\"c4524\";s:5:\"value\";s:0:\"\";s:18:\"wrap_styles_border\";s:0:\"\";s:17:\"wrap_styles_width\";s:0:\"\";s:18:\"wrap_styles_margin\";s:0:\"\";s:19:\"wrap_styles_padding\";s:0:\"\";s:17:\"wrap_styles_float\";s:0:\"\";s:19:\"label_styles_border\";s:0:\"\";s:18:\"label_styles_width\";s:0:\"\";s:22:\"label_styles_font-size\";s:0:\"\";s:19:\"label_styles_margin\";s:0:\"\";s:20:\"label_styles_padding\";s:0:\"\";s:18:\"label_styles_float\";s:0:\"\";s:21:\"element_styles_border\";s:0:\"\";s:20:\"element_styles_width\";s:0:\"\";s:24:\"element_styles_font-size\";s:0:\"\";s:21:\"element_styles_margin\";s:0:\"\";s:22:\"element_styles_padding\";s:0:\"\";s:20:\"element_styles_float\";s:0:\"\";s:14:\"drawerDisabled\";b:0;}}s:5:\"tmp-9\";a:1:{s:8:\"settings\";a:12:{s:10:\"objectType\";s:5:\"Field\";s:12:\"objectDomain\";s:6:\"fields\";s:10:\"editActive\";b:0;s:5:\"order\";i:9;s:5:\"label\";s:7:\"Divider\";s:4:\"type\";s:2:\"hr\";s:15:\"container_class\";s:0:\"\";s:13:\"element_class\";s:0:\"\";s:29:\"wrap_styles_show_advanced_css\";i:0;s:32:\"element_styles_show_advanced_css\";i:0;s:3:\"key\";s:16:\"hr_1613354447343\";s:7:\"cellcid\";s:5:\"c6932\";}}s:6:\"tmp-11\";a:1:{s:8:\"settings\";a:47:{s:10:\"objectType\";s:5:\"Field\";s:12:\"objectDomain\";s:6:\"fields\";s:10:\"editActive\";b:0;s:5:\"order\";i:10;s:5:\"label\";s:36:\"What brand and model is your helmet?\";s:4:\"type\";s:7:\"textbox\";s:3:\"key\";s:49:\"what_brand_and_model_is_your_helmet_1613354538668\";s:9:\"label_pos\";s:7:\"default\";s:8:\"required\";b:0;s:7:\"default\";s:0:\"\";s:11:\"placeholder\";s:0:\"\";s:15:\"container_class\";s:0:\"\";s:13:\"element_class\";s:0:\"\";s:11:\"input_limit\";s:0:\"\";s:16:\"input_limit_type\";s:10:\"characters\";s:15:\"input_limit_msg\";s:17:\"Character(s) left\";s:10:\"manual_key\";b:0;s:11:\"admin_label\";s:0:\"\";s:9:\"help_text\";s:0:\"\";s:4:\"mask\";s:0:\"\";s:11:\"custom_mask\";s:0:\"\";s:21:\"custom_name_attribute\";s:0:\"\";s:23:\"personally_identifiable\";s:0:\"\";s:29:\"wrap_styles_show_advanced_css\";i:0;s:30:\"label_styles_show_advanced_css\";i:0;s:32:\"element_styles_show_advanced_css\";i:0;s:7:\"cellcid\";s:5:\"c7860\";s:5:\"value\";s:0:\"\";s:18:\"wrap_styles_border\";s:0:\"\";s:17:\"wrap_styles_width\";s:0:\"\";s:18:\"wrap_styles_margin\";s:0:\"\";s:19:\"wrap_styles_padding\";s:0:\"\";s:17:\"wrap_styles_float\";s:0:\"\";s:19:\"label_styles_border\";s:0:\"\";s:18:\"label_styles_width\";s:0:\"\";s:22:\"label_styles_font-size\";s:0:\"\";s:19:\"label_styles_margin\";s:0:\"\";s:20:\"label_styles_padding\";s:0:\"\";s:18:\"label_styles_float\";s:0:\"\";s:21:\"element_styles_border\";s:0:\"\";s:20:\"element_styles_width\";s:0:\"\";s:24:\"element_styles_font-size\";s:0:\"\";s:21:\"element_styles_margin\";s:0:\"\";s:22:\"element_styles_padding\";s:0:\"\";s:20:\"element_styles_float\";s:0:\"\";s:14:\"drawerDisabled\";b:0;s:9:\"desc_text\";s:146:\"<p>For example: Tipperary Sportage or Ovation Deluxe Schooler. Be specific because I will use the manufacturer\'s measurements for your design.</p>\";}}s:6:\"tmp-12\";a:1:{s:8:\"settings\";a:45:{s:10:\"objectType\";s:5:\"Field\";s:12:\"objectDomain\";s:6:\"fields\";s:10:\"editActive\";b:0;s:5:\"order\";i:11;s:5:\"label\";s:10:\"What size?\";s:4:\"type\";s:7:\"textbox\";s:3:\"key\";s:23:\"what_size_1613354682409\";s:9:\"label_pos\";s:7:\"default\";s:8:\"required\";b:0;s:7:\"default\";s:0:\"\";s:11:\"placeholder\";s:0:\"\";s:15:\"container_class\";s:0:\"\";s:13:\"element_class\";s:0:\"\";s:11:\"input_limit\";s:0:\"\";s:16:\"input_limit_type\";s:10:\"characters\";s:15:\"input_limit_msg\";s:17:\"Character(s) left\";s:10:\"manual_key\";b:0;s:11:\"admin_label\";s:0:\"\";s:9:\"help_text\";s:0:\"\";s:4:\"mask\";s:0:\"\";s:11:\"custom_mask\";s:0:\"\";s:21:\"custom_name_attribute\";s:0:\"\";s:23:\"personally_identifiable\";s:0:\"\";s:29:\"wrap_styles_show_advanced_css\";i:0;s:30:\"label_styles_show_advanced_css\";i:0;s:32:\"element_styles_show_advanced_css\";i:0;s:7:\"cellcid\";s:5:\"c8576\";s:5:\"value\";s:0:\"\";s:18:\"wrap_styles_border\";s:0:\"\";s:17:\"wrap_styles_width\";s:0:\"\";s:18:\"wrap_styles_margin\";s:0:\"\";s:19:\"wrap_styles_padding\";s:0:\"\";s:17:\"wrap_styles_float\";s:0:\"\";s:19:\"label_styles_border\";s:0:\"\";s:18:\"label_styles_width\";s:0:\"\";s:22:\"label_styles_font-size\";s:0:\"\";s:19:\"label_styles_margin\";s:0:\"\";s:20:\"label_styles_padding\";s:0:\"\";s:18:\"label_styles_float\";s:0:\"\";s:21:\"element_styles_border\";s:0:\"\";s:20:\"element_styles_width\";s:0:\"\";s:24:\"element_styles_font-size\";s:0:\"\";s:21:\"element_styles_margin\";s:0:\"\";s:22:\"element_styles_padding\";s:0:\"\";s:20:\"element_styles_float\";s:0:\"\";}}s:6:\"tmp-13\";a:1:{s:8:\"settings\";a:46:{s:10:\"objectType\";s:5:\"Field\";s:12:\"objectDomain\";s:6:\"fields\";s:10:\"editActive\";b:0;s:5:\"order\";i:12;s:5:\"label\";s:11:\"What color?\";s:4:\"type\";s:7:\"textbox\";s:7:\"cellcid\";s:5:\"c8690\";s:3:\"key\";s:24:\"what_color_1613354691557\";s:9:\"label_pos\";s:7:\"default\";s:8:\"required\";b:0;s:7:\"default\";s:0:\"\";s:11:\"placeholder\";s:0:\"\";s:15:\"container_class\";s:0:\"\";s:13:\"element_class\";s:0:\"\";s:11:\"input_limit\";s:0:\"\";s:16:\"input_limit_type\";s:10:\"characters\";s:15:\"input_limit_msg\";s:17:\"Character(s) left\";s:10:\"manual_key\";b:0;s:11:\"admin_label\";s:0:\"\";s:9:\"help_text\";s:0:\"\";s:4:\"mask\";s:0:\"\";s:11:\"custom_mask\";s:0:\"\";s:21:\"custom_name_attribute\";s:0:\"\";s:23:\"personally_identifiable\";s:0:\"\";s:29:\"wrap_styles_show_advanced_css\";i:0;s:30:\"label_styles_show_advanced_css\";i:0;s:32:\"element_styles_show_advanced_css\";i:0;s:5:\"value\";s:0:\"\";s:18:\"wrap_styles_border\";s:0:\"\";s:17:\"wrap_styles_width\";s:0:\"\";s:18:\"wrap_styles_margin\";s:0:\"\";s:19:\"wrap_styles_padding\";s:0:\"\";s:17:\"wrap_styles_float\";s:0:\"\";s:19:\"label_styles_border\";s:0:\"\";s:18:\"label_styles_width\";s:0:\"\";s:22:\"label_styles_font-size\";s:0:\"\";s:19:\"label_styles_margin\";s:0:\"\";s:20:\"label_styles_padding\";s:0:\"\";s:18:\"label_styles_float\";s:0:\"\";s:21:\"element_styles_border\";s:0:\"\";s:20:\"element_styles_width\";s:0:\"\";s:24:\"element_styles_font-size\";s:0:\"\";s:21:\"element_styles_margin\";s:0:\"\";s:22:\"element_styles_padding\";s:0:\"\";s:20:\"element_styles_float\";s:0:\"\";s:14:\"drawerDisabled\";b:0;}}s:6:\"tmp-14\";a:1:{s:8:\"settings\";a:14:{s:10:\"objectType\";s:5:\"Field\";s:12:\"objectDomain\";s:6:\"fields\";s:10:\"editActive\";b:0;s:5:\"order\";i:13;s:5:\"label\";s:6:\"Submit\";s:4:\"type\";s:6:\"submit\";s:16:\"processing_label\";s:10:\"Processing\";s:15:\"container_class\";s:0:\"\";s:13:\"element_class\";s:0:\"\";s:3:\"key\";s:20:\"submit_1613354723575\";s:29:\"wrap_styles_show_advanced_css\";i:0;s:32:\"element_styles_show_advanced_css\";i:0;s:45:\"submit_element_hover_styles_show_advanced_css\";i:0;s:7:\"cellcid\";s:5:\"c9627\";}}}s:7:\"actions\";a:3:{s:5:\"tmp-1\";a:1:{s:8:\"settings\";a:19:{s:10:\"objectType\";s:6:\"Action\";s:12:\"objectDomain\";s:7:\"actions\";s:10:\"editActive\";b:0;s:5:\"label\";s:15:\"Success Message\";s:4:\"type\";s:14:\"successmessage\";s:7:\"message\";s:42:\"Your form has been successfully submitted.\";s:5:\"order\";i:1;s:6:\"active\";b:1;s:2:\"to\";s:16:\"{wp:admin_email}\";s:8:\"reply_to\";s:0:\"\";s:13:\"email_subject\";s:22:\"Ninja Forms Submission\";s:13:\"email_message\";s:14:\"{fields_table}\";s:19:\"email_message_plain\";s:0:\"\";s:9:\"from_name\";s:0:\"\";s:12:\"from_address\";s:0:\"\";s:12:\"email_format\";s:4:\"html\";s:2:\"cc\";s:0:\"\";s:3:\"bcc\";s:0:\"\";s:11:\"success_msg\";s:42:\"Your form has been successfully submitted.\";}}s:5:\"tmp-2\";a:1:{s:8:\"settings\";a:17:{s:10:\"objectType\";s:6:\"Action\";s:12:\"objectDomain\";s:7:\"actions\";s:10:\"editActive\";b:0;s:5:\"label\";s:11:\"Admin Email\";s:4:\"type\";s:5:\"email\";s:5:\"order\";i:2;s:6:\"active\";b:1;s:2:\"to\";s:16:\"{wp:admin_email}\";s:8:\"reply_to\";s:0:\"\";s:13:\"email_subject\";s:22:\"Ninja Forms Submission\";s:13:\"email_message\";s:14:\"{fields_table}\";s:19:\"email_message_plain\";s:0:\"\";s:9:\"from_name\";s:0:\"\";s:12:\"from_address\";s:0:\"\";s:12:\"email_format\";s:4:\"html\";s:2:\"cc\";s:0:\"\";s:3:\"bcc\";s:0:\"\";}}s:5:\"tmp-3\";a:1:{s:8:\"settings\";a:24:{s:10:\"objectType\";s:6:\"Action\";s:12:\"objectDomain\";s:7:\"actions\";s:10:\"editActive\";b:0;s:5:\"label\";s:16:\"Store Submission\";s:4:\"type\";s:4:\"save\";s:5:\"order\";i:3;s:6:\"active\";b:1;s:2:\"to\";s:16:\"{wp:admin_email}\";s:8:\"reply_to\";s:0:\"\";s:13:\"email_subject\";s:22:\"Ninja Forms Submission\";s:13:\"email_message\";s:14:\"{fields_table}\";s:19:\"email_message_plain\";s:0:\"\";s:9:\"from_name\";s:0:\"\";s:12:\"from_address\";s:0:\"\";s:12:\"email_format\";s:4:\"html\";s:2:\"cc\";s:0:\"\";s:3:\"bcc\";s:0:\"\";s:11:\"success_msg\";s:42:\"Your form has been successfully submitted.\";s:12:\"redirect_url\";s:0:\"\";s:15:\"submitter_email\";s:19:\"email_1613352441596\";s:18:\"fields-save-toggle\";s:8:\"save_all\";s:16:\"exception_fields\";a:0:{}s:18:\"set_subs_to_expire\";i:0;s:16:\"subs_expire_time\";s:2:\"90\";}}}}');
INSERT INTO `slPSxusermeta` (`umeta_id`, `user_id`, `meta_key`, `meta_value`) VALUES
(43, 3, 'nickname', 'seedprod_bypass_user_iloverocky'),
(44, 3, 'first_name', ''),
(45, 3, 'last_name', ''),
(46, 3, 'description', ''),
(47, 3, 'rich_editing', 'true'),
(48, 3, 'syntax_highlighting', 'true'),
(49, 3, 'comment_shortcuts', 'false'),
(50, 3, 'admin_color', 'fresh'),
(51, 3, 'use_ssl', '0'),
(52, 3, 'show_admin_bar_front', ''),
(53, 3, 'locale', ''),
(54, 3, 'slPSxcapabilities', 'a:1:{s:4:\"none\";b:1;}'),
(55, 3, 'slPSxuser_level', '0'),
(56, 3, 'session_tokens', 'a:1:{s:64:\"fdbfb7d1134674f81389a2050072283be06cd71c3b9fd65334c0efc840e0f131\";a:4:{s:10:\"expiration\";i:1614214283;s:2:\"ip\";s:37:\"2601:c0:c87f:c4a1:ec19:7ced:6dfb:a8a3\";s:2:\"ua\";s:115:\"Mozilla/5.0 (Windows NT 10.0; Win64; x64) AppleWebKit/537.36 (KHTML, like Gecko) Chrome/88.0.4324.182 Safari/537.36\";s:5:\"login\";i:1614041483;}}'),
(58, 1, 'slPSxmedia_library_mode', 'grid'),
(59, 4, 'nickname', 'morgan@dupontderby.com'),
(60, 4, 'first_name', 'Morgan'),
(61, 4, 'last_name', 'Kennedy'),
(62, 4, 'description', ''),
(63, 4, 'rich_editing', 'true'),
(64, 4, 'syntax_highlighting', 'true'),
(65, 4, 'comment_shortcuts', 'false'),
(66, 4, 'admin_color', 'fresh'),
(67, 4, 'use_ssl', '0'),
(68, 4, 'show_admin_bar_front', 'true'),
(69, 4, 'locale', ''),
(70, 4, 'slPSxcapabilities', 'a:1:{s:17:\"wpamelia-provider\";b:1;}'),
(71, 4, 'slPSxuser_level', '0'),
(72, 4, 'dismissed_wp_pointers', ''),
(76, 5, 'nickname', 'dupontderbylessons@gmail.com'),
(77, 5, 'first_name', 'Cheri'),
(78, 5, 'last_name', 'Dupont'),
(79, 5, 'description', ''),
(80, 5, 'rich_editing', 'true'),
(81, 5, 'syntax_highlighting', 'true'),
(82, 5, 'comment_shortcuts', 'false'),
(83, 5, 'admin_color', 'fresh'),
(84, 5, 'use_ssl', '0'),
(85, 5, 'show_admin_bar_front', 'true'),
(86, 5, 'locale', ''),
(87, 5, 'slPSxcapabilities', 'a:1:{s:17:\"wpamelia-provider\";b:1;}'),
(88, 5, 'slPSxuser_level', '0'),
(89, 5, 'dismissed_wp_pointers', ''),
(99, 1, 'slPSxgooglesitekitpersistent_initial_version', '1.26.0'),
(106, 1, 'slPSxgooglesitekit_tracking_optin', '1'),
(107, 1, 'slPSxgooglesitekit_access_token_expires_in', '3599'),
(108, 1, 'slPSxgooglesitekit_access_token_created_at', '1614389698'),
(109, 1, 'slPSxgooglesitekit_access_token', '93B+xpYTArnDZM5QymCb+zQ4QTByUHViVHVqK3hxQ0R3d01tRGZhWjlzQ2JWTlpLS04zR3BKbnViZ21BcUpuT3NlV2VORGZFTG9zano3TkwyQmtTbHhYMG5oN25lWm5SOWt1bUN0aTFhVm9uZFJubk1RUmlkREVUZEJDYndXN3JtdndOWFQ1ZnR4S2VzM1ZlaUkxZGwvOVQ5dUhtODdoU0JWYm5RTVVNTXg3N05GYWFIYkVDZEl6VDVydU96VzJxSzdmcmpPTlBDU2dsUXBqOVc5alRFajdkWUpaSTNSblVBd053V0RCL3hHWk9tWDEvSEx1YmtxK1J3VTMya0dmZlpCZ2RzY0JYcmQxakl6T29XemdwR0R6elBXd082VzVaaUF0cVZtYmJhOGhvYmNFSHA2Ry9oN25BOFljOTAwRWhOZz09'),
(110, 1, 'slPSxgooglesitekit_refresh_token', 'ucFX06c6KoL21SBRZcBOuUZEcU1ISTkvRnQyUGhvWUhpRG1NSDB3bjdLWDBoUVl4MUNTSW01NG1qYWJLWFpRWWluTkxNV3c5QndraGR3VEVaTjhZZGc2VFNSaTNoTGVCOTI1UERXRWVMbjJiMDhkdmVGV0hvaDQrRHpDaml0TVJsWTJyZ3NGUmZTY2Y5RjRvUDhUT0xlVGdxenh0Zm1aTlRoV3ExZVV5RHZaSXJvdGt1VDhNdmtTWGxBWWZoOFhZMUQ4RXNGZllLNHpLaTJTekEwY0lVa00yV3JXUWpDVWxueFJJSHJ1ZmtGQ3YrT3dzMGFaVnJKVVgrQUZtS3phS0JRSlc1TzM2M0pURm9HMWJ5NytxN0toMzdpeXNHQzZ3eERxZ2NLUktOV2hYeFFVdnF2aHBsRS9zMWhvM2NLSGIrMTl0TWw1MHZBS0pQVjVB'),
(111, 1, 'slPSxgooglesitekit_auth_scopes', 'a:6:{i:0;s:50:\"https://www.googleapis.com/auth/analytics.readonly\";i:1;s:42:\"https://www.googleapis.com/auth/webmasters\";i:2;s:6:\"openid\";i:3;s:48:\"https://www.googleapis.com/auth/userinfo.profile\";i:4;s:46:\"https://www.googleapis.com/auth/userinfo.email\";i:5;s:48:\"https://www.googleapis.com/auth/siteverification\";}'),
(112, 1, 'slPSxgooglesitekit_additional_auth_scopes', 'a:1:{i:0;s:46:\"https://www.googleapis.com/auth/analytics.edit\";}'),
(113, 1, 'slPSxgooglesitekit_profile', 'a:2:{s:5:\"email\";s:27:\"morganrideshorses@gmail.com\";s:5:\"photo\";s:86:\"https://lh3.googleusercontent.com/a-/AOh14GiD6ENIa3x750iWnerYQ5r_j5z6rZtBQsfR4RLq=s100\";}'),
(114, 1, 'slPSxgooglesitekit_site_verified_meta', 'verified'),
(115, 1, 'slPSxgooglesitekit_transient_timeout_googlesitekit_user_input_settings', '1614903589'),
(116, 1, 'slPSxgooglesitekit_transient_googlesitekit_user_input_settings', 'a:2:{s:13:\"postFrequency\";a:3:{s:10:\"answeredBy\";s:1:\"0\";s:5:\"scope\";s:4:\"user\";s:6:\"values\";a:0:{}}s:4:\"role\";a:3:{s:10:\"answeredBy\";s:1:\"0\";s:5:\"scope\";s:4:\"user\";s:6:\"values\";a:0:{}}}'),
(117, 1, 'slPSxgooglesitekit_user_input_state', 'missing'),
(120, 1, 'wfls-last-login', '1629383141'),
(130, 4, 'wfls-last-login', '1629383123'),
(141, 6, 'nickname', 'morganrideshorses@gmail.com'),
(142, 6, 'first_name', 'Riding'),
(143, 6, 'last_name', 'Client'),
(144, 6, 'description', ''),
(145, 6, 'rich_editing', 'true'),
(146, 6, 'syntax_highlighting', 'true'),
(147, 6, 'comment_shortcuts', 'false'),
(148, 6, 'admin_color', 'fresh'),
(149, 6, 'use_ssl', '0'),
(150, 6, 'show_admin_bar_front', 'true'),
(151, 6, 'locale', ''),
(152, 6, 'slPSxcapabilities', 'a:1:{s:17:\"wpamelia-customer\";b:1;}'),
(153, 6, 'slPSxuser_level', '0'),
(154, 6, 'dismissed_wp_pointers', ''),
(161, 6, 'default_password_nag', ''),
(164, 6, 'wfls-last-login', '1617673037'),
(168, 5, 'wfls-last-login', '1616172553'),
(175, 5, 'session_tokens', 'a:1:{s:64:\"b3d474a928ad4bf6dcec22742431c9d027e83ff6f9b8bc9d1b346c3e1c79efe1\";a:4:{s:10:\"expiration\";i:1617382153;s:2:\"ip\";s:12:\"12.221.144.6\";s:2:\"ua\";s:82:\"Mozilla/5.0 (Macintosh; Intel Mac OS X 10.14; rv:86.0) Gecko/20100101 Firefox/86.0\";s:5:\"login\";i:1616172553;}}'),
(179, 1, 'wpo-ignores-table-delete-warning', '1'),
(180, 1, 'slPSxyoast_notifications', 'a:2:{i:0;a:2:{s:7:\"message\";s:336:\"<p>We see that you enabled automatic updates for WordPress. We recommend that you do this for Yoast SEO as well. This way we can guarantee that WordPress and Yoast SEO will continue to run smoothly together. <a href=\"https://dupontderby.com/wp-admin/plugins.php\">Go to your plugins overview to enable auto-updates for Yoast SEO.</a></p>\";s:7:\"options\";a:10:{s:4:\"type\";s:7:\"warning\";s:2:\"id\";s:17:\"wpseo-auto-update\";s:4:\"user\";O:7:\"WP_User\":8:{s:4:\"data\";O:8:\"stdClass\":10:{s:2:\"ID\";s:1:\"1\";s:10:\"user_login\";s:15:\"genxrider-cheri\";s:9:\"user_pass\";s:34:\"$P$BlsioUQN4Bn1CCo5EA1SkiT1AKUreT/\";s:13:\"user_nicename\";s:15:\"genxrider-cheri\";s:10:\"user_email\";s:23:\"morgan@digitalepona.com\";s:8:\"user_url\";s:22:\"http://dupontderby.com\";s:15:\"user_registered\";s:19:\"2021-02-07 16:05:52\";s:19:\"user_activation_key\";s:0:\"\";s:11:\"user_status\";s:1:\"0\";s:12:\"display_name\";s:6:\"Morgan\";}s:2:\"ID\";i:1;s:4:\"caps\";a:1:{s:13:\"administrator\";b:1;}s:7:\"cap_key\";s:17:\"slPSxcapabilities\";s:5:\"roles\";a:1:{i:0;s:13:\"administrator\";}s:7:\"allcaps\";a:130:{s:13:\"switch_themes\";b:1;s:11:\"edit_themes\";b:1;s:16:\"activate_plugins\";b:1;s:12:\"edit_plugins\";b:1;s:10:\"edit_users\";b:1;s:10:\"edit_files\";b:1;s:14:\"manage_options\";b:1;s:17:\"moderate_comments\";b:1;s:17:\"manage_categories\";b:1;s:12:\"manage_links\";b:1;s:12:\"upload_files\";b:1;s:6:\"import\";b:1;s:15:\"unfiltered_html\";b:1;s:10:\"edit_posts\";b:1;s:17:\"edit_others_posts\";b:1;s:20:\"edit_published_posts\";b:1;s:13:\"publish_posts\";b:1;s:10:\"edit_pages\";b:1;s:4:\"read\";b:1;s:8:\"level_10\";b:1;s:7:\"level_9\";b:1;s:7:\"level_8\";b:1;s:7:\"level_7\";b:1;s:7:\"level_6\";b:1;s:7:\"level_5\";b:1;s:7:\"level_4\";b:1;s:7:\"level_3\";b:1;s:7:\"level_2\";b:1;s:7:\"level_1\";b:1;s:7:\"level_0\";b:1;s:17:\"edit_others_pages\";b:1;s:20:\"edit_published_pages\";b:1;s:13:\"publish_pages\";b:1;s:12:\"delete_pages\";b:1;s:19:\"delete_others_pages\";b:1;s:22:\"delete_published_pages\";b:1;s:12:\"delete_posts\";b:1;s:19:\"delete_others_posts\";b:1;s:22:\"delete_published_posts\";b:1;s:20:\"delete_private_posts\";b:1;s:18:\"edit_private_posts\";b:1;s:18:\"read_private_posts\";b:1;s:20:\"delete_private_pages\";b:1;s:18:\"edit_private_pages\";b:1;s:18:\"read_private_pages\";b:1;s:12:\"delete_users\";b:1;s:12:\"create_users\";b:1;s:17:\"unfiltered_upload\";b:1;s:14:\"edit_dashboard\";b:1;s:14:\"update_plugins\";b:1;s:14:\"delete_plugins\";b:1;s:15:\"install_plugins\";b:1;s:13:\"update_themes\";b:1;s:14:\"install_themes\";b:1;s:11:\"update_core\";b:1;s:10:\"list_users\";b:1;s:12:\"remove_users\";b:1;s:13:\"promote_users\";b:1;s:18:\"edit_theme_options\";b:1;s:13:\"delete_themes\";b:1;s:6:\"export\";b:1;s:16:\"amelia_read_menu\";b:1;s:21:\"amelia_read_dashboard\";b:1;s:20:\"amelia_read_calendar\";b:1;s:24:\"amelia_read_appointments\";b:1;s:18:\"amelia_read_events\";b:1;s:21:\"amelia_read_employees\";b:1;s:20:\"amelia_read_services\";b:1;s:20:\"amelia_read_packages\";b:1;s:21:\"amelia_read_locations\";b:1;s:19:\"amelia_read_coupons\";b:1;s:21:\"amelia_read_customers\";b:1;s:19:\"amelia_read_finance\";b:1;s:25:\"amelia_read_notifications\";b:1;s:21:\"amelia_read_customize\";b:1;s:25:\"amelia_read_custom_fields\";b:1;s:20:\"amelia_read_settings\";b:1;s:27:\"amelia_read_others_settings\";b:1;s:27:\"amelia_read_others_calendar\";b:1;s:31:\"amelia_read_others_appointments\";b:1;s:28:\"amelia_read_others_employees\";b:1;s:28:\"amelia_read_others_customers\";b:1;s:22:\"amelia_write_dashboard\";b:1;s:21:\"amelia_write_calendar\";b:1;s:25:\"amelia_write_appointments\";b:1;s:19:\"amelia_write_events\";b:1;s:22:\"amelia_write_employees\";b:1;s:21:\"amelia_write_services\";b:1;s:21:\"amelia_write_packages\";b:1;s:22:\"amelia_write_locations\";b:1;s:20:\"amelia_write_coupons\";b:1;s:22:\"amelia_write_customers\";b:1;s:20:\"amelia_write_finance\";b:1;s:26:\"amelia_write_notifications\";b:1;s:22:\"amelia_write_customize\";b:1;s:26:\"amelia_write_custom_fields\";b:1;s:21:\"amelia_write_settings\";b:1;s:19:\"amelia_write_status\";b:1;s:28:\"amelia_write_others_settings\";b:1;s:28:\"amelia_write_others_calendar\";b:1;s:32:\"amelia_write_others_appointments\";b:1;s:29:\"amelia_write_others_employees\";b:1;s:26:\"amelia_write_others_events\";b:1;s:27:\"amelia_write_others_finance\";b:1;s:29:\"amelia_write_others_dashboard\";b:1;s:23:\"amelia_delete_dashboard\";b:1;s:22:\"amelia_delete_calendar\";b:1;s:26:\"amelia_delete_appointments\";b:1;s:20:\"amelia_delete_events\";b:1;s:23:\"amelia_delete_employees\";b:1;s:22:\"amelia_delete_services\";b:1;s:22:\"amelia_delete_packages\";b:1;s:23:\"amelia_delete_locations\";b:1;s:21:\"amelia_delete_coupons\";b:1;s:23:\"amelia_delete_customers\";b:1;s:21:\"amelia_delete_finance\";b:1;s:27:\"amelia_delete_notifications\";b:1;s:23:\"amelia_delete_customize\";b:1;s:27:\"amelia_delete_custom_fields\";b:1;s:22:\"amelia_delete_settings\";b:1;s:32:\"amelia_write_status_appointments\";b:1;s:26:\"amelia_write_status_events\";b:1;s:30:\"amelia_write_time_appointments\";b:1;s:23:\"wf2fa_activate_2fa_self\";b:1;s:25:\"wf2fa_activate_2fa_others\";b:1;s:21:\"wf2fa_manage_settings\";b:1;s:19:\"wpo_manage_settings\";b:1;s:21:\"wpo_run_optimizations\";b:1;s:20:\"wpseo_manage_options\";b:1;s:13:\"administrator\";b:1;}s:6:\"filter\";N;s:16:\"\0WP_User\0site_id\";i:1;}s:5:\"nonce\";N;s:8:\"priority\";d:0.8;s:9:\"data_json\";a:0:{}s:13:\"dismissal_key\";N;s:12:\"capabilities\";s:20:\"wpseo_manage_options\";s:16:\"capability_check\";s:3:\"all\";s:14:\"yoast_branding\";b:0;}}i:1;a:2:{s:7:\"message\";s:294:\"<p>Because of a change in your home URL setting, some of your SEO data needs to be reprocessed.</p><p>We estimate this will take less than a minute.</p><a class=\"button\" href=\"https://www.dupontderby.com/wp-admin/admin.php?page=wpseo_tools&start-indexation=true\">Start SEO data optimization</a>\";s:7:\"options\";a:10:{s:4:\"type\";s:7:\"warning\";s:2:\"id\";s:13:\"wpseo-reindex\";s:4:\"user\";O:7:\"WP_User\":8:{s:4:\"data\";O:8:\"stdClass\":10:{s:2:\"ID\";s:1:\"1\";s:10:\"user_login\";s:15:\"genxrider-cheri\";s:9:\"user_pass\";s:34:\"$P$BlsioUQN4Bn1CCo5EA1SkiT1AKUreT/\";s:13:\"user_nicename\";s:15:\"genxrider-cheri\";s:10:\"user_email\";s:23:\"morgan@digitalepona.com\";s:8:\"user_url\";s:22:\"http://dupontderby.com\";s:15:\"user_registered\";s:19:\"2021-02-07 16:05:52\";s:19:\"user_activation_key\";s:0:\"\";s:11:\"user_status\";s:1:\"0\";s:12:\"display_name\";s:6:\"Morgan\";}s:2:\"ID\";i:1;s:4:\"caps\";a:1:{s:13:\"administrator\";b:1;}s:7:\"cap_key\";s:17:\"slPSxcapabilities\";s:5:\"roles\";a:1:{i:0;s:13:\"administrator\";}s:7:\"allcaps\";a:130:{s:13:\"switch_themes\";b:1;s:11:\"edit_themes\";b:1;s:16:\"activate_plugins\";b:1;s:12:\"edit_plugins\";b:1;s:10:\"edit_users\";b:1;s:10:\"edit_files\";b:1;s:14:\"manage_options\";b:1;s:17:\"moderate_comments\";b:1;s:17:\"manage_categories\";b:1;s:12:\"manage_links\";b:1;s:12:\"upload_files\";b:1;s:6:\"import\";b:1;s:15:\"unfiltered_html\";b:1;s:10:\"edit_posts\";b:1;s:17:\"edit_others_posts\";b:1;s:20:\"edit_published_posts\";b:1;s:13:\"publish_posts\";b:1;s:10:\"edit_pages\";b:1;s:4:\"read\";b:1;s:8:\"level_10\";b:1;s:7:\"level_9\";b:1;s:7:\"level_8\";b:1;s:7:\"level_7\";b:1;s:7:\"level_6\";b:1;s:7:\"level_5\";b:1;s:7:\"level_4\";b:1;s:7:\"level_3\";b:1;s:7:\"level_2\";b:1;s:7:\"level_1\";b:1;s:7:\"level_0\";b:1;s:17:\"edit_others_pages\";b:1;s:20:\"edit_published_pages\";b:1;s:13:\"publish_pages\";b:1;s:12:\"delete_pages\";b:1;s:19:\"delete_others_pages\";b:1;s:22:\"delete_published_pages\";b:1;s:12:\"delete_posts\";b:1;s:19:\"delete_others_posts\";b:1;s:22:\"delete_published_posts\";b:1;s:20:\"delete_private_posts\";b:1;s:18:\"edit_private_posts\";b:1;s:18:\"read_private_posts\";b:1;s:20:\"delete_private_pages\";b:1;s:18:\"edit_private_pages\";b:1;s:18:\"read_private_pages\";b:1;s:12:\"delete_users\";b:1;s:12:\"create_users\";b:1;s:17:\"unfiltered_upload\";b:1;s:14:\"edit_dashboard\";b:1;s:14:\"update_plugins\";b:1;s:14:\"delete_plugins\";b:1;s:15:\"install_plugins\";b:1;s:13:\"update_themes\";b:1;s:14:\"install_themes\";b:1;s:11:\"update_core\";b:1;s:10:\"list_users\";b:1;s:12:\"remove_users\";b:1;s:13:\"promote_users\";b:1;s:18:\"edit_theme_options\";b:1;s:13:\"delete_themes\";b:1;s:6:\"export\";b:1;s:16:\"amelia_read_menu\";b:1;s:21:\"amelia_read_dashboard\";b:1;s:20:\"amelia_read_calendar\";b:1;s:24:\"amelia_read_appointments\";b:1;s:18:\"amelia_read_events\";b:1;s:21:\"amelia_read_employees\";b:1;s:20:\"amelia_read_services\";b:1;s:20:\"amelia_read_packages\";b:1;s:21:\"amelia_read_locations\";b:1;s:19:\"amelia_read_coupons\";b:1;s:21:\"amelia_read_customers\";b:1;s:19:\"amelia_read_finance\";b:1;s:25:\"amelia_read_notifications\";b:1;s:21:\"amelia_read_customize\";b:1;s:25:\"amelia_read_custom_fields\";b:1;s:20:\"amelia_read_settings\";b:1;s:27:\"amelia_read_others_settings\";b:1;s:27:\"amelia_read_others_calendar\";b:1;s:31:\"amelia_read_others_appointments\";b:1;s:28:\"amelia_read_others_employees\";b:1;s:28:\"amelia_read_others_customers\";b:1;s:22:\"amelia_write_dashboard\";b:1;s:21:\"amelia_write_calendar\";b:1;s:25:\"amelia_write_appointments\";b:1;s:19:\"amelia_write_events\";b:1;s:22:\"amelia_write_employees\";b:1;s:21:\"amelia_write_services\";b:1;s:21:\"amelia_write_packages\";b:1;s:22:\"amelia_write_locations\";b:1;s:20:\"amelia_write_coupons\";b:1;s:22:\"amelia_write_customers\";b:1;s:20:\"amelia_write_finance\";b:1;s:26:\"amelia_write_notifications\";b:1;s:22:\"amelia_write_customize\";b:1;s:26:\"amelia_write_custom_fields\";b:1;s:21:\"amelia_write_settings\";b:1;s:19:\"amelia_write_status\";b:1;s:28:\"amelia_write_others_settings\";b:1;s:28:\"amelia_write_others_calendar\";b:1;s:32:\"amelia_write_others_appointments\";b:1;s:29:\"amelia_write_others_employees\";b:1;s:26:\"amelia_write_others_events\";b:1;s:27:\"amelia_write_others_finance\";b:1;s:29:\"amelia_write_others_dashboard\";b:1;s:23:\"amelia_delete_dashboard\";b:1;s:22:\"amelia_delete_calendar\";b:1;s:26:\"amelia_delete_appointments\";b:1;s:20:\"amelia_delete_events\";b:1;s:23:\"amelia_delete_employees\";b:1;s:22:\"amelia_delete_services\";b:1;s:22:\"amelia_delete_packages\";b:1;s:23:\"amelia_delete_locations\";b:1;s:21:\"amelia_delete_coupons\";b:1;s:23:\"amelia_delete_customers\";b:1;s:21:\"amelia_delete_finance\";b:1;s:27:\"amelia_delete_notifications\";b:1;s:23:\"amelia_delete_customize\";b:1;s:27:\"amelia_delete_custom_fields\";b:1;s:22:\"amelia_delete_settings\";b:1;s:32:\"amelia_write_status_appointments\";b:1;s:26:\"amelia_write_status_events\";b:1;s:30:\"amelia_write_time_appointments\";b:1;s:23:\"wf2fa_activate_2fa_self\";b:1;s:25:\"wf2fa_activate_2fa_others\";b:1;s:21:\"wf2fa_manage_settings\";b:1;s:19:\"wpo_manage_settings\";b:1;s:21:\"wpo_run_optimizations\";b:1;s:20:\"wpseo_manage_options\";b:1;s:13:\"administrator\";b:1;}s:6:\"filter\";N;s:16:\"\0WP_User\0site_id\";i:1;}s:5:\"nonce\";N;s:8:\"priority\";d:0.8;s:9:\"data_json\";a:0:{}s:13:\"dismissal_key\";N;s:12:\"capabilities\";s:20:\"wpseo_manage_options\";s:16:\"capability_check\";s:3:\"all\";s:14:\"yoast_branding\";b:0;}}}'),
(182, 1, '_yoast_wpseo_profile_updated', '1617674131');

-- --------------------------------------------------------

--
-- Table structure for table `slPSxusers`
--

CREATE TABLE `slPSxusers` (
  `ID` bigint(20) UNSIGNED NOT NULL,
  `user_login` varchar(60) COLLATE utf8mb4_unicode_520_ci NOT NULL DEFAULT '',
  `user_pass` varchar(255) COLLATE utf8mb4_unicode_520_ci NOT NULL DEFAULT '',
  `user_nicename` varchar(50) COLLATE utf8mb4_unicode_520_ci NOT NULL DEFAULT '',
  `user_email` varchar(100) COLLATE utf8mb4_unicode_520_ci NOT NULL DEFAULT '',
  `user_url` varchar(100) COLLATE utf8mb4_unicode_520_ci NOT NULL DEFAULT '',
  `user_registered` datetime NOT NULL DEFAULT '0000-00-00 00:00:00',
  `user_activation_key` varchar(255) COLLATE utf8mb4_unicode_520_ci NOT NULL DEFAULT '',
  `user_status` int(11) NOT NULL DEFAULT '0',
  `display_name` varchar(250) COLLATE utf8mb4_unicode_520_ci NOT NULL DEFAULT ''
) ENGINE=InnoDB DEFAULT CHARSET=utf8mb4 COLLATE=utf8mb4_unicode_520_ci;

--
-- Dumping data for table `slPSxusers`
--

INSERT INTO `slPSxusers` (`ID`, `user_login`, `user_pass`, `user_nicename`, `user_email`, `user_url`, `user_registered`, `user_activation_key`, `user_status`, `display_name`) VALUES
(1, 'genxrider-cheri', '$P$BlsioUQN4Bn1CCo5EA1SkiT1AKUreT/', 'genxrider-cheri', 'morgan@digitalepona.com', 'http://dupontderby.com', '2021-02-07 16:05:52', '', 0, 'Morgan'),
(2, 'ninjafixer', '$P$BsMiptCzGzLU6lXcvRClzRLuOrsr221', 'ninjafixer', 'noreply@ninjaforms.com', '', '2021-02-09 12:45:03', '', 0, 'Ninja Fixer'),
(3, 'seedprod_bypass_user_iloverocky', '$P$BRifBbH.nblJ0p24QDV1V5iMUfwVVr.', 'seedprod_bypass_user_iloverocky', '', '', '2021-02-15 02:11:36', '', 0, 'seedprod_bypass_user_iloverocky'),
(4, 'morgan@dupontderby.com', '$P$B81pxgX/G2NPG0sCQOwK2tAsqT7oJl/', 'morgandupontderby-com', 'morgan@dupontderby.com', '', '2021-02-23 01:26:02', '', 0, 'morgan@dupontderby.com'),
(5, 'dupontderbylessons@gmail.com', '$P$BuJstLXVBCQVA4MsPvb5vUMd3mNuQS/', 'dupontderbylessonsgmail-com', 'dupontderbylessons@gmail.com', 'http://www.dupontderby.com', '2021-02-26 00:06:39', '', 0, 'dupontderbylessons@gmail.com'),
(6, 'morganrideshorses@gmail.com', '$P$Bpg2jcZbOw3azrLRyam2hy0KcMn5i7.', 'morganrideshorsesgmail-com', 'morganrideshorses@gmail.com', '', '2021-03-15 22:57:26', '', 0, 'morganrideshorses@gmail.com');

-- --------------------------------------------------------

--
-- Table structure for table `slPSxwfblockediplog`
--

CREATE TABLE `slPSxwfblockediplog` (
  `IP` binary(16) NOT NULL DEFAULT '\0\0\0\0\0\0\0\0\0\0\0\0\0\0\0\0',
  `countryCode` varchar(2) NOT NULL,
  `blockCount` int(10) UNSIGNED NOT NULL DEFAULT '0',
  `unixday` int(10) UNSIGNED NOT NULL,
  `blockType` varchar(50) NOT NULL DEFAULT 'generic'
) ENGINE=InnoDB DEFAULT CHARSET=utf8;

--
-- Dumping data for table `slPSxwfblockediplog`
--

INSERT INTO `slPSxwfblockediplog` (`IP`, `countryCode`, `blockCount`, `unixday`, `blockType`) VALUES
(0x00000000000000000000ffff05bc3e8c, 'RU', 1, 18877, 'brute'),
(0x00000000000000000000ffff05bc3e8c, 'RU', 1, 18899, 'brute'),
(0x00000000000000000000ffff05bc3ed6, 'RU', 2, 18901, 'brute'),
(0x00000000000000000000ffff128e9f2e, 'SG', 10, 18886, 'waf'),
(0x00000000000000000000ffff144f382a, 'DE', 1, 18884, 'brute'),
(0x00000000000000000000ffff23e1494b, 'US', 2, 18887, 'brute'),
(0x00000000000000000000ffff2578cb49, 'NO', 1, 18890, 'brute'),
(0x00000000000000000000ffff28416384, 'US', 1, 18895, 'brute'),
(0x00000000000000000000ffff2d87bb2b, 'SE', 1, 18891, 'brute'),
(0x00000000000000000000ffff2d87bb2b, 'SE', 2, 18892, 'brute'),
(0x00000000000000000000ffff2d87bb2b, 'SE', 1, 18893, 'brute'),
(0x00000000000000000000ffff2d87bb39, 'SE', 1, 18885, 'brute'),
(0x00000000000000000000ffff2d87bb39, 'SE', 3, 18886, 'brute'),
(0x00000000000000000000ffff2d87bb5e, 'SE', 1, 18879, 'brute'),
(0x00000000000000000000ffff2d87bb5e, 'SE', 2, 18880, 'brute'),
(0x00000000000000000000ffff2d87bb5e, 'SE', 2, 18881, 'brute'),
(0x00000000000000000000ffff2d87bb5e, 'SE', 2, 18882, 'brute'),
(0x00000000000000000000ffff2d87bb5e, 'SE', 1, 18883, 'brute'),
(0x00000000000000000000ffff2d87bb98, 'SE', 2, 18871, 'brute'),
(0x00000000000000000000ffff2d87bb98, 'SE', 2, 18873, 'brute'),
(0x00000000000000000000ffff2d87bb98, 'SE', 1, 18874, 'brute'),
(0x00000000000000000000ffff44b7bb54, 'SG', 1, 18872, 'brute'),
(0x00000000000000000000ffff6b963cee, 'US', 4, 18892, 'brute'),
(0x00000000000000000000ffff9df597af, 'SG', 1, 18880, 'brute'),
(0x00000000000000000000ffff9df59e47, 'SG', 1, 18896, 'brute'),
(0x00000000000000000000ffffa516bcb3, 'US', 1, 18880, 'brute'),
(0x00000000000000000000ffffa5e35ede, 'US', 1, 18893, 'brute'),
(0x00000000000000000000ffffa7ac4008, 'SG', 1, 18881, 'brute'),
(0x00000000000000000000ffffc6cceafa, 'US', 2, 18886, 'brute'),
(0x00000000000000000000ffffccbb64c7, 'CA', 1, 18872, 'brute');

-- --------------------------------------------------------

--
-- Table structure for table `slPSxwfblocks7`
--

CREATE TABLE `slPSxwfblocks7` (
  `id` bigint(20) UNSIGNED NOT NULL,
  `type` int(10) UNSIGNED NOT NULL DEFAULT '0',
  `IP` binary(16) NOT NULL DEFAULT '\0\0\0\0\0\0\0\0\0\0\0\0\0\0\0\0',
  `blockedTime` bigint(20) NOT NULL,
  `reason` varchar(255) NOT NULL,
  `lastAttempt` int(10) UNSIGNED DEFAULT '0',
  `blockedHits` int(10) UNSIGNED DEFAULT '0',
  `expiration` bigint(20) UNSIGNED NOT NULL DEFAULT '0',
  `parameters` text
) ENGINE=InnoDB DEFAULT CHARSET=utf8;

--
-- Dumping data for table `slPSxwfblocks7`
--

INSERT INTO `slPSxwfblocks7` (`id`, `type`, `IP`, `blockedTime`, `reason`, `lastAttempt`, `blockedHits`, `expiration`, `parameters`) VALUES
(213, 7, 0x00000000000000000000ffffc6cceafd, 1628881091, 'Exceeded the maximum number of login failures which is: 3. The last username they tried to sign in with was: \'dupontderby\'', 1628881135, 2, 1634065091, NULL),
(214, 7, 0x00000000000000000000ffffae8a1d65, 1628894228, 'Exceeded the maximum number of login failures which is: 3. The last username they tried to sign in with was: \'admin\'', 1628894228, 1, 1634078228, NULL),
(220, 7, 0x00000000000000000000ffffccbb64c7, 1630590066, 'Exceeded the maximum number of login failures which is: 3. The last username they tried to sign in with was: \'mondo\'', 1630590067, 2, 1635774066, NULL),
(240, 7, 0x00000000000000000000ffffc6cceafa, 1631795116, 'Exceeded the maximum number of login failures which is: 3. The last username they tried to sign in with was: \'dupontderby\'', 1631795196, 3, 1636979116, NULL),
(253, 2, 0x00000000000000000000ffff05bc3ed6, 1633110434, 'Blocked by Wordfence Security Network', 1633110434, 1, 1633111034, NULL),
(254, 2, 0x00000000000000000000ffff05bc3ed6, 1633112627, 'Blocked by Wordfence Security Network', 1633112627, 1, 1633113227, NULL);

-- --------------------------------------------------------

--
-- Table structure for table `slPSxwfconfig`
--

CREATE TABLE `slPSxwfconfig` (
  `name` varchar(100) NOT NULL,
  `val` longblob,
  `autoload` enum('no','yes') NOT NULL DEFAULT 'yes'
) ENGINE=InnoDB DEFAULT CHARSET=utf8;

--
-- Dumping data for table `slPSxwfconfig`
--

INSERT INTO `slPSxwfconfig` (`name`, `val`, `autoload`) VALUES
('activatingIP', 0x323630313a63303a633837663a633461313a376461393a363439613a383361353a31623030, 'yes'),
('actUpdateInterval', 0x32, 'yes'),
('addCacheComment', 0x30, 'yes'),
('adminNoticeQueue', 0x613a303a7b7d, 'yes'),
('adminUserList', 0x613a313a7b693a313b693a313b7d, 'yes'),
('advancedCommentScanning', 0x31, 'yes'),
('ajaxWatcherDisabled_admin', 0x30, 'yes'),
('ajaxWatcherDisabled_front', 0x30, 'yes'),
('alertEmails', 0x7265706f727473406469676974616c65706f6e612e636f6d, 'yes'),
('alertOn_adminLogin', 0x31, 'yes'),
('alertOn_block', 0x31, 'yes'),
('alertOn_breachLogin', 0x31, 'yes'),
('alertOn_firstAdminLoginOnly', 0x30, 'yes'),
('alertOn_firstNonAdminLoginOnly', 0x30, 'yes'),
('alertOn_loginLockout', 0x31, 'yes'),
('alertOn_lostPasswdForm', 0x31, 'yes'),
('alertOn_nonAdminLogin', 0x30, 'yes'),
('alertOn_scanIssues', 0x31, 'yes'),
('alertOn_severityLevel', 0x3235, 'yes'),
('alertOn_throttle', 0x30, 'yes'),
('alertOn_update', 0x30, 'yes'),
('alertOn_wafDeactivated', 0x31, 'yes'),
('alertOn_wordfenceDeactivated', 0x31, 'yes'),
('alert_maxHourly', 0x30, 'yes'),
('allowed404s', 0x2f66617669636f6e2e69636f0a2f6170706c652d746f7563682d69636f6e2a2e706e670a2f2a4032782e706e670a2f62726f77736572636f6e6669672e786d6c, 'yes'),
('allowed404s6116Migration', 0x31, 'yes'),
('allowHTTPSCaching', 0x30, 'yes'),
('allowLegacy2FA', 0x30, 'yes'),
('allowMySQLi', 0x31, 'yes'),
('allScansScheduled', 0x613a323a7b693a303b613a323a7b733a393a2274696d657374616d70223b693a313633333336353030303b733a343a2261726773223b613a313a7b693a303b693a313633333336353030303b7d7d693a313b613a323a7b733a393a2274696d657374616d70223b693a313633333632343230303b733a343a2261726773223b613a313a7b693a303b693a313633333632343230303b7d7d7d, 'yes'),
('apiKey', 0x30313330666437616432653131613465353435313761303266343666363238333335633035653265633065326431666430366662346337643364646637333431356131613439366535656362306237363538646430316531366633316664633430323532303131643436333533656330653865356533386333656430623230366234393865633661306638313266303536373831353637313739396137663865, 'yes'),
('autoBlockScanners', 0x31, 'yes'),
('autoUpdate', 0x30, 'yes'),
('autoUpdateAttempts', 0x30, 'yes'),
('autoUpdateChoice', 0x31, 'yes'),
('bannedURLs', '', 'yes'),
('betaThreatDefenseFeed', 0x30, 'yes'),
('blockCustomText', '', 'yes'),
('blockedTime', 0x333030, 'yes'),
('blocks702Migration', 0x31, 'yes'),
('cacheType', 0x64697361626c6564, 'yes'),
('cbl_action', 0x626c6f636b, 'yes'),
('cbl_bypassRedirDest', '', 'yes'),
('cbl_bypassRedirURL', '', 'yes'),
('cbl_bypassViewURL', '', 'yes'),
('cbl_cookieVal', 0x36303338343038643232303065, 'yes'),
('cbl_loggedInBlocked', '', 'yes'),
('cbl_redirURL', '', 'yes'),
('cbl_restOfSiteBlocked', 0x31, 'yes'),
('checkSpamIP', 0x31, 'yes'),
('config701Migration', 0x31, 'yes'),
('config720Migration', 0x31, 'yes'),
('configWritingTest', 0x3536643566613163646436376239303835333534663262386635653335313761, 'no'),
('configWritingTest_ser', 0x613a313a7b693a303b733a33323a223536643566613163646436376239303835333534663262386635653335313761223b7d, 'no');
INSERT INTO `slPSxwfconfig` (`name`, `val`, `autoload`) VALUES
('coreHashes', 0x[encoded data, 273210 characters], 'no');
